Results for 4.2.020070223(prerelease) testsuite on x86_64-unknown-linux-gnu [r122271]

Laurent GUERBY laurent@guerby.net
Sat Feb 24 09:53:00 GMT 2007


LAST_UPDATED: Fri Feb 23 21:24:00 UTC 2007 (revision 122271)

		=== acats tests ===
FAIL:	c35507m
FAIL:	cd2a23e
FAIL:	cxh1001

		=== acats Summary ===
# of expected passes		2312
# of unexpected failures	3
Native configuration is x86_64-unknown-linux-gnu

		=== gcc tests ===


Running target unix
FAIL: gcc.c-torture/execute/mayalias-2.c compilation,  -O3 -g  (internal compiler error)
UNRESOLVED: gcc.c-torture/execute/mayalias-2.c execution,  -O3 -g 
UNRESOLVED: gcc.dg/torture/fp-int-convert-float128-timode.c  -O0  compilation failed to produce executable
UNRESOLVED: gcc.dg/torture/fp-int-convert-float128-timode.c  -O1  compilation failed to produce executable
UNRESOLVED: gcc.dg/torture/fp-int-convert-float128-timode.c  -O2  compilation failed to produce executable
UNRESOLVED: gcc.dg/torture/fp-int-convert-float128-timode.c  -O3 -fomit-frame-pointer  compilation failed to produce executable
UNRESOLVED: gcc.dg/torture/fp-int-convert-float128-timode.c  -O3 -g  compilation failed to produce executable
UNRESOLVED: gcc.dg/torture/fp-int-convert-float128-timode.c  -Os  compilation failed to produce executable
UNRESOLVED: gcc.dg/torture/fp-int-convert-float128.c  -O0  compilation failed to produce executable
UNRESOLVED: gcc.dg/torture/fp-int-convert-float128.c  -O1  compilation failed to produce executable
UNRESOLVED: gcc.dg/torture/fp-int-convert-float128.c  -O2  compilation failed to produce executable
UNRESOLVED: gcc.dg/torture/fp-int-convert-float128.c  -O3 -fomit-frame-pointer  compilation failed to produce executable
UNRESOLVED: gcc.dg/torture/fp-int-convert-float128.c  -O3 -g  compilation failed to produce executable
UNRESOLVED: gcc.dg/torture/fp-int-convert-float128.c  -Os  compilation failed to produce executable
FAIL: gcc.dg/tree-ssa/loadpre1.c scan-tree-dump-times Eliminated: 1 1
FAIL: gcc.dg/tree-ssa/loadpre14.c scan-tree-dump-times Eliminated: 1 1
FAIL: gcc.dg/tree-ssa/loadpre15.c scan-tree-dump-times Eliminated: 1 1
FAIL: gcc.target/i386/sse3-movddup.c (internal compiler error)
FAIL: gcc.target/i386/sse3-movddup.c (test for excess errors)
UNRESOLVED: gcc.target/i386/sse3-movddup.c compilation failed to produce executable
FAIL: gcc.target/i386/vectorize1.c (internal compiler error)
FAIL: gcc.target/i386/vectorize1.c (test for excess errors)

		=== gcc Summary ===

# of expected passes		41620
# of unexpected failures	8
# of expected failures		123
# of unresolved testcases	14
# of untested testcases		28
# of unsupported tests		399
/home/guerby/work/gcc/build/build-4.2-20070223T222444/gcc/xgcc  version 4.2.0 20070223 (prerelease)

		=== gfortran tests ===


Running target unix
XPASS: gfortran.dg/csqrt_2.f  -O0  execution test
XPASS: gfortran.dg/csqrt_2.f  -O1  execution test
XPASS: gfortran.dg/csqrt_2.f  -O2  execution test
XPASS: gfortran.dg/csqrt_2.f  -O3 -fomit-frame-pointer  execution test
XPASS: gfortran.dg/csqrt_2.f  -O3 -fomit-frame-pointer -funroll-loops  execution test
XPASS: gfortran.dg/csqrt_2.f  -O3 -fomit-frame-pointer -funroll-all-loops -finline-functions  execution test
XPASS: gfortran.dg/csqrt_2.f  -O3 -g  execution test
XPASS: gfortran.dg/csqrt_2.f  -Os  execution test

		=== gfortran Summary ===

# of expected passes		15823
# of unexpected successes	8
# of expected failures		7
# of unsupported tests		17
/home/guerby/work/gcc/build/build-4.2-20070223T222444/gcc/testsuite/gfortran/../../gfortran  version 4.2.0 20070223 (prerelease)

		=== g++ tests ===


Running target unix
XPASS: g++.dg/tree-ssa/ivopts-1.C scan-tree-dump-not offset: -4B
XPASS: g++.dg/tree-ssa/ivopts-1.C scan-tree-dump-not &x\\[5\\]

		=== g++ Summary ===

# of expected passes		13277
# of unexpected successes	2
# of expected failures		67
# of unsupported tests		103
/home/guerby/work/gcc/build/build-4.2-20070223T222444/gcc/testsuite/g++/../../g++  version 4.2.0 20070223 (prerelease)

		=== gnat tests ===


Running target unix
FAIL: gnat.dg/frame_overflow.adb  (test for errors, line 12)
FAIL: gnat.dg/frame_overflow.adb  (test for errors, line 21)

		=== gnat Summary ===

# of expected passes		40
# of unexpected failures	2
		=== obj-c++ tests ===


Running target unix
FAIL: obj-c++.dg/bitfield-1.mm (test for excess errors)
FAIL: obj-c++.dg/bitfield-4.mm (test for excess errors)
FAIL: obj-c++.dg/comp-types-10.mm (internal compiler error)
FAIL: obj-c++.dg/comp-types-10.mm (test for excess errors)
FAIL: obj-c++.dg/cxx-ivars-2.mm execution test
FAIL: obj-c++.dg/encode-8.mm execution test
FAIL: obj-c++.dg/isa-field-1.mm (test for excess errors)
FAIL: obj-c++.dg/layout-1.mm (test for excess errors)
FAIL: obj-c++.dg/lookup-2.mm (test for excess errors)
UNRESOLVED: obj-c++.dg/lookup-2.mm compilation failed to produce executable
FAIL: obj-c++.dg/try-catch-2.mm (test for excess errors)
UNRESOLVED: obj-c++.dg/try-catch-2.mm compilation failed to produce executable
FAIL: obj-c++.dg/try-catch-9.mm (internal compiler error)
FAIL: obj-c++.dg/try-catch-9.mm (test for excess errors)
UNRESOLVED: obj-c++.dg/try-catch-9.mm compilation failed to produce executable

		=== obj-c++ Summary ===

# of expected passes		425
# of unexpected failures	12
# of unresolved testcases	3
# of unsupported tests		13
/home/guerby/work/gcc/build/build-4.2-20070223T222444/gcc/testsuite/obj-c++/../../g++  version 4.2.0 20070223 (prerelease)

		=== objc tests ===


Running target unix

		=== objc Summary ===

# of expected passes		1790
# of expected failures		7
# of unsupported tests		24
/home/guerby/work/gcc/build/build-4.2-20070223T222444/gcc/xgcc  version 4.2.0 20070223 (prerelease)


Compiler version: 4.2.020070223(prerelease) 
Platform: x86_64-unknown-linux-gnu
configure flags: --prefix=/home/guerby/work/gcc/install/install-4.2-20070223T222444 --enable-__cxa_atexit --disable-nls --enable-threads=posix --disable-multilib --enable-checking --enable-languages=c,ada,c++,fortran,java,objc,obj-c++




More information about the Gcc-testresults mailing list