Results for 4.3.0 20070223 (experimental) testsuite on x86_64-unknown-linux-gnu

Toon Moene toon@moene.indiv.nluug.nl
Fri Feb 23 19:26:00 GMT 2007


LAST_UPDATED: Fri Feb 23 16:49:26 UTC 2007 (revision 122263)

Native configuration is x86_64-unknown-linux-gnu

		=== gcc tests ===


Running target unix
FAIL: gcc.c-torture/execute/mayalias-2.c compilation,  -O3 -g  (internal compiler error)
UNRESOLVED: gcc.c-torture/execute/mayalias-2.c execution,  -O3 -g 
FAIL: gcc.c-torture/execute/mayalias-3.c compilation,  -O3 -g  (internal compiler error)
UNRESOLVED: gcc.c-torture/execute/mayalias-3.c execution,  -O3 -g 
FAIL: gcc.dg/torture/builtin-pow-mpfr-1.c  -O0  scan-tree-dump pow
FAIL: gcc.dg/torture/builtin-pow-mpfr-1.c  -O1  scan-tree-dump pow
FAIL: gcc.dg/torture/builtin-pow-mpfr-1.c  -O2  scan-tree-dump pow
FAIL: gcc.dg/torture/builtin-pow-mpfr-1.c  -O3 -fomit-frame-pointer  scan-tree-dump pow
FAIL: gcc.dg/torture/builtin-pow-mpfr-1.c  -O3 -g  scan-tree-dump pow
FAIL: gcc.dg/torture/builtin-pow-mpfr-1.c  -Os  scan-tree-dump pow
UNRESOLVED: gcc.dg/torture/fp-int-convert-float128-timode.c  -O0  compilation failed to produce executable
UNRESOLVED: gcc.dg/torture/fp-int-convert-float128-timode.c  -O1  compilation failed to produce executable
UNRESOLVED: gcc.dg/torture/fp-int-convert-float128-timode.c  -O2  compilation failed to produce executable
UNRESOLVED: gcc.dg/torture/fp-int-convert-float128-timode.c  -O3 -fomit-frame-pointer  compilation failed to produce executable
UNRESOLVED: gcc.dg/torture/fp-int-convert-float128-timode.c  -O3 -g  compilation failed to produce executable
UNRESOLVED: gcc.dg/torture/fp-int-convert-float128-timode.c  -Os  compilation failed to produce executable
UNRESOLVED: gcc.dg/torture/fp-int-convert-float128.c  -O0  compilation failed to produce executable
UNRESOLVED: gcc.dg/torture/fp-int-convert-float128.c  -O1  compilation failed to produce executable
UNRESOLVED: gcc.dg/torture/fp-int-convert-float128.c  -O2  compilation failed to produce executable
UNRESOLVED: gcc.dg/torture/fp-int-convert-float128.c  -O3 -fomit-frame-pointer  compilation failed to produce executable
UNRESOLVED: gcc.dg/torture/fp-int-convert-float128.c  -O3 -g  compilation failed to produce executable
UNRESOLVED: gcc.dg/torture/fp-int-convert-float128.c  -Os  compilation failed to produce executable
FAIL: gcc.dg/tree-ssa/loadpre1.c scan-tree-dump-times Eliminated: 1 1
XPASS: gcc.dg/tree-ssa/update-threading.c scan-tree-dump-times Invalid sum 0
FAIL: gcc.target/i386/sse-1.c scan-assembler-not movaps
FAIL: gcc.target/i386/sse4a-extract.c (test for excess errors)
UNRESOLVED: gcc.target/i386/sse4a-extract.c compilation failed to produce executable
FAIL: gcc.target/i386/sse4a-insert.c (test for excess errors)
UNRESOLVED: gcc.target/i386/sse4a-insert.c compilation failed to produce executable
FAIL: gcc.target/i386/sse4a-montsd.c (test for excess errors)
UNRESOLVED: gcc.target/i386/sse4a-montsd.c compilation failed to produce executable
FAIL: gcc.target/i386/sse4a-montss.c (test for excess errors)
UNRESOLVED: gcc.target/i386/sse4a-montss.c compilation failed to produce executable
FAIL: gcc.target/i386/vecinit-1.c scan-assembler-not movaps

		=== gcc Summary ===

# of expected passes		43198
# of unexpected failures	15
# of unexpected successes	1
# of expected failures		126
# of unresolved testcases	18
# of untested testcases		28
# of unsupported tests		412
/home/toon/compilers/obj-t/gcc/xgcc  version 4.3.0 20070223 (experimental)

		=== gfortran tests ===


Running target unix

		=== gfortran Summary ===

# of expected passes		16469
# of expected failures		7
# of unsupported tests		18
/home/toon/compilers/obj-t/gcc/testsuite/gfortran/../../gfortran  version 4.3.0 20070223 (experimental)

		=== libgomp tests ===


Running target unix

		=== libgomp Summary ===

# of expected passes		1229
		=== libmudflap tests ===


Running target unix
FAIL: libmudflap.cth/pass59-frag.c (test for excess errors)
FAIL: libmudflap.cth/pass59-frag.c (-static -DSTATIC) (test for excess errors)
FAIL: libmudflap.cth/pass59-frag.c (-O2) (test for excess errors)
FAIL: libmudflap.cth/pass59-frag.c (-O3) (test for excess errors)

		=== libmudflap Summary ===

# of expected passes		1688
# of unexpected failures	4
# of unsupported tests		2

Compiler version: 4.3.0 20070223 (experimental) 
Platform: x86_64-unknown-linux-gnu
configure flags: --prefix=/usr/snp --disable-multilib --disable-nls --enable-languages=fortran



More information about the Gcc-testresults mailing list