Results for 4.3.0 20070222 (experimental) testsuite on i686-pc-linux-gnu
Weidong Cui
mason.cui@gmail.com
Thu Feb 22 16:36:00 GMT 2007
LAST_UPDATED: Thu Feb 22 13:16:14 UTC 2007 (revision 122226)
Native configuration is i686-pc-linux-gnu
=== g++ tests ===
Running target unix
XPASS: g++.dg/tree-ssa/ivopts-1.C scan-tree-dump-not offset: -4B
XPASS: g++.dg/tree-ssa/ivopts-1.C scan-tree-dump-not &x\\[5\\]
=== g++ Summary ===
# of expected passes 14028
# of unexpected successes 2
# of expected failures 80
# of unsupported tests 77
/home/cuiwd/gcc4/obj/gcc/testsuite/g++/../../g++ version 4.3.0 20070222 (experimental)
=== gcc tests ===
Running target unix
FAIL: gcc.c-torture/execute/mayalias-2.c compilation, -O3 -g (internal compiler error)
UNRESOLVED: gcc.c-torture/execute/mayalias-2.c execution, -O3 -g
FAIL: gcc.c-torture/execute/mayalias-3.c compilation, -O3 -g (internal compiler error)
UNRESOLVED: gcc.c-torture/execute/mayalias-3.c execution, -O3 -g
FAIL: gcc.dg/torture/builtin-pow-mpfr-1.c -O0 scan-tree-dump pow
FAIL: gcc.dg/torture/builtin-pow-mpfr-1.c -O1 scan-tree-dump pow
FAIL: gcc.dg/torture/builtin-pow-mpfr-1.c -O2 scan-tree-dump pow
FAIL: gcc.dg/torture/builtin-pow-mpfr-1.c -O3 -fomit-frame-pointer scan-tree-dump pow
FAIL: gcc.dg/torture/builtin-pow-mpfr-1.c -O3 -g scan-tree-dump pow
FAIL: gcc.dg/torture/builtin-pow-mpfr-1.c -Os scan-tree-dump pow
FAIL: gcc.dg/tree-ssa/loadpre1.c scan-tree-dump-times Eliminated: 1 1
XPASS: gcc.dg/tree-ssa/update-threading.c scan-tree-dump-times Invalid sum 0
FAIL: gcc.target/i386/sse4a-extract.c (test for excess errors)
UNRESOLVED: gcc.target/i386/sse4a-extract.c compilation failed to produce executable
FAIL: gcc.target/i386/sse4a-insert.c (test for excess errors)
UNRESOLVED: gcc.target/i386/sse4a-insert.c compilation failed to produce executable
FAIL: gcc.target/i386/sse4a-montsd.c (test for excess errors)
UNRESOLVED: gcc.target/i386/sse4a-montsd.c compilation failed to produce executable
FAIL: gcc.target/i386/sse4a-montss.c (test for excess errors)
UNRESOLVED: gcc.target/i386/sse4a-montss.c compilation failed to produce executable
=== gcc Summary ===
# of expected passes 43307
# of unexpected failures 13
# of unexpected successes 1
# of expected failures 115
# of unresolved testcases 6
# of untested testcases 28
# of unsupported tests 300
/home/cuiwd/gcc4/obj/gcc/xgcc version 4.3.0 20070222 (experimental)
=== gfortran tests ===
Running target unix
=== gfortran Summary ===
# of expected passes 16471
# of expected failures 7
# of unsupported tests 16
/home/cuiwd/gcc4/obj/gcc/testsuite/gfortran/../../gfortran version 4.3.0 20070222 (experimental)
=== objc tests ===
Running target unix
=== objc Summary ===
# of expected passes 1796
# of expected failures 7
# of unsupported tests 24
/home/cuiwd/gcc4/obj/gcc/xgcc version 4.3.0 20070222 (experimental)
=== libffi tests ===
Running target unix
FAIL: libffi.call/return_fl2.c -O0 -W -Wall execution test
FAIL: libffi.call/return_fl2.c -O2 execution test
FAIL: libffi.call/return_fl2.c -O3 execution test
FAIL: libffi.call/return_fl2.c -Os execution test
=== libffi Summary ===
# of expected passes 1092
# of unexpected failures 4
# of unsupported tests 8
=== libgomp tests ===
Running target unix
=== libgomp Summary ===
# of expected passes 1566
=== libjava tests ===
Running target unix
FAIL: getlocalvartable run
=== libjava Summary ===
# of expected passes 2495
# of unexpected failures 1
# of untested testcases 1
=== libmudflap tests ===
Running target unix
FAIL: libmudflap.c++/error1-frag.cxx (test for excess errors)
FAIL: libmudflap.c++/error2-frag.cxx (test for excess errors)
FAIL: libmudflap.c++/pass41-frag.cxx execution test
FAIL: libmudflap.c++/error1-frag.cxx (-static) (test for excess errors)
FAIL: libmudflap.c++/error2-frag.cxx (-static) (test for excess errors)
FAIL: libmudflap.c++/pass41-frag.cxx (-static) execution test
FAIL: libmudflap.c++/error1-frag.cxx ( -O) (test for excess errors)
FAIL: libmudflap.c++/error2-frag.cxx ( -O) (test for excess errors)
FAIL: libmudflap.c++/pass41-frag.cxx ( -O) execution test
FAIL: libmudflap.c++/error1-frag.cxx (-O2) (test for excess errors)
FAIL: libmudflap.c++/error2-frag.cxx (-O2) (test for excess errors)
FAIL: libmudflap.c++/pass41-frag.cxx (-O2) execution test
FAIL: libmudflap.c++/error1-frag.cxx (-O3) (test for excess errors)
FAIL: libmudflap.c++/error2-frag.cxx (-O3) (test for excess errors)
FAIL: libmudflap.c++/pass41-frag.cxx (-O3) execution test
=== libmudflap Summary ===
# of expected passes 1811
# of unexpected failures 15
=== libstdc++ tests ===
Running target unix
FAIL: 17_intro/headers/all_assert_neg.cc (test for excess errors)
FAIL: 18_support/headers/cstdlib/macros.cc (test for excess errors)
FAIL: 19_diagnostics/headers/cerrno/macros.cc (test for excess errors)
FAIL: 20_util/auto_ptr/assign_neg.cc (test for excess errors)
FAIL: 22_locale/messages/members/char/1.cc execution test
FAIL: 22_locale/messages/members/char/2.cc execution test
FAIL: 22_locale/messages/members/char/wrapped_env.cc execution test
FAIL: 22_locale/messages/members/char/wrapped_locale.cc execution test
FAIL: 22_locale/messages_byname/named_equivalence.cc execution test
FAIL: 22_locale/time_get/get_date/wchar_t/4.cc execution test
FAIL: 23_containers/list/23781.cc (test for excess errors)
FAIL: 23_containers/map/23781.cc (test for excess errors)
FAIL: 23_containers/map/operators/1_neg.cc (test for excess errors)
FAIL: 23_containers/multimap/23781.cc (test for excess errors)
FAIL: 23_containers/multiset/23781.cc (test for excess errors)
FAIL: 23_containers/set/23781.cc (test for excess errors)
FAIL: 23_containers/set/operators/1_neg.cc (test for excess errors)
FAIL: 27_io/ios_base/cons/assign_neg.cc (test for excess errors)
FAIL: 27_io/ios_base/cons/copy_neg.cc (test for excess errors)
FAIL: ext/pb_ds/example/hash_find_neg.cc (test for excess errors)
FAIL: ext/pb_ds/regression/list_update_data_map_rand.cc (test for excess errors)
UNRESOLVED: ext/pb_ds/regression/list_update_data_map_rand.cc compilation failed to produce executable
FAIL: ext/slist/23781.cc (test for excess errors)
FAIL: ext/type_traits/add_unsigned_integer_neg.cc (test for excess errors)
FAIL: ext/type_traits/remove_unsigned_integer_neg.cc (test for excess errors)
FAIL: tr1/2_general_utilities/shared_ptr/assign/shared_ptr_neg.cc (test for excess errors)
FAIL: tr1/2_general_utilities/shared_ptr/modifiers/reset_neg.cc (test for excess errors)
FAIL: tr1/2_general_utilities/shared_ptr/modifiers/swap_neg.cc (test for excess errors)
FAIL: tr1/5_numerical_facilities/random/linear_congruential/requirements/non_uint_neg.cc (test for excess errors)
FAIL: tr1/6_containers/unordered_map/requirements/iterator_neg.cc (test for excess errors)
FAIL: tr1/6_containers/unordered_map/requirements/iterator_null_neg.cc (test for excess errors)
FAIL: tr1/6_containers/unordered_multimap/requirements/iterator_neg.cc (test for excess errors)
FAIL: tr1/6_containers/unordered_multimap/requirements/iterator_null_neg.cc (test for excess errors)
FAIL: tr1/6_containers/unordered_multiset/requirements/iterator_neg.cc (test for excess errors)
FAIL: tr1/6_containers/unordered_multiset/requirements/iterator_null_neg.cc (test for excess errors)
FAIL: tr1/6_containers/unordered_set/requirements/iterator_neg.cc (test for excess errors)
FAIL: tr1/6_containers/unordered_set/requirements/iterator_null_neg.cc (test for excess errors)
=== libstdc++ Summary ===
# of expected passes 4576
# of unexpected failures 36
# of expected failures 17
# of unresolved testcases 1
Compiler version: 4.3.0 20070222 (experimental)
Platform: i686-pc-linux-gnu
configure flags: --prefix=/home/cuiwd/gcc4/ins --with-gnu-as --with-as=/mnt/beier/home/cuiwd/binutils-217/bin/as --with-gnu-ld --with-ld=/mnt/beier/home/cuiwd/binutils-217/bin/ld --with-mpfr=/mnt/beier/home/cuiwd/mpfr221 --with-gmp=/mnt/beier/usr/local --enable-clocale=gnu --with-system-zlib --enable-threads=posix --enable-haifa --enable-checking=assert --enable-_cxa_atexit
More information about the Gcc-testresults
mailing list