Results for 4.1.3 20070216 (prerelease) gcc testsuite on arm-unknown-elf
mstein
mstein@phenix.rootshell.be
Sat Feb 17 06:00:00 GMT 2007
Ubuntu 5 on pentium3-smp
cross tool versions:
GNU assembler 2.17.50 20061203
GNU gdb 6.6.50.20061203-cvs
GNU ld version 2.17.50 20061203
GNU Make 3.80
expect version 5.42.1
host gcc version: gcc (GCC) 4.3.0 20070215 (experimental)
LAST_UPDATED: Fri Feb 16 01:27:31 UTC 2007 (revision 122028)
Target is arm-unknown-elf
Host is i686-pc-linux-gnu
=== gcc tests ===
Running target arm-sim
FAIL: gcc.dg/intmax_t-1.c (test for errors, line )
FAIL: gcc.dg/pragma-pack-3.c execution test
FAIL: gcc.dg/tls/alias-1.c (test for excess errors)
FAIL: gcc.dg/tls/opt-2.c (test for excess errors)
FAIL: gcc.target/arm/pr27387.C (test for excess errors)
ERROR: gcc.target/arm/pr27387.C: error executing dg-final: couldn't open "pr27387.s": no such file or directory
UNRESOLVED: gcc.target/arm/pr27387.C: error executing dg-final: couldn't open "pr27387.s": no such file or directory
=== gcc Summary ===
# of expected passes 37681
# of unexpected failures 5
# of expected failures 77
# of unresolved testcases 1
# of untested testcases 28
# of unsupported tests 353
/home/mstein/sim/arm-elf/build/gcc/xgcc version 4.1.3 20070216 (prerelease)
Compiler version: 4.1.3 20070216 (prerelease) gcc
Platform: arm-unknown-elf
configure flags: --target=arm-elf --prefix=/n/07/mstein/cross-local/arm-elf --disable-nls --disable-build-warnings --with-ld=/n/07/mstein/cross-local/arm-elf/bin/arm-elf-ld --with-as=/n/07/mstein/cross-local/arm-elf/bin/arm-elf-as --disable-libssp --enable-languages=c
More information about the Gcc-testresults
mailing list