Results for 4.3.0 20070213 (experimental) testsuite on hppa-unknown-linux-gnu
John David Anglin
dave@gsyprf11.external.hp.com
Thu Feb 15 00:52:00 GMT 2007
LAST_UPDATED: Tue Feb 13 23:20:30 UTC 2007 (revision 121895)
=== acats tests ===
FAIL: c37215h
FAIL: cxh1001
=== acats Summary ===
# of expected passes 2313
# of unexpected failures 2
Native configuration is hppa-unknown-linux-gnu
=== g++ tests ===
Running target unix
WARNING: program timed out.
FAIL: g++.dg/eh/cleanup1.C (test for excess errors)
XPASS: g++.dg/tree-ssa/ivopts-1.C scan-tree-dump-not offset: -4B
XPASS: g++.dg/tree-ssa/ivopts-1.C scan-tree-dump-not &x\\[5\\]
FAIL: g++.dg/warn/Warray-bounds.C (internal compiler error)
FAIL: g++.dg/warn/Warray-bounds.C (test for excess errors)
=== g++ Summary ===
# of expected passes 13930
# of unexpected failures 3
# of unexpected successes 2
# of expected failures 80
# of unsupported tests 119
/home/dave/gcc-4.3/objdir/gcc/testsuite/g++/../../g++ version 4.3.0 20070213 (experimental)
=== gcc tests ===
Running target unix
WARNING: program timed out.
FAIL: gcc.c-torture/compile/20001226-1.c -O1 (test for excess errors)
WARNING: program timed out.
FAIL: gcc.c-torture/compile/20001226-1.c -O2 (test for excess errors)
WARNING: program timed out.
FAIL: gcc.c-torture/compile/20001226-1.c -O3 -fomit-frame-pointer (test for excess errors)
WARNING: program timed out.
FAIL: gcc.c-torture/compile/20001226-1.c -O3 -g (test for excess errors)
WARNING: program timed out.
FAIL: gcc.c-torture/compile/20001226-1.c -Os (test for excess errors)
FAIL: gcc.c-torture/execute/mayalias-2.c compilation, -O3 -g (internal compiler error)
UNRESOLVED: gcc.c-torture/execute/mayalias-2.c execution, -O3 -g
FAIL: gcc.c-torture/execute/mayalias-3.c compilation, -O3 -g (internal compiler error)
UNRESOLVED: gcc.c-torture/execute/mayalias-3.c execution, -O3 -g
FAIL: gcc.dg/Warray-bounds.c (internal compiler error)
FAIL: gcc.dg/Warray-bounds.c (test for excess errors)
FAIL: gcc.dg/noncompile/pr16876.c -O0 (test for errors, line 10)
FAIL: gcc.dg/noncompile/pr16876.c -O1 (test for errors, line 10)
FAIL: gcc.dg/noncompile/pr16876.c -O2 (test for errors, line 10)
FAIL: gcc.dg/noncompile/pr16876.c -O3 -fomit-frame-pointer (test for errors, line 10)
FAIL: gcc.dg/noncompile/pr16876.c -O3 -g (test for errors, line 10)
FAIL: gcc.dg/noncompile/pr16876.c -Os (test for errors, line 10)
FAIL: gcc.dg/torture/builtin-pow-mpfr-1.c -O0 scan-tree-dump pow
FAIL: gcc.dg/torture/builtin-pow-mpfr-1.c -O1 scan-tree-dump pow
FAIL: gcc.dg/torture/builtin-pow-mpfr-1.c -O2 scan-tree-dump pow
FAIL: gcc.dg/torture/builtin-pow-mpfr-1.c -O3 -fomit-frame-pointer scan-tree-dump pow
FAIL: gcc.dg/torture/builtin-pow-mpfr-1.c -O3 -g scan-tree-dump pow
FAIL: gcc.dg/torture/builtin-pow-mpfr-1.c -Os scan-tree-dump pow
FAIL: gcc.dg/tree-ssa/loadpre1.c scan-tree-dump-times Eliminated: 1 1
XPASS: gcc.dg/tree-ssa/loop-1.c scan-assembler-times foo 5
XPASS: gcc.dg/tree-ssa/update-threading.c scan-tree-dump-times Invalid sum 0
=== gcc Summary ===
# of expected passes 41467
# of unexpected failures 22
# of unexpected successes 2
# of expected failures 78
# of unresolved testcases 2
# of untested testcases 28
# of unsupported tests 391
/home/dave/gcc-4.3/objdir/gcc/xgcc version 4.3.0 20070213 (experimental)
=== gfortran tests ===
Running target unix
WARNING: program timed out.
FAIL: gfortran.dg/cray_pointers_2.f90 -O1 (test for excess errors)
UNRESOLVED: gfortran.dg/cray_pointers_2.f90 -O1 compilation failed to produce executable
WARNING: program timed out.
FAIL: gfortran.dg/cray_pointers_2.f90 -O2 (test for excess errors)
UNRESOLVED: gfortran.dg/cray_pointers_2.f90 -O2 compilation failed to produce executable
WARNING: program timed out.
FAIL: gfortran.dg/cray_pointers_2.f90 -O3 -fomit-frame-pointer (test for excess errors)
UNRESOLVED: gfortran.dg/cray_pointers_2.f90 -O3 -fomit-frame-pointer compilation failed to produce executable
WARNING: program timed out.
FAIL: gfortran.dg/cray_pointers_2.f90 -O3 -fomit-frame-pointer -funroll-loops (test for excess errors)
UNRESOLVED: gfortran.dg/cray_pointers_2.f90 -O3 -fomit-frame-pointer -funroll-loops compilation failed to produce executable
WARNING: program timed out.
FAIL: gfortran.dg/cray_pointers_2.f90 -O3 -fomit-frame-pointer -funroll-all-loops -finline-functions (test for excess errors)
UNRESOLVED: gfortran.dg/cray_pointers_2.f90 -O3 -fomit-frame-pointer -funroll-all-loops -finline-functions compilation failed to produce executable
WARNING: program timed out.
FAIL: gfortran.dg/cray_pointers_2.f90 -O3 -g (test for excess errors)
UNRESOLVED: gfortran.dg/cray_pointers_2.f90 -O3 -g compilation failed to produce executable
WARNING: program timed out.
FAIL: gfortran.dg/cray_pointers_2.f90 -Os (test for excess errors)
UNRESOLVED: gfortran.dg/cray_pointers_2.f90 -Os compilation failed to produce executable
FAIL: gfortran.dg/secnds-1.f -Os execution test
FAIL: gfortran.dg/secnds.f -O2 execution test
=== gfortran Summary ===
# of expected passes 16124
# of unexpected failures 9
# of expected failures 6
# of unresolved testcases 7
# of unsupported tests 92
/home/dave/gcc-4.3/objdir/gcc/testsuite/gfortran/../../gfortran version 4.3.0 20070213 (experimental)
=== gnat tests ===
Running target unix
FAIL: gnat.dg/address_conversion.adb execution test
=== gnat Summary ===
# of expected passes 114
# of unexpected failures 1
=== obj-c++ tests ===
Running target unix
FAIL: obj-c++.dg/bitfield-1.mm (internal compiler error)
FAIL: obj-c++.dg/bitfield-1.mm (test for excess errors)
UNRESOLVED: obj-c++.dg/bitfield-1.mm compilation failed to produce executable
FAIL: obj-c++.dg/comp-types-10.mm (internal compiler error)
FAIL: obj-c++.dg/comp-types-10.mm (test for excess errors)
FAIL: obj-c++.dg/cxx-ivars-2.mm execution test
FAIL: obj-c++.dg/encode-8.mm execution test
FAIL: obj-c++.dg/gnu-runtime-2.mm (test for excess errors)
FAIL: obj-c++.dg/isa-field-1.mm (test for excess errors)
FAIL: obj-c++.dg/lookup-2.mm (test for excess errors)
UNRESOLVED: obj-c++.dg/lookup-2.mm compilation failed to produce executable
FAIL: obj-c++.dg/qual-types-1.mm (internal compiler error)
FAIL: obj-c++.dg/qual-types-1.mm (test for excess errors)
UNRESOLVED: obj-c++.dg/qual-types-1.mm compilation failed to produce executable
FAIL: obj-c++.dg/template-1.mm (internal compiler error)
FAIL: obj-c++.dg/template-1.mm (test for excess errors)
UNRESOLVED: obj-c++.dg/template-1.mm compilation failed to produce executable
FAIL: obj-c++.dg/template-3.mm (internal compiler error)
FAIL: obj-c++.dg/template-3.mm (test for excess errors)
UNRESOLVED: obj-c++.dg/template-3.mm compilation failed to produce executable
FAIL: obj-c++.dg/template-4.mm (internal compiler error)
FAIL: obj-c++.dg/template-4.mm (test for excess errors)
UNRESOLVED: obj-c++.dg/template-4.mm compilation failed to produce executable
FAIL: obj-c++.dg/try-catch-2.mm (test for excess errors)
UNRESOLVED: obj-c++.dg/try-catch-2.mm compilation failed to produce executable
FAIL: obj-c++.dg/try-catch-9.mm (internal compiler error)
FAIL: obj-c++.dg/try-catch-9.mm (test for excess errors)
UNRESOLVED: obj-c++.dg/try-catch-9.mm compilation failed to produce executable
=== obj-c++ Summary ===
# of expected passes 417
# of unexpected failures 20
# of unresolved testcases 8
# of unsupported tests 13
/home/dave/gcc-4.3/objdir/gcc/testsuite/obj-c++/../../g++ version 4.3.0 20070213 (experimental)
=== objc tests ===
Running target unix
=== objc Summary ===
# of expected passes 1796
# of expected failures 7
# of unsupported tests 24
/home/dave/gcc-4.3/objdir/gcc/xgcc version 4.3.0 20070213 (experimental)
=== libffi tests ===
Running target unix
=== libffi Summary ===
# of expected passes 1096
# of unsupported tests 8
=== libgomp tests ===
Running target unix
=== libgomp Summary ===
# of expected passes 1334
# of unsupported tests 116
=== libjava tests ===
Running target unix
FAIL: Process_1 -findirect-dispatch execution - source compiled test
FAIL: Process_4 -findirect-dispatch execution - source compiled test
FAIL: Process_4 -O3 -findirect-dispatch execution - source compiled test
FAIL: StackTrace2 -findirect-dispatch execution - source compiled test
FAIL: stacktrace -findirect-dispatch execution - source compiled test
=== libjava Summary ===
# of expected passes 2482
# of unexpected failures 5
# of untested testcases 5
=== libmudflap tests ===
Running target unix
FAIL: libmudflap.c++/pass41-frag.cxx execution test
FAIL: libmudflap.c++/pass41-frag.cxx (-static) execution test
FAIL: libmudflap.c++/pass41-frag.cxx ( -O) execution test
FAIL: libmudflap.c++/pass41-frag.cxx (-O2) execution test
FAIL: libmudflap.c++/pass41-frag.cxx (-O3) execution test
=== libmudflap Summary ===
# of expected passes 1821
# of unexpected failures 5
=== libstdc++ tests ===
Running target unix
XPASS: 26_numerics/cmath/c99_classification_macros_c.cc (test for excess errors)
FAIL: ext/pb_ds/regression/list_update_data_map_rand.cc (test for excess errors)
UNRESOLVED: ext/pb_ds/regression/list_update_data_map_rand.cc compilation failed to produce executable
=== libstdc++ Summary ===
# of expected passes 3848
# of unexpected failures 1
# of unexpected successes 1
# of expected failures 15
# of unresolved testcases 1
# of unsupported tests 316
Compiler version: 4.3.0 20070213 (experimental)
Platform: hppa-unknown-linux-gnu
configure flags: --with-gnu-as --with-gnu-ld --enable-shared --enable-nls --prefix=/home/dave/opt/gnu/gcc/gcc-4.3.0 --with-local-prefix=/home/dave/opt/gnu --enable-threads=posix --enable-__cxa_atexit --build=hppa-linux --enable-clocale=gnu --enable-java-gc=boehm --enable-java-awt=xlib --enable-languages=c,c++,objc,fortran,java,obj-c++,ada
More information about the Gcc-testresults
mailing list