Results for 4.1.2 20070209 (prerelease) testsuite on powerpc-apple-darwin8

David Fang fang@fangism.local
Mon Feb 12 15:52:00 GMT 2007


ConfigureParams: --prefix=%p/lib/gcc41 --enable-languages=c,c++,fortran,objc,java --with-gmp=%p  --with-included-gettext --host=%m-apple-darwin\`uname -r|cut -f1 -d.\` --with-as=%p/lib/odcctools/bin/as --with-ld=%p/lib/odcctools/bin/ld --with-nm=%p/lib/odcctools/bin/nm  --mandir='\${prefix}/share/man' --infodir='\${prefix}/share/info' --with-libiconv-prefix=%p --disable-multilib
PatchScript: <<
 #!/bin/sh -ev
 # make sure odcctools libtool being used.
 perl -pi -e 's,/usr/bin/libtool,%p/lib/odcctools/bin/libtool,;' gcc/config/darwin.h
 perl -pi -e 's,nm -P,%p/lib/odcctools/bin/nm -P,;' libstdc++-v3/scripts/make_exports.pl

CPU: powerpc7400 (dual G4)
OS: OS X 10.4.8 (powerPC)
native compiler: gcc version 4.0.1 (Apple Computer, Inc. build 5363)
MAKEFLAGS: -j2


LAST_UPDATED: Obtained from SVN: branches/gcc-4_1-branch revision 121738

Native configuration is powerpc-apple-darwin8

		=== g++ tests ===


Running target unix
FAIL: g++.dg/abi/rtti3.C scan-assembler .weak[ \\t]_?_ZTSPP1A
XPASS: g++.dg/tree-ssa/pr14814.C scan-tree-dump-times &this 0
FAIL: g++.dg/warn/weak1.C (test for excess errors)
WARNING: g++.dg/warn/weak1.C compilation failed to produce executable
FAIL: g++.dg/special/conpr-3.C execution test

		=== g++ Summary ===

# of expected passes		12316
# of unexpected failures	3
# of unexpected successes	1
# of expected failures		67
# of unsupported tests		120
/Volumes/Mercedes2/sw/src/fink.build/gcc41-4.1.1.9999-20070208/gcc-4.1.2-20070208/darwin_objdir/gcc/testsuite/g++/../../g++  version 4.1.2 20070209 (prerelease)

		=== gcc tests ===


Running target unix
WARNING: program timed out.
FAIL: gcc.c-torture/compile/20001226-1.c  -O2  (test for excess errors)
WARNING: program timed out.
FAIL: gcc.c-torture/compile/20001226-1.c  -O3 -fomit-frame-pointer  (test for excess errors)
WARNING: program timed out.
FAIL: gcc.c-torture/compile/20001226-1.c  -O3 -g  (test for excess errors)
WARNING: program timed out.
FAIL: gcc.c-torture/compile/20001226-1.c  -Os  (test for excess errors)
FAIL: gcc.c-torture/compile/pr23237.c  -O0  (test for excess errors)
FAIL: gcc.c-torture/compile/pr23237.c  -O1  (test for excess errors)
FAIL: gcc.c-torture/compile/pr23237.c  -O2  (test for excess errors)
FAIL: gcc.c-torture/compile/pr23237.c  -O3 -fomit-frame-pointer  (test for excess errors)
FAIL: gcc.c-torture/compile/pr23237.c  -O3 -fomit-frame-pointer -funroll-loops  (test for excess errors)
FAIL: gcc.c-torture/compile/pr23237.c  -O3 -fomit-frame-pointer -funroll-all-loops -finline-functions  (test for excess errors)
FAIL: gcc.c-torture/compile/pr23237.c  -O3 -g  (test for excess errors)
FAIL: gcc.c-torture/compile/pr23237.c  -Os  (test for excess errors)
FAIL: tmpdir-gcc.dg-struct-layout-1/t001 c_compat_x_tst.o-c_compat_y_tst.o execute 
FAIL: tmpdir-gcc.dg-struct-layout-1/t024 c_compat_x_tst.o-c_compat_y_tst.o execute 
FAIL: tmpdir-gcc.dg-struct-layout-1/t025 c_compat_x_tst.o-c_compat_y_tst.o execute 
FAIL: tmpdir-gcc.dg-struct-layout-1/t026 c_compat_x_tst.o-c_compat_y_tst.o execute 
FAIL: tmpdir-gcc.dg-struct-layout-1/t027 c_compat_x_tst.o-c_compat_y_tst.o execute 
FAIL: tmpdir-gcc.dg-struct-layout-1/t028 c_compat_x_tst.o-c_compat_y_tst.o execute 
FAIL: gcc.dg/attr-weakref-1.c (test for excess errors)
WARNING: gcc.dg/attr-weakref-1.c compilation failed to produce executable
FAIL: gcc.target/powerpc/darwin-longlong.c execution test
FAIL: gcc.target/powerpc/pr18096-1.c stack frame too large (test for warnings, line 11)
FAIL: gcc.target/powerpc/pr18096-1.c (test for excess errors)
FAIL: gcc.target/powerpc/stabs-attrib-vect-darwin.c scan-assembler .stabs.*vi:\\\\(0,16\\\\)=@V

		=== gcc Summary ===

# of expected passes		39490
# of unexpected failures	23
# of expected failures		98
# of untested testcases		28
# of unsupported tests		382
/Volumes/Mercedes2/sw/src/fink.build/gcc41-4.1.1.9999-20070208/gcc-4.1.2-20070208/darwin_objdir/gcc/xgcc  version 4.1.2 20070209 (prerelease)

		=== gfortran tests ===


Running target unix
FAIL: gfortran.dg/large_real_kind_1.f90  -O0  execution test
FAIL: gfortran.dg/large_real_kind_1.f90  -O1  execution test
FAIL: gfortran.dg/large_real_kind_1.f90  -O2  execution test
FAIL: gfortran.dg/large_real_kind_1.f90  -O3 -fomit-frame-pointer  execution test
FAIL: gfortran.dg/large_real_kind_1.f90  -O3 -fomit-frame-pointer -funroll-loops  execution test
FAIL: gfortran.dg/large_real_kind_1.f90  -O3 -fomit-frame-pointer -funroll-all-loops -finline-functions  execution test
FAIL: gfortran.dg/large_real_kind_1.f90  -O3 -g  execution test
FAIL: gfortran.dg/large_real_kind_1.f90  -Os  execution test
FAIL: gfortran.dg/large_real_kind_2.F90  -O0  execution test
FAIL: gfortran.dg/large_real_kind_2.F90  -O1  execution test
FAIL: gfortran.dg/large_real_kind_2.F90  -O2  execution test
FAIL: gfortran.dg/large_real_kind_2.F90  -O3 -fomit-frame-pointer  execution test
FAIL: gfortran.dg/large_real_kind_2.F90  -O3 -fomit-frame-pointer -funroll-loops  execution test
FAIL: gfortran.dg/large_real_kind_2.F90  -O3 -fomit-frame-pointer -funroll-all-loops -finline-functions  execution test
FAIL: gfortran.dg/large_real_kind_2.F90  -O3 -g  execution test
FAIL: gfortran.dg/large_real_kind_2.F90  -Os  execution test
FAIL: gfortran.dg/large_real_kind_form_io_2.f90  -O0  execution test
FAIL: gfortran.dg/large_real_kind_form_io_2.f90  -O1  execution test
FAIL: gfortran.dg/large_real_kind_form_io_2.f90  -O2  execution test
FAIL: gfortran.dg/large_real_kind_form_io_2.f90  -O3 -fomit-frame-pointer  execution test
FAIL: gfortran.dg/large_real_kind_form_io_2.f90  -O3 -fomit-frame-pointer -funroll-loops  execution test
FAIL: gfortran.dg/large_real_kind_form_io_2.f90  -O3 -fomit-frame-pointer -funroll-all-loops -finline-functions  execution test
FAIL: gfortran.dg/large_real_kind_form_io_2.f90  -O3 -g  execution test
FAIL: gfortran.dg/large_real_kind_form_io_2.f90  -Os  execution test
FAIL: gfortran.fortran-torture/execute/nan_inf_fmt.f90 execution,  -O0 
FAIL: gfortran.fortran-torture/execute/nan_inf_fmt.f90 execution,  -O1 
FAIL: gfortran.fortran-torture/execute/nan_inf_fmt.f90 execution,  -O2 
FAIL: gfortran.fortran-torture/execute/nan_inf_fmt.f90 execution,  -O3 -fomit-frame-pointer 
FAIL: gfortran.fortran-torture/execute/nan_inf_fmt.f90 execution,  -O3 -fomit-frame-pointer -funroll-loops 
FAIL: gfortran.fortran-torture/execute/nan_inf_fmt.f90 execution,  -O3 -fomit-frame-pointer -funroll-all-loops -finline-functions 
FAIL: gfortran.fortran-torture/execute/nan_inf_fmt.f90 execution,  -O3 -g 
FAIL: gfortran.fortran-torture/execute/nan_inf_fmt.f90 execution,  -Os 

		=== gfortran Summary ===

# of expected passes		13528
# of unexpected failures	32
# of expected failures		5
# of unsupported tests		42
/Volumes/Mercedes2/sw/src/fink.build/gcc41-4.1.1.9999-20070208/gcc-4.1.2-20070208/darwin_objdir/gcc/testsuite/gfortran/../../gfortran  version 4.1.2 20070209 (prerelease)

		=== objc tests ===


Running target unix

		=== objc Summary ===

# of expected passes		2948
# of unsupported tests		1
/Volumes/Mercedes2/sw/src/fink.build/gcc41-4.1.1.9999-20070208/gcc-4.1.2-20070208/darwin_objdir/gcc/xgcc  version 4.1.2 20070209 (prerelease)


Compiler version: 4.1.2 20070209 (prerelease) 
Platform: powerpc-apple-darwin8
configure flags: --prefix=/sw --prefix=/sw/lib/gcc41 --with-gmp=/sw --with-included-gettext --host=powerpc-apple-darwin8 --with-as=/sw/lib/odcctools/bin/as --with-ld=/sw/lib/odcctools/bin/ld --with-nm=/sw/lib/odcctools/bin/nm '--mandir=\${prefix}/share/man' '--infodir=\${prefix}/share/info' --with-libiconv-prefix=/sw --disable-multilib --enable-languages=c,c++,fortran,java,objc



More information about the Gcc-testresults mailing list