Results for 4.0.4 testsuite on x86_64-sle10-linux-gnu
Manfred Hollstein
mh@novell.com
Mon Feb 12 12:52:00 GMT 2007
Compiler version: 4.0.4
Platform: x86_64-sle10-linux-gnu
Sources: Official 4.0.4 tarball
LAST_UPDATED: Obtained from SVN: tags/gcc_4_0_4_release revision 121416
Patches: None.
Environment: - SUSE Linux Enterprise 10 + recommended updates as of today
- Linux version 2.6.16.27-0.6-smp (geeko@buildhost) (gcc version 4.1.0 (SUSE Linux)) #1 SMP Wed Dec 13 09:34:50 UTC 2006
- binutils-2.17 (FSF release)
- dejagnu-1.4.4-16.2 (SLE 10)
- expect-5.43.0-16.2 (SLE 10)
- glibc-2.4-31.5 (SLE 10)
Remarks: None.
configure flags: --host=x86_64-sle10-linux-gnu --target=x86_64-sle10-linux-gnu --build=x86_64-sle10-linux-gnu --srcdir=../gcc-4.0.4 --prefix=/opt/gnu --with-gnu-as --with-gnu-ld --enable-multilib=yes --enable-__cxa_atexit --enable-checking=release --enable-clocale=gnu --enable-interpreter --enable-shared --enable-threads=posix --with-system-zlib --with-local-prefix=/opt/gnu --disable-nls --verbose --enable-languages=c,ada,c++,f95,java,objc
BOOT_CC: gcc version 4.0.3
BOOT_CFLAGS: -O2
CFLAGS: -O2
CXXFLAGS: -O2 -g
GCJFLAGS: -O2 -g
Native configuration is x86_64-sle10-linux-gnu
=== acats tests ===
=== acats Summary ===
# of expected passes 2320
# of unexpected failures 0
=== g++ tests ===
Running target unix
XPASS: g++.old-deja/g++.other/init5.C execution test
=== g++ Summary for unix ===
# of expected passes 11557
# of unexpected successes 1
# of expected failures 69
# of unsupported tests 85
Running target unix/-m32
XPASS: g++.old-deja/g++.other/init5.C execution test
=== g++ Summary for unix/-m32 ===
# of expected passes 11642
# of unexpected successes 1
# of expected failures 69
# of unsupported tests 56
=== g++ Summary ===
# of expected passes 23199
# of unexpected successes 2
# of expected failures 138
# of unsupported tests 141
/net/saturn/home/gnu/work/GNU/gcc-4.0.4-x86_64-sle10-linux-gnu/gcc/testsuite/g++/../../g++ version 4.0.4
=== gcc tests ===
Running target unix
XPASS: gcc.dg/vect/vect-22.c scan-tree-dump-times vectorized 3 loops 1
=== gcc Summary for unix ===
# of expected passes 35477
# of unexpected successes 1
# of expected failures 98
# of untested testcases 28
# of unsupported tests 413
Running target unix/-m32
XPASS: gcc.dg/vect/vect-22.c scan-tree-dump-times vectorized 3 loops 1
=== gcc Summary for unix/-m32 ===
# of expected passes 35740
# of unexpected successes 1
# of expected failures 94
# of untested testcases 28
# of unsupported tests 328
=== gcc Summary ===
# of expected passes 71217
# of unexpected successes 2
# of expected failures 192
# of untested testcases 56
# of unsupported tests 741
/net/saturn/home/gnu/work/GNU/gcc-4.0.4-x86_64-sle10-linux-gnu/gcc/xgcc version 4.0.4
=== gfortran tests ===
Running target unix
=== gfortran Summary for unix ===
# of expected passes 8826
# of expected failures 1
# of unsupported tests 16
Running target unix/-m32
=== gfortran Summary for unix/-m32 ===
# of expected passes 8858
# of expected failures 1
=== gfortran Summary ===
# of expected passes 17684
# of expected failures 2
# of unsupported tests 16
/net/saturn/home/gnu/work/GNU/gcc-4.0.4-x86_64-sle10-linux-gnu/gcc/testsuite/gfortran/../../gfortran version 4.0.4
=== objc tests ===
Running target unix
=== objc Summary for unix ===
# of expected passes 1554
# of unsupported tests 10
Running target unix/-m32
=== objc Summary for unix/-m32 ===
# of expected passes 1554
# of unsupported tests 10
=== objc Summary ===
# of expected passes 3108
# of unsupported tests 20
/net/saturn/home/gnu/work/GNU/gcc-4.0.4-x86_64-sle10-linux-gnu/gcc/xgcc version 4.0.4
=== libffi tests ===
Running target unix
=== libffi Summary for unix ===
# of expected passes 219
# of unsupported tests 2
Running target unix/-m32
=== libffi Summary for unix/-m32 ===
# of expected passes 219
# of unsupported tests 2
=== libffi Summary ===
# of expected passes 438
# of unsupported tests 4
=== libjava tests ===
Running target unix
=== libjava Summary for unix ===
# of expected passes 3899
# of expected failures 10
# of untested testcases 8
Running target unix/-m32
=== libjava Summary for unix/-m32 ===
# of expected passes 3899
# of expected failures 10
# of untested testcases 8
=== libjava Summary ===
# of expected passes 7798
# of expected failures 20
# of untested testcases 16
=== libmudflap tests ===
Running target unix
=== libmudflap Summary for unix ===
# of expected passes 1288
Running target unix/-m32
FAIL: libmudflap.cth/pass40-frag.c execution test
FAIL: libmudflap.cth/pass40-frag.c output pattern test
FAIL: libmudflap.cth/pass40-frag.c (-O2) execution test
FAIL: libmudflap.cth/pass40-frag.c (-O2) output pattern test
FAIL: libmudflap.cth/pass40-frag.c (-O3) execution test
FAIL: libmudflap.cth/pass40-frag.c (-O3) output pattern test
=== libmudflap Summary for unix/-m32 ===
# of expected passes 1282
# of unexpected failures 6
=== libmudflap Summary ===
# of expected passes 2570
# of unexpected failures 6
=== libstdc++ tests ===
Running target unix
XPASS: 22_locale/locale/cons/12658_thread-1.cc execution test
FAIL: 22_locale/messages/members/char/1.cc execution test
FAIL: 22_locale/messages/members/char/2.cc execution test
FAIL: 22_locale/messages/members/char/wrapped_env.cc execution test
FAIL: 22_locale/messages/members/char/wrapped_locale.cc execution test
FAIL: 22_locale/messages_byname/named_equivalence.cc execution test
XPASS: 26_numerics/cmath/c99_classification_macros_c.cc (test for excess errors)
XPASS: 27_io/fpos/14320-1.cc execution test
=== libstdc++ Summary for unix ===
# of expected passes 3708
# of unexpected failures 5
# of unexpected successes 3
# of expected failures 11
Running target unix/-m32
XPASS: 22_locale/locale/cons/12658_thread-1.cc execution test
FAIL: 22_locale/messages/members/char/1.cc execution test
FAIL: 22_locale/messages/members/char/2.cc execution test
FAIL: 22_locale/messages/members/char/wrapped_env.cc execution test
FAIL: 22_locale/messages/members/char/wrapped_locale.cc execution test
FAIL: 22_locale/messages_byname/named_equivalence.cc execution test
XPASS: 26_numerics/cmath/c99_classification_macros_c.cc (test for excess errors)
=== libstdc++ Summary for unix/-m32 ===
# of expected passes 3708
# of unexpected failures 5
# of unexpected successes 2
# of expected failures 12
=== libstdc++ Summary ===
# of expected passes 7416
# of unexpected failures 10
# of unexpected successes 5
# of expected failures 23
Counting all warnings,
there are 103 warnings in stage3 of this bootstrap.
Number of warnings per file:
44 ./auto-host.h
22 gcc/tsystem.h
22 gcc/defaults.h
4 gcc/config/i386/i386.md
3 gengtype-lex.c
3 gcc/gcc.c
2 gcc/objc/lang-specs.h
1 insn-conditions.c
1 gcc/java/jvspec.c
1 gcc/cp/parser.c
Number of warning types:
44 this is the location of the previous definition
22 `HAVE_DECL_GETOPT' redefined
22 `DEFAULT_USE_CXA_ATEXIT' redefined
7 string length `???' is greater than the length `???' ISO C89 compilers are required to support
3 old-style function definition
2 source missing a mode?
2 operand 1 missing mode?
1 `???' may be used uninitialized in this function
More information about the Gcc-testresults
mailing list