Results for 4.1.2 20070201 (prerelease) testsuite on hppa2.0w-hp-hpux11.11
John David Anglin
dave@hiauly3.hia.nrc.ca
Fri Feb 2 23:17:00 GMT 2007
LAST_UPDATED: Thu Feb 1 21:31:09 UTC 2007 (revision 121472)
=== acats tests ===
FAIL: c974005
=== acats Summary ===
# of expected passes 2316
# of unexpected failures 1
Native configuration is hppa2.0w-hp-hpux11.11
=== g++ tests ===
Running target unix
XPASS: g++.dg/tree-ssa/pr14814.C scan-tree-dump-times &this 0
=== g++ Summary ===
# of expected passes 11965
# of unexpected successes 1
# of expected failures 67
# of unsupported tests 154
/mnt/gnu/gcc/objdir/gcc/testsuite/g++/../../g++ version 4.1.2 20070201 (prerelease)
=== gcc tests ===
Running target unix
XPASS: gcc.dg/cpp/cmdlne-dI-M.c scan-file (^|\\\\n)cmdlne-dI-M.*:[^\\\\n]*cmdlne-dI-M.c
XPASS: gcc.dg/cpp/cmdlne-dM-M.c scan-file (^|\\\\n)cmdlne-dM-M[^\\\\n]*:[^\\\\n]*cmdlne-dM-M.c
=== gcc Summary ===
# of expected passes 37169
# of unexpected successes 2
# of expected failures 76
# of untested testcases 28
# of unsupported tests 429
/mnt/gnu/gcc/objdir/gcc/xgcc version 4.1.2 20070201 (prerelease)
=== gfortran tests ===
Running target unix
FAIL: gfortran.dg/enum_2.f90 -O (internal compiler error)
FAIL: gfortran.dg/enum_2.f90 -O (test for errors, line 9)
FAIL: gfortran.dg/enum_2.f90 -O (test for errors, line 12)
FAIL: gfortran.dg/enum_2.f90 -O (test for excess errors)
=== gfortran Summary ===
# of expected passes 13441
# of unexpected failures 4
# of expected failures 4
# of unsupported tests 90
/mnt/gnu/gcc/objdir/gcc/testsuite/gfortran/../../gfortran version 4.1.2 20070201 (prerelease)
=== obj-c++ tests ===
Running target unix
FAIL: obj-c++.dg/cxx-ivars-2.mm execution test
FAIL: obj-c++.dg/encode-8.mm execution test
FAIL: obj-c++.dg/isa-field-1.mm (test for excess errors)
FAIL: obj-c++.dg/lookup-2.mm (test for excess errors)
WARNING: obj-c++.dg/lookup-2.mm compilation failed to produce executable
FAIL: obj-c++.dg/try-catch-2.mm (test for excess errors)
WARNING: obj-c++.dg/try-catch-2.mm compilation failed to produce executable
FAIL: obj-c++.dg/try-catch-9.mm (test for excess errors)
WARNING: obj-c++.dg/try-catch-9.mm compilation failed to produce executable
=== obj-c++ Summary ===
# of expected passes 423
# of unexpected failures 6
# of unsupported tests 13
/mnt/gnu/gcc/objdir/gcc/testsuite/obj-c++/../../g++ version 4.1.2 20070201 (prerelease)
=== objc tests ===
Running target unix
=== objc Summary ===
# of expected passes 1720
# of unsupported tests 23
/mnt/gnu/gcc/objdir/gcc/xgcc version 4.1.2 20070201 (prerelease)
=== libstdc++ tests ===
Running target unix
=== libstdc++ Summary ===
# of expected passes 3370
# of expected failures 12
# of unsupported tests 338
Compiler version: 4.1.2 20070201 (prerelease)
Platform: hppa2.0w-hp-hpux11.11
configure flags: --with-gnu-as --with-as=/opt/gnu/bin/as --enable-shared --with-local-prefix=/opt/gnu --prefix=/opt/gnu/gcc/gcc-4.1.2 --with-gmp=/opt/gnu/gcc/gcc-4.1.2 --enable-threads=posix --enable-debug=no --disable-nls --enable-languages=c,ada,c++,fortran,java,objc,obj-c++
More information about the Gcc-testresults
mailing list