Results for 4.2.0 20070201 (prerelease) testsuite on i686-pc-linux-gnu
CodeSourcery Automatic Testing System
gcc@codesourcery.com
Fri Feb 2 08:00:00 GMT 2007
LAST_UPDATED: Thu Feb 1 08:09:31 UTC 2007 (/branches/gcc-4_2-branch revision 121458)
Native configuration is i686-pc-linux-gnu
=== g++ tests ===
Running target unix
XPASS: g++.dg/tree-ssa/ivopts-1.C scan-tree-dump-not offset: -4B
XPASS: g++.dg/tree-ssa/ivopts-1.C scan-tree-dump-not &x\\[5\\]
=== g++ Summary ===
# of expected passes 13323
# of unexpected successes 2
# of expected failures 67
# of unsupported tests 74
/scratch/gcc/nightly-2007-02-01-4.2/i686-pc-linux-gnu/build_gcc/build/test-4.2-0-i686-pc-linux-gnu/host-i686-pc-linux-gnu/fsf-4.2/bin/c++ version 4.2.0 20070201 (prerelease)
=== gcc tests ===
Running target unix
FAIL: gcc.c-torture/execute/mayalias-2.c compilation, -O3 -g (internal compiler error)
UNRESOLVED: gcc.c-torture/execute/mayalias-2.c execution, -O3 -g
FAIL: gcc.dg/tree-ssa/loadpre1.c scan-tree-dump-times Eliminated: 1 1
FAIL: gcc.dg/tree-ssa/loadpre14.c scan-tree-dump-times Eliminated: 1 1
FAIL: gcc.dg/tree-ssa/loadpre15.c scan-tree-dump-times Eliminated: 1 1
FAIL: gcc.target/i386/vectorize1.c (internal compiler error)
FAIL: gcc.target/i386/vectorize1.c (test for excess errors)
=== gcc Summary ===
# of expected passes 41735
# of unexpected failures 6
# of expected failures 112
# of unresolved testcases 1
# of untested testcases 28
# of unsupported tests 292
/scratch/gcc/nightly-2007-02-01-4.2/i686-pc-linux-gnu/build_gcc/build/test-4.2-0-i686-pc-linux-gnu/host-i686-pc-linux-gnu/fsf-4.2/bin/gcc version 4.2.0 20070201 (prerelease)
=== libstdc++ tests ===
Running target unix
=== libstdc++ Summary ===
# of expected passes 4457
# of expected failures 16
# of unsupported tests 2
Compiler version: 4.2.0 20070201 (prerelease)
Platform: i686-pc-linux-gnu
configure flags: --build=i686-pc-linux-gnu --host=i686-pc-linux-gnu --target=i686-pc-linux-gnu --enable-shared --enable-threads --disable-libmudflap --disable-libssp --disable-libgomp --disable-libstdcxx-pch --with-gnu-as --with-gnu-ld --prefix=/opt/codesourcery --enable-languages=c,c++ --disable-nls --with-build-time-tools=/scratch/gcc/nightly-2007-02-01-4.2/i686-pc-linux-gnu/build_gcc/install/i686-pc-linux-gnu/bin --with-build-time-tools=/scratch/gcc/nightly-2007-02-01-4.2/i686-pc-linux-gnu/build_gcc/install/i686-pc-linux-gnu/bin
More information about the Gcc-testresults
mailing list