Results for 4.3.0 20070202 (experimental) testsuite on i686-pc-linux-gnu
Weidong Cui
mason.cui@gmail.com
Fri Feb 2 03:13:00 GMT 2007
LAST_UPDATED: Fri Feb 2 01:59:00 UTC 2007 (revision 121486)
Native configuration is i686-pc-linux-gnu
=== gcc tests ===
Running target unix
FAIL: gcc.c-torture/execute/mayalias-2.c compilation, -O3 -g (internal compiler error)
UNRESOLVED: gcc.c-torture/execute/mayalias-2.c execution, -O3 -g
FAIL: gcc.c-torture/execute/mayalias-3.c compilation, -O3 -g (internal compiler error)
UNRESOLVED: gcc.c-torture/execute/mayalias-3.c execution, -O3 -g
ERROR: gcc.dg/fold-compare-2.c: error executing dg-final: couldn't open "fold-compare-2.c.051t.vrp1 fold-compare-2.c.053t.vrp1 fold-compare-2.c.054t.vrp1": no such file or directory
UNRESOLVED: gcc.dg/fold-compare-2.c: error executing dg-final: couldn't open "fold-compare-2.c.051t.vrp1 fold-compare-2.c.053t.vrp1 fold-compare-2.c.054t.vrp1": no such file or directory
FAIL: gcc.dg/torture/builtin-pow-mpfr-1.c -O0 scan-tree-dump pow
FAIL: gcc.dg/torture/builtin-pow-mpfr-1.c -O1 scan-tree-dump pow
FAIL: gcc.dg/torture/builtin-pow-mpfr-1.c -O2 scan-tree-dump pow
FAIL: gcc.dg/torture/builtin-pow-mpfr-1.c -O3 -fomit-frame-pointer scan-tree-dump pow
FAIL: gcc.dg/torture/builtin-pow-mpfr-1.c -O3 -g scan-tree-dump pow
FAIL: gcc.dg/torture/builtin-pow-mpfr-1.c -Os scan-tree-dump pow
FAIL: gcc.dg/tree-ssa/loadpre1.c scan-tree-dump-times Eliminated: 1 1
ERROR: gcc.dg/tree-ssa/pr25501.c: error executing dg-final: couldn't open "pr25501.c.029t.mergephi1 pr25501.c.031t.mergephi1 pr25501.c.032t.mergephi1": no such file or directory
UNRESOLVED: gcc.dg/tree-ssa/pr25501.c: error executing dg-final: couldn't open "pr25501.c.029t.mergephi1 pr25501.c.031t.mergephi1 pr25501.c.032t.mergephi1": no such file or directory
ERROR: gcc.dg/tree-ssa/ssa-dse-9.c: error executing dg-final: couldn't open "ssa-dse-9.c.059t.dse1 ssa-dse-9.c.061t.dse1 ssa-dse-9.c.069t.dse1 ssa-dse-9.c.071t.dse1 ssa-dse-9.c.072t.dse1": no such file or directory
UNRESOLVED: gcc.dg/tree-ssa/ssa-dse-9.c: error executing dg-final: couldn't open "ssa-dse-9.c.059t.dse1 ssa-dse-9.c.061t.dse1 ssa-dse-9.c.069t.dse1 ssa-dse-9.c.071t.dse1 ssa-dse-9.c.072t.dse1": no such file or directory
ERROR: gcc.target/i386/vectorize1.c: error executing dg-final: couldn't open "vectorize1.c.082t.vect vectorize1.c.084t.vect vectorize1.c.092t.vect vectorize1.c.094t.vect vectorize1.c.095t.vect vectorize1.c.096t.vect": no such file or directory
UNRESOLVED: gcc.target/i386/vectorize1.c: error executing dg-final: couldn't open "vectorize1.c.082t.vect vectorize1.c.084t.vect vectorize1.c.092t.vect vectorize1.c.094t.vect vectorize1.c.095t.vect vectorize1.c.096t.vect": no such file or directory
=== gcc Summary ===
# of expected passes 42993
# of unexpected failures 9
# of expected failures 111
# of unresolved testcases 6
# of untested testcases 28
# of unsupported tests 298
/home/cuiwd/gcc4/obj/gcc/xgcc version 4.3.0 20070202 (experimental)
=== gfortran tests ===
Running target unix
FAIL: gfortran.dg/record_marker_3.f90 -O0 execution test
FAIL: gfortran.dg/record_marker_3.f90 -O1 execution test
FAIL: gfortran.dg/record_marker_3.f90 -O2 execution test
FAIL: gfortran.dg/record_marker_3.f90 -O3 -fomit-frame-pointer execution test
FAIL: gfortran.dg/record_marker_3.f90 -O3 -fomit-frame-pointer -funroll-loops execution test
FAIL: gfortran.dg/record_marker_3.f90 -O3 -fomit-frame-pointer -funroll-all-loops -finline-functions execution test
FAIL: gfortran.dg/record_marker_3.f90 -O3 -g execution test
FAIL: gfortran.dg/record_marker_3.f90 -Os execution test
FAIL: gfortran.dg/unformatted_subrecord_1.f90 -O0 execution test
FAIL: gfortran.dg/unformatted_subrecord_1.f90 -O1 execution test
FAIL: gfortran.dg/unformatted_subrecord_1.f90 -O2 execution test
FAIL: gfortran.dg/unformatted_subrecord_1.f90 -O3 -fomit-frame-pointer execution test
FAIL: gfortran.dg/unformatted_subrecord_1.f90 -O3 -fomit-frame-pointer -funroll-loops execution test
FAIL: gfortran.dg/unformatted_subrecord_1.f90 -O3 -fomit-frame-pointer -funroll-all-loops -finline-functions execution test
FAIL: gfortran.dg/unformatted_subrecord_1.f90 -O3 -g execution test
FAIL: gfortran.dg/unformatted_subrecord_1.f90 -Os execution test
=== gfortran Summary ===
# of expected passes 16125
# of unexpected failures 16
# of expected failures 7
# of unsupported tests 16
/home/cuiwd/gcc4/obj/gcc/testsuite/gfortran/../../gfortran version 4.3.0 20070202 (experimental)
Compiler version: 4.3.0 20070202 (experimental)
Platform: i686-pc-linux-gnu
configure flags: --prefix=/home/cuiwd/gcc4/ins --with-gmp=/home/cuiwd/gmp421 --enable-languages=c,fortran
More information about the Gcc-testresults
mailing list