Results for 4.0.4 20070129 (prerelease) testsuite on sparc-sun-solaris2.8

Joe Buck Joe.Buck@synopsys.com
Thu Feb 1 23:07:00 GMT 2007


OS: Solaris 8 (or 2.8, or SunOS 5.8, you pick)
System: 4-way 400 MHz SUNW,UltraSPARC-II, 4GB RAM, 6.4GB swap
GNU as and GNU ld used (version 2.17)
gcc 3.2.2 used for bootstrapping
GMP version 4.2.1
MPFR version 2.2.1



Only C, C++, ObjC, and Fortran are tested (no Java).
LAST_UPDATED: Obtained from SVN: branches/gcc-4_0-branch revision 121295

Native configuration is sparc-sun-solaris2.8

		=== g++ tests ===


Running target unix
XPASS: g++.dg/special/conpr-2.C execution test
XPASS: g++.dg/special/initp1.C execution test
FAIL: g++.dg/tls/static-1.C execution test

		=== g++ Summary for unix ===

# of expected passes		11559
# of unexpected failures	1
# of unexpected successes	2
# of expected failures		70
# of unsupported tests		100

Running target unix/-m64
XPASS: g++.dg/special/conpr-2.C execution test
XPASS: g++.dg/special/initp1.C execution test
FAIL: g++.dg/tls/static-1.C execution test

		=== g++ Summary for unix/-m64 ===

# of expected passes		11527
# of unexpected failures	1
# of unexpected successes	2
# of expected failures		70
# of unsupported tests		102

		=== g++ Summary ===

# of expected passes		23086
# of unexpected failures	2
# of unexpected successes	4
# of expected failures		140
# of unsupported tests		202
/remote/atg5/jbuck/gcc-4.0.4-pre-sol2/gcc/testsuite/g++/../../g++  version 4.0.4 20070129 (prerelease)

		=== gcc tests ===


Running target unix
FAIL: gcc.dg/pthread-init-1.c (test for excess errors)
FAIL: gcc.dg/pthread-init-2.c (test for excess errors)
WARNING: gcc.dg/tls/opt-11.c compilation failed to produce executable
FAIL: gcc.dg/tls/pr24428-2.c execution test
FAIL: gcc.dg/tls/pr24428.c execution test

		=== gcc Summary for unix ===

# of expected passes		35164
# of unexpected failures	4
# of expected failures		95
# of untested testcases		28
# of unsupported tests		541

Running target unix/-m64
FAIL: gcc.dg/pthread-init-1.c (test for excess errors)
FAIL: gcc.dg/pthread-init-2.c (test for excess errors)
FAIL: gcc.dg/special/gcsec-1.c (test for excess errors)
WARNING: gcc.dg/special/gcsec-1.c compilation failed to produce executable
WARNING: gcc.dg/tls/opt-11.c compilation failed to produce executable
FAIL: gcc.dg/tls/pr24428-2.c execution test
FAIL: gcc.dg/tls/pr24428.c execution test

		=== gcc Summary for unix/-m64 ===

# of expected passes		35155
# of unexpected failures	5
# of expected failures		95
# of untested testcases		28
# of unsupported tests		544

		=== gcc Summary ===

# of expected passes		70319
# of unexpected failures	9
# of expected failures		190
# of untested testcases		56
# of unsupported tests		1085
/remote/atg5/jbuck/gcc-4.0.4-pre-sol2/gcc/xgcc  version 4.0.4 20070129 (prerelease)

		=== gfortran tests ===


Running target unix

		=== gfortran Summary for unix ===

# of expected passes		8821
# of expected failures		1
# of unsupported tests		17

Running target unix/-m64

		=== gfortran Summary for unix/-m64 ===

# of expected passes		8805
# of expected failures		1
# of unsupported tests		25

		=== gfortran Summary ===

# of expected passes		17626
# of expected failures		2
# of unsupported tests		42
/remote/atg5/jbuck/gcc-4.0.4-pre-sol2/gcc/testsuite/gfortran/../../gfortran  version 4.0.4 20070129 (prerelease)

		=== objc tests ===


Running target unix

		=== objc Summary for unix ===

# of expected passes		1554
# of unsupported tests		10

Running target unix/-m64

		=== objc Summary for unix/-m64 ===

# of expected passes		1554
# of unsupported tests		10

		=== objc Summary ===

# of expected passes		3108
# of unsupported tests		20
/remote/atg5/jbuck/gcc-4.0.4-pre-sol2/gcc/xgcc  version 4.0.4 20070129 (prerelease)

		=== libstdc++ tests ===


Running target unix

		=== libstdc++ Summary for unix ===

# of expected passes		3694
# of expected failures		14
# of unsupported tests		9

Running target unix/-m64
FAIL: ext/array_allocator/2.cc execution test

		=== libstdc++ Summary for unix/-m64 ===

# of expected passes		3693
# of unexpected failures	1
# of expected failures		14
# of unsupported tests		9

		=== libstdc++ Summary ===

# of expected passes		7387
# of unexpected failures	1
# of expected failures		28
# of unsupported tests		18

Compiler version: 4.0.4 20070129 (prerelease) 
Platform: sparc-sun-solaris2.8
configure flags: --prefix=/u/jbuck/cvs.sol2/4.0.4-pre --with-gnu-as --with-as=/u/jbuck/gnu.sol2/bin/as --with-gnu-ld --with-ld=/u/jbuck/gnu.sol2/bin/ld --with-libiconv-prefix=/depot/libiconv --with-mpfr=/u/jbuck/gnu.sol2 --with-gmp=/u/jbuck/gnu.sol2 --enable-languages=c,c++,f95,objc



More information about the Gcc-testresults mailing list