Results for 4.3.0 20071230 (experimental) [trunk revision 131228] testsuite on i686-apple-darwin9
Dominique Dhumieres
dominiq@lps.ens.fr
Sun Dec 30 11:38:00 GMT 2007
LAST_UPDATED: Updated Sun Dec 30 01:50:13 CET 2007 (revision 131228).
Note that inorder to reduce the number of failures in the obj* tests,
I have filtered out some warnings by adding the lines
regsub -all "(^|\n).*deprecated.*" $text "" text
regsub -all "(^|\n).*found in unsupported section.*" $text "" text
in gcc/testsuite/lib/prune.exp.
Native configuration is i686-apple-darwin9
=== g++ tests ===
Running target unix
FAIL: tmpdir-g++.dg-struct-layout-1/t026 cp_compat_x_tst.o-cp_compat_y_tst.o execute
FAIL: g++.dg/ext/visibility/anon6.C scan-assembler 1BIiE1cE
FAIL: g++.dg/pubtypes.C scan-assembler long+[ \\t]+0x24+[ \\t]+[#;]+[ \\t]+Length of Public Type Names Info
FAIL: g++.dg/template/spec35.C scan-assembler .glob(a|)l[\\t ]*_Z2f2IfEvT_
FAIL: g++.dg/template/spec35.C scan-assembler .weak[\\t ]*_Z2f2IiEvT_
FAIL: g++.dg/special/conpr-3.C execution test
FAIL: g++.dg/special/initpri1.C execution test
FAIL: g++.old-deja/g++.pt/const2.C (test for excess errors)
=== g++ Summary for unix ===
# of expected passes 17007
# of unexpected failures 8
# of expected failures 84
# of unsupported tests 125
Running target unix/-m64
FAIL: g++.dg/ext/visibility/anon6.C scan-assembler 1BIiE1cE
FAIL: g++.dg/ext/visibility/class1.C scan-assembler InitEv@PLT|indirect_symbol.*InitEv
FAIL: g++.dg/inherit/override-attribs.C (test for errors, line 7)
FAIL: g++.dg/inherit/override-attribs.C (test for errors, line 14)
FAIL: g++.dg/inherit/override-attribs.C (test for excess errors)
FAIL: g++.dg/pubtypes.C scan-assembler long+[ \\t]+0x24+[ \\t]+[#;]+[ \\t]+Length of Public Type Names Info
FAIL: g++.dg/template/spec35.C scan-assembler .glob(a|)l[\\t ]*_Z2f2IfEvT_
FAIL: g++.dg/template/spec35.C scan-assembler .weak[\\t ]*_Z2f2IiEvT_
FAIL: g++.dg/special/conpr-3.C execution test
FAIL: g++.dg/special/initpri1.C execution test
FAIL: g++.old-deja/g++.pt/const2.C (test for excess errors)
=== g++ Summary for unix/-m64 ===
# of expected passes 16925
# of unexpected failures 11
# of expected failures 84
# of unsupported tests 151
=== g++ Summary ===
# of expected passes 33932
# of unexpected failures 19
# of expected failures 168
# of unsupported tests 276
/opt/gcc/i686-darwin/gcc/testsuite/g++/../../g++ version 4.3.0 20071230 (experimental) (GCC)
=== gcc tests ===
Running target unix
FAIL: gcc.c-torture/execute/20000801-4.c execution, -O1
FAIL: gcc.c-torture/execute/20000801-4.c execution, -O2
FAIL: gcc.c-torture/execute/20000801-4.c execution, -O3 -fomit-frame-pointer
FAIL: gcc.c-torture/execute/20000801-4.c execution, -O3 -g
FAIL: gcc.c-torture/execute/20000801-4.c execution, -Os
FAIL: gcc.c-torture/execute/va-arg-25.c compilation, -Os (internal compiler error)
UNRESOLVED: gcc.c-torture/execute/va-arg-25.c execution, -Os
FAIL: gcc.dg/initpri1.c execution test
FAIL: gcc.dg/struct/wo_prof_malloc_size_var.c (internal compiler error)
FAIL: gcc.dg/struct/wo_prof_malloc_size_var.c (test for excess errors)
WARNING: gcc.dg/struct/wo_prof_malloc_size_var.c compilation failed to produce executable
FAIL: gcc.dg/tree-ssa/gen-vect-11b.c scan-tree-dump-times vect "vectorized 0 loops" 1
FAIL: gcc.dg/tree-ssa/gen-vect-11c.c scan-tree-dump-times vect "vectorized 0 loops" 1
FAIL: gcc.dg/tree-ssa/loop-19.c scan-tree-dump-times final_cleanup "MEM.(base: &|symbol: )a," 2
FAIL: gcc.dg/tree-ssa/loop-19.c scan-tree-dump-times final_cleanup "MEM.(base: &|symbol: )c," 2
FAIL: gcc.target/i386/addr-sel-1.c scan-assembler a\\\\+1
FAIL: gcc.target/i386/addr-sel-1.c scan-assembler b\\\\+1
FAIL: gcc.target/i386/asm-3.c (test for excess errors)
WARNING: gcc.target/i386/asm-3.c compilation failed to produce executable
XPASS: gcc.target/i386/builtin-apply-mmx.c execution test
FAIL: gcc.target/i386/pr17390.c scan-assembler-times fnstsw 1
FAIL: gcc.target/i386/sse4_1-blendvpd.c (test for excess errors)
WARNING: gcc.target/i386/sse4_1-blendvpd.c compilation failed to produce executable
FAIL: gcc.target/i386/sse4_1-blendvps.c (test for excess errors)
WARNING: gcc.target/i386/sse4_1-blendvps.c compilation failed to produce executable
FAIL: gcc.target/i386/sse4_1-insertps-1.c (test for excess errors)
WARNING: gcc.target/i386/sse4_1-insertps-1.c compilation failed to produce executable
FAIL: gcc.target/i386/sse4_1-insertps-2.c (test for excess errors)
WARNING: gcc.target/i386/sse4_1-insertps-2.c compilation failed to produce executable
FAIL: gcc.target/i386/sse4_1-pblendvb.c (test for excess errors)
WARNING: gcc.target/i386/sse4_1-pblendvb.c compilation failed to produce executable
FAIL: gcc.target/i386/sse4_2-popcntl.c (test for excess errors)
WARNING: gcc.target/i386/sse4_2-popcntl.c compilation failed to produce executable
=== gcc Summary for unix ===
# of expected passes 47360
# of unexpected failures 23
# of unexpected successes 1
# of expected failures 161
# of unresolved testcases 1
# of untested testcases 35
# of unsupported tests 362
Running target unix/-m64
FAIL: gcc.c-torture/execute/20000801-4.c execution, -O1
FAIL: gcc.c-torture/execute/20000801-4.c execution, -O2
FAIL: gcc.c-torture/execute/20000801-4.c execution, -O3 -fomit-frame-pointer
FAIL: gcc.c-torture/execute/20000801-4.c execution, -O3 -g
FAIL: gcc.c-torture/execute/20000801-4.c execution, -Os
FAIL: gcc.dg/initpri1.c execution test
FAIL: gcc.dg/struct/wo_prof_global_var.c execution test
FAIL: gcc.dg/struct/wo_prof_local_var.c execution test
FAIL: gcc.dg/struct/wo_prof_mult_field_peeling.c execution test
FAIL: gcc.dg/struct/wo_prof_two_strs.c execution test
FAIL: gcc.dg/struct/w_prof_global_var.c execution, -O3 -fwhole-program -combine -fipa-type-escape -fprofile-use -fipa-struct-reorg -fdump
-ipa-all
FAIL: gcc.dg/struct/w_prof_local_var.c execution, -O3 -fwhole-program -combine -fipa-type-escape -fprofile-use -fipa-struct-reorg -fdump-
ipa-all
FAIL: gcc.dg/struct/w_prof_two_strs.c execution, -O3 -fwhole-program -combine -fipa-type-escape -fprofile-use -fipa-struct-reorg -fdump-i
pa-all
FAIL: gcc.dg/tree-ssa/loop-19.c scan-tree-dump-times final_cleanup "MEM.(base: &|symbol: )a," 2
FAIL: gcc.dg/tree-ssa/loop-19.c scan-tree-dump-times final_cleanup "MEM.(base: &|symbol: )c," 2
FAIL: gcc.dg/tree-ssa/loop-3.c scan-tree-dump-times optimized "step:" 1
FAIL: gcc.misc-tests/linkage.c link
FAIL: gcc.target/i386/pr32661-1.c scan-assembler-times mov 2
FAIL: gcc.target/i386/sse4_1-blendvpd.c (test for excess errors)
WARNING: gcc.target/i386/sse4_1-blendvpd.c compilation failed to produce executable
FAIL: gcc.target/i386/sse4_1-blendvps.c (test for excess errors)
WARNING: gcc.target/i386/sse4_1-blendvps.c compilation failed to produce executable
FAIL: gcc.target/i386/sse4_1-insertps-1.c (test for excess errors)
WARNING: gcc.target/i386/sse4_1-insertps-1.c compilation failed to produce executable
FAIL: gcc.target/i386/sse4_1-insertps-2.c (test for excess errors)
WARNING: gcc.target/i386/sse4_1-insertps-2.c compilation failed to produce executable
FAIL: gcc.target/i386/sse4_1-pblendvb.c (test for excess errors)
WARNING: gcc.target/i386/sse4_1-pblendvb.c compilation failed to produce executable
FAIL: gcc.target/i386/sse4_2-popcntl.c (test for excess errors)
WARNING: gcc.target/i386/sse4_2-popcntl.c compilation failed to produce executable
FAIL: gcc.target/i386/sse4_2-popcntq.c (test for excess errors)
WARNING: gcc.target/i386/sse4_2-popcntq.c compilation failed to produce executable
=== gcc Summary for unix/-m64 ===
# of expected passes 47225
# of unexpected failures 25
# of expected failures 161
# of untested testcases 35
# of unsupported tests 474
=== gcc Summary ===
# of expected passes 94585
# of unexpected failures 48
# of unexpected successes 1
# of expected failures 322
# of unresolved testcases 1
# of untested testcases 70
# of unsupported tests 836
/opt/gcc/i686-darwin/gcc/xgcc version 4.3.0 20071230 (experimental) (GCC)
=== gfortran tests ===
Running target unix
FAIL: gfortran.fortran-torture/execute/intrinsic_set_exponent.f90 execution, -O0
FAIL: gfortran.fortran-torture/execute/intrinsic_set_exponent.f90 execution, -O1
FAIL: gfortran.fortran-torture/execute/intrinsic_set_exponent.f90 execution, -O2
FAIL: gfortran.fortran-torture/execute/intrinsic_set_exponent.f90 execution, -O3 -fomit-frame-pointer
FAIL: gfortran.fortran-torture/execute/intrinsic_set_exponent.f90 execution, -O3 -fomit-frame-pointer -funroll-loops
FAIL: gfortran.fortran-torture/execute/intrinsic_set_exponent.f90 execution, -O3 -fomit-frame-pointer -funroll-all-loops -finline-functions
FAIL: gfortran.fortran-torture/execute/intrinsic_set_exponent.f90 execution, -O3 -g
FAIL: gfortran.fortran-torture/execute/intrinsic_set_exponent.f90 execution, -Os
=== gfortran Summary for unix ===
# of expected passes 22892
# of unexpected failures 8
# of expected failures 16
# of unsupported tests 38
Running target unix/-m64
FAIL: gfortran.fortran-torture/execute/intrinsic_set_exponent.f90 execution, -O0
FAIL: gfortran.fortran-torture/execute/intrinsic_set_exponent.f90 execution, -O1
FAIL: gfortran.fortran-torture/execute/intrinsic_set_exponent.f90 execution, -O2
FAIL: gfortran.fortran-torture/execute/intrinsic_set_exponent.f90 execution, -O3 -fomit-frame-pointer
FAIL: gfortran.fortran-torture/execute/intrinsic_set_exponent.f90 execution, -O3 -fomit-frame-pointer -funroll-loops
FAIL: gfortran.fortran-torture/execute/intrinsic_set_exponent.f90 execution, -O3 -fomit-frame-pointer -funroll-all-loops -finline-functions
FAIL: gfortran.fortran-torture/execute/intrinsic_set_exponent.f90 execution, -O3 -g
FAIL: gfortran.fortran-torture/execute/intrinsic_set_exponent.f90 execution, -Os
=== gfortran Summary for unix/-m64 ===
# of expected passes 22890
# of unexpected failures 8
# of expected failures 16
# of unsupported tests 40
=== gfortran Summary ===
# of expected passes 45782
# of unexpected failures 16
# of expected failures 32
# of unsupported tests 78
/opt/gcc/i686-darwin/gcc/testsuite/gfortran/../../gfortran version 4.3.0 20071230 (experimental) (GCC)
=== obj-c++ tests ===
Running target unix
FAIL: obj-c++.dg/basic.mm execution test
FAIL: obj-c++.dg/bitfield-2.mm execution test
FAIL: obj-c++.dg/cxx-ivars-1.mm execution test
FAIL: obj-c++.dg/cxx-ivars-2.mm execution test
FAIL: obj-c++.dg/cxx-scope-1.mm execution test
FAIL: obj-c++.dg/defs.mm execution test
FAIL: obj-c++.dg/encode-2.mm scan-assembler {Vec<float>=ffi}
FAIL: obj-c++.dg/encode-2.mm scan-assembler {Vec<double>=ddi}
FAIL: obj-c++.dg/encode-3.mm execution test
FAIL: obj-c++.dg/encode-4.mm execution test
FAIL: obj-c++.dg/encode-5.mm (test for excess errors)
WARNING: obj-c++.dg/encode-5.mm compilation failed to produce executable
FAIL: obj-c++.dg/except-1.mm execution test
FAIL: obj-c++.dg/gnu-runtime-2.mm (test for excess errors)
FAIL: obj-c++.dg/lookup-2.mm execution test
FAIL: obj-c++.dg/method-10.mm execution test
FAIL: obj-c++.dg/method-12.mm (test for excess errors)
FAIL: obj-c++.dg/method-17.mm execution test
FAIL: obj-c++.dg/method-19.mm execution test
FAIL: obj-c++.dg/proto-lossage-3.mm (test for excess errors)
WARNING: obj-c++.dg/proto-lossage-3.mm compilation failed to produce executable
FAIL: obj-c++.dg/proto-qual-1.mm (test for excess errors)
WARNING: obj-c++.dg/proto-qual-1.mm compilation failed to produce executable
FAIL: obj-c++.dg/qual-types-1.mm execution test
FAIL: obj-c++.dg/stubify-2.mm (test for excess errors)
ERROR: obj-c++.dg/stubify-2.mm: error executing dg-final: couldn't open "stubify-2.mm.08.jump": no such file or directory
UNRESOLVED: obj-c++.dg/stubify-2.mm: error executing dg-final: couldn't open "stubify-2.mm.08.jump": no such file or directory
FAIL: obj-c++.dg/template-1.mm execution test
FAIL: obj-c++.dg/template-3.mm execution test
FAIL: obj-c++.dg/template-4.mm execution test
FAIL: obj-c++.dg/try-catch-2.mm execution test
FAIL: obj-c++.dg/try-catch-9.mm execution test
FAIL: obj-c++.dg/va-meth-1.mm execution test
=== obj-c++ Summary for unix ===
# of expected passes 431
# of unexpected failures 28
# of unresolved testcases 1
# of unsupported tests 1
Running target unix/-m64
FAIL: obj-c++.dg/basic.mm execution test
FAIL: obj-c++.dg/bitfield-1.mm (test for excess errors)
FAIL: obj-c++.dg/bitfield-2.mm execution test
FAIL: obj-c++.dg/bitfield-4.mm (test for excess errors)
FAIL: obj-c++.dg/const-str-10.mm scan-assembler .long\\t__NSConstantStringClassReference\\n\\t.long\\t.*\\n\\t.long\\t5\\n\\t.data
FAIL: obj-c++.dg/const-str-11.mm scan-assembler .long\\t__XStrClassReference\\n\\t.long\\t.*\\n\\t.long\\t5\\n\\t.data
FAIL: obj-c++.dg/const-str-3.mm execution test
FAIL: obj-c++.dg/cxx-ivars-1.mm execution test
FAIL: obj-c++.dg/cxx-ivars-2.mm execution test
FAIL: obj-c++.dg/cxx-ivars-3.mm execution test
FAIL: obj-c++.dg/cxx-scope-1.mm execution test
FAIL: obj-c++.dg/defs.mm execution test
FAIL: obj-c++.dg/encode-2.mm scan-assembler {Vec<float>=ffi}
FAIL: obj-c++.dg/encode-2.mm scan-assembler {Vec<double>=ddi}
FAIL: obj-c++.dg/encode-3.mm execution test
FAIL: obj-c++.dg/encode-4.mm execution test
FAIL: obj-c++.dg/encode-5.mm (test for excess errors)
WARNING: obj-c++.dg/encode-5.mm compilation failed to produce executable
FAIL: obj-c++.dg/encode-6.mm execution test
FAIL: obj-c++.dg/except-1.mm execution test
FAIL: obj-c++.dg/gnu-runtime-2.mm (test for excess errors)
FAIL: obj-c++.dg/layout-1.mm (test for excess errors)
FAIL: obj-c++.dg/lookup-2.mm execution test
FAIL: obj-c++.dg/method-10.mm execution test
FAIL: obj-c++.dg/method-12.mm (test for excess errors)
FAIL: obj-c++.dg/method-17.mm execution test
FAIL: obj-c++.dg/method-19.mm execution test
FAIL: obj-c++.dg/proto-lossage-3.mm (test for excess errors)
WARNING: obj-c++.dg/proto-lossage-3.mm compilation failed to produce executable
FAIL: obj-c++.dg/proto-qual-1.mm (test for excess errors)
WARNING: obj-c++.dg/proto-qual-1.mm compilation failed to produce executable
FAIL: obj-c++.dg/qual-types-1.mm execution test
FAIL: obj-c++.dg/stubify-2.mm (test for excess errors)
ERROR: obj-c++.dg/stubify-2.mm: error executing dg-final: couldn't open "stubify-2.mm.08.jump": no such file or directory
UNRESOLVED: obj-c++.dg/stubify-2.mm: error executing dg-final: couldn't open "stubify-2.mm.08.jump": no such file or directory
FAIL: obj-c++.dg/template-1.mm execution test
FAIL: obj-c++.dg/template-3.mm execution test
WARNING: obj-c++.dg/try-catch-2.mm compilation failed to produce executable
WARNING: obj-c++.dg/try-catch-9.mm compilation failed to produce executable
FAIL: obj-c++.dg/va-meth-1.mm execution test
=== obj-c++ Summary for unix/-m64 ===
# of expected passes 419
# of unexpected failures 33
# of unresolved testcases 1
# of unsupported tests 3
=== obj-c++ Summary ===
# of expected passes 850
# of unexpected failures 61
# of unresolved testcases 2
# of unsupported tests 4
/opt/gcc/i686-darwin/gcc/testsuite/obj-c++/../../g++ version 4.3.0 20071230 (experimental) (GCC)
=== objc tests ===
Running target unix
FAIL: objc/execute/bycopy-1.m compilation, -O0 -fnext-runtime
UNRESOLVED: objc/execute/bycopy-1.m execution, -O0 -fnext-runtime
FAIL: objc/execute/bycopy-1.m compilation, -O1 -fnext-runtime
UNRESOLVED: objc/execute/bycopy-1.m execution, -O1 -fnext-runtime
FAIL: objc/execute/bycopy-1.m compilation, -O2 -fnext-runtime
UNRESOLVED: objc/execute/bycopy-1.m execution, -O2 -fnext-runtime
FAIL: objc/execute/bycopy-1.m compilation, -O3 -fomit-frame-pointer -fnext-runtime
UNRESOLVED: objc/execute/bycopy-1.m execution, -O3 -fomit-frame-pointer -fnext-runtime
FAIL: objc/execute/bycopy-1.m compilation, -O3 -g -fnext-runtime
UNRESOLVED: objc/execute/bycopy-1.m execution, -O3 -g -fnext-runtime
FAIL: objc/execute/bycopy-1.m compilation, -Os -fnext-runtime
UNRESOLVED: objc/execute/bycopy-1.m execution, -Os -fnext-runtime
FAIL: objc/execute/bycopy-2.m compilation, -O0 -fnext-runtime
UNRESOLVED: objc/execute/bycopy-2.m execution, -O0 -fnext-runtime
FAIL: objc/execute/bycopy-2.m compilation, -O1 -fnext-runtime
UNRESOLVED: objc/execute/bycopy-2.m execution, -O1 -fnext-runtime
FAIL: objc/execute/bycopy-2.m compilation, -O2 -fnext-runtime
UNRESOLVED: objc/execute/bycopy-2.m execution, -O2 -fnext-runtime
FAIL: objc/execute/bycopy-2.m compilation, -O3 -fomit-frame-pointer -fnext-runtime
UNRESOLVED: objc/execute/bycopy-2.m execution, -O3 -fomit-frame-pointer -fnext-runtime
FAIL: objc/execute/bycopy-2.m compilation, -O3 -g -fnext-runtime
UNRESOLVED: objc/execute/bycopy-2.m execution, -O3 -g -fnext-runtime
FAIL: objc/execute/bycopy-2.m compilation, -Os -fnext-runtime
UNRESOLVED: objc/execute/bycopy-2.m execution, -Os -fnext-runtime
FAIL: objc/execute/bycopy-3.m compilation, -O0 -fnext-runtime
UNRESOLVED: objc/execute/bycopy-3.m execution, -O0 -fnext-runtime
FAIL: objc/execute/bycopy-3.m compilation, -O1 -fnext-runtime
UNRESOLVED: objc/execute/bycopy-3.m execution, -O1 -fnext-runtime
FAIL: objc/execute/bycopy-3.m compilation, -O2 -fnext-runtime
UNRESOLVED: objc/execute/bycopy-3.m execution, -O2 -fnext-runtime
FAIL: objc/execute/bycopy-3.m compilation, -O3 -fomit-frame-pointer -fnext-runtime
UNRESOLVED: objc/execute/bycopy-3.m execution, -O3 -fomit-frame-pointer -fnext-runtime
FAIL: objc/execute/bycopy-3.m compilation, -O3 -g -fnext-runtime
UNRESOLVED: objc/execute/bycopy-3.m execution, -O3 -g -fnext-runtime
FAIL: objc/execute/bycopy-3.m compilation, -Os -fnext-runtime
UNRESOLVED: objc/execute/bycopy-3.m execution, -Os -fnext-runtime
FAIL: objc/execute/formal_protocol-5.m compilation, -O0 -fnext-runtime
UNRESOLVED: objc/execute/formal_protocol-5.m execution, -O0 -fnext-runtime
FAIL: objc/execute/formal_protocol-5.m compilation, -O1 -fnext-runtime
UNRESOLVED: objc/execute/formal_protocol-5.m execution, -O1 -fnext-runtime
FAIL: objc/execute/formal_protocol-5.m compilation, -O2 -fnext-runtime
UNRESOLVED: objc/execute/formal_protocol-5.m execution, -O2 -fnext-runtime
FAIL: objc/execute/formal_protocol-5.m compilation, -O3 -fomit-frame-pointer -fnext-runtime
UNRESOLVED: objc/execute/formal_protocol-5.m execution, -O3 -fomit-frame-pointer -fnext-runtime
FAIL: objc/execute/formal_protocol-5.m compilation, -O3 -g -fnext-runtime
UNRESOLVED: objc/execute/formal_protocol-5.m execution, -O3 -g -fnext-runtime
FAIL: objc/execute/formal_protocol-5.m compilation, -Os -fnext-runtime
UNRESOLVED: objc/execute/formal_protocol-5.m execution, -Os -fnext-runtime
FAIL: objc/execute/formal_protocol-6.m compilation, -O0 -fnext-runtime
UNRESOLVED: objc/execute/formal_protocol-6.m execution, -O0 -fnext-runtime
FAIL: objc/execute/formal_protocol-6.m compilation, -O1 -fnext-runtime
UNRESOLVED: objc/execute/formal_protocol-6.m execution, -O1 -fnext-runtime
FAIL: objc/execute/formal_protocol-6.m compilation, -O2 -fnext-runtime
UNRESOLVED: objc/execute/formal_protocol-6.m execution, -O2 -fnext-runtime
FAIL: objc/execute/formal_protocol-6.m compilation, -O3 -fomit-frame-pointer -fnext-runtime
UNRESOLVED: objc/execute/formal_protocol-6.m execution, -O3 -fomit-frame-pointer -fnext-runtime
FAIL: objc/execute/formal_protocol-6.m compilation, -O3 -g -fnext-runtime
UNRESOLVED: objc/execute/formal_protocol-6.m execution, -O3 -g -fnext-runtime
FAIL: objc/execute/formal_protocol-6.m compilation, -Os -fnext-runtime
UNRESOLVED: objc/execute/formal_protocol-6.m execution, -Os -fnext-runtime
FAIL: objc/execute/formal_protocol-7.m compilation, -O0 -fnext-runtime
UNRESOLVED: objc/execute/formal_protocol-7.m execution, -O0 -fnext-runtime
FAIL: objc/execute/formal_protocol-7.m compilation, -O1 -fnext-runtime
UNRESOLVED: objc/execute/formal_protocol-7.m execution, -O1 -fnext-runtime
FAIL: objc/execute/formal_protocol-7.m compilation, -O2 -fnext-runtime
UNRESOLVED: objc/execute/formal_protocol-7.m execution, -O2 -fnext-runtime
FAIL: objc/execute/formal_protocol-7.m compilation, -O3 -fomit-frame-pointer -fnext-runtime
UNRESOLVED: objc/execute/formal_protocol-7.m execution, -O3 -fomit-frame-pointer -fnext-runtime
FAIL: objc/execute/formal_protocol-7.m compilation, -O3 -g -fnext-runtime
UNRESOLVED: objc/execute/formal_protocol-7.m execution, -O3 -g -fnext-runtime
FAIL: objc/execute/formal_protocol-7.m compilation, -Os -fnext-runtime
UNRESOLVED: objc/execute/formal_protocol-7.m execution, -Os -fnext-runtime
FAIL: objc/execute/np-1.m compilation, -O0 -fnext-runtime
UNRESOLVED: objc/execute/np-1.m execution, -O0 -fnext-runtime
FAIL: objc/execute/np-1.m compilation, -O1 -fnext-runtime
UNRESOLVED: objc/execute/np-1.m execution, -O1 -fnext-runtime
FAIL: objc/execute/np-1.m compilation, -O2 -fnext-runtime
UNRESOLVED: objc/execute/np-1.m execution, -O2 -fnext-runtime
FAIL: objc/execute/np-1.m compilation, -O3 -fomit-frame-pointer -fnext-runtime
UNRESOLVED: objc/execute/np-1.m execution, -O3 -fomit-frame-pointer -fnext-runtime
FAIL: objc/execute/np-1.m compilation, -O3 -g -fnext-runtime
UNRESOLVED: objc/execute/np-1.m execution, -O3 -g -fnext-runtime
FAIL: objc/execute/np-1.m compilation, -Os -fnext-runtime
UNRESOLVED: objc/execute/np-1.m execution, -Os -fnext-runtime
FAIL: objc/execute/np-2.m compilation, -O0 -fnext-runtime
UNRESOLVED: objc/execute/np-2.m execution, -O0 -fnext-runtime
FAIL: objc/execute/np-2.m compilation, -O1 -fnext-runtime
UNRESOLVED: objc/execute/np-2.m execution, -O1 -fnext-runtime
FAIL: objc/execute/np-2.m compilation, -O2 -fnext-runtime
UNRESOLVED: objc/execute/np-2.m execution, -O2 -fnext-runtime
FAIL: objc/execute/np-2.m compilation, -O3 -fomit-frame-pointer -fnext-runtime
UNRESOLVED: objc/execute/np-2.m execution, -O3 -fomit-frame-pointer -fnext-runtime
FAIL: objc/execute/np-2.m compilation, -O3 -g -fnext-runtime
UNRESOLVED: objc/execute/np-2.m execution, -O3 -g -fnext-runtime
FAIL: objc/execute/np-2.m compilation, -Os -fnext-runtime
UNRESOLVED: objc/execute/np-2.m execution, -Os -fnext-runtime
FAIL: objc/execute/protocol-isEqual-1.m compilation, -O0 -fnext-runtime
UNRESOLVED: objc/execute/protocol-isEqual-1.m execution, -O0 -fnext-runtime
FAIL: objc/execute/protocol-isEqual-1.m compilation, -O1 -fnext-runtime
UNRESOLVED: objc/execute/protocol-isEqual-1.m execution, -O1 -fnext-runtime
FAIL: objc/execute/protocol-isEqual-1.m compilation, -O2 -fnext-runtime
UNRESOLVED: objc/execute/protocol-isEqual-1.m execution, -O2 -fnext-runtime
FAIL: objc/execute/protocol-isEqual-1.m compilation, -O3 -fomit-frame-pointer -fnext-runtime
UNRESOLVED: objc/execute/protocol-isEqual-1.m execution, -O3 -fomit-frame-pointer -fnext-runtime
FAIL: objc/execute/protocol-isEqual-1.m compilation, -O3 -g -fnext-runtime
UNRESOLVED: objc/execute/protocol-isEqual-1.m execution, -O3 -g -fnext-runtime
FAIL: objc/execute/protocol-isEqual-1.m compilation, -Os -fnext-runtime
UNRESOLVED: objc/execute/protocol-isEqual-1.m execution, -Os -fnext-runtime
FAIL: objc/execute/protocol-isEqual-2.m compilation, -O0 -fnext-runtime
UNRESOLVED: objc/execute/protocol-isEqual-2.m execution, -O0 -fnext-runtime
FAIL: objc/execute/protocol-isEqual-2.m compilation, -O1 -fnext-runtime
UNRESOLVED: objc/execute/protocol-isEqual-2.m execution, -O1 -fnext-runtime
FAIL: objc/execute/protocol-isEqual-2.m compilation, -O2 -fnext-runtime
UNRESOLVED: objc/execute/protocol-isEqual-2.m execution, -O2 -fnext-runtime
FAIL: objc/execute/protocol-isEqual-2.m compilation, -O3 -fomit-frame-pointer -fnext-runtime
UNRESOLVED: objc/execute/protocol-isEqual-2.m execution, -O3 -fomit-frame-pointer -fnext-runtime
FAIL: objc/execute/protocol-isEqual-2.m compilation, -O3 -g -fnext-runtime
UNRESOLVED: objc/execute/protocol-isEqual-2.m execution, -O3 -g -fnext-runtime
FAIL: objc/execute/protocol-isEqual-2.m compilation, -Os -fnext-runtime
UNRESOLVED: objc/execute/protocol-isEqual-2.m execution, -Os -fnext-runtime
FAIL: objc/execute/protocol-isEqual-3.m compilation, -O0 -fnext-runtime
UNRESOLVED: objc/execute/protocol-isEqual-3.m execution, -O0 -fnext-runtime
FAIL: objc/execute/protocol-isEqual-3.m compilation, -O1 -fnext-runtime
UNRESOLVED: objc/execute/protocol-isEqual-3.m execution, -O1 -fnext-runtime
FAIL: objc/execute/protocol-isEqual-3.m compilation, -O2 -fnext-runtime
UNRESOLVED: objc/execute/protocol-isEqual-3.m execution, -O2 -fnext-runtime
FAIL: objc/execute/protocol-isEqual-3.m compilation, -O3 -fomit-frame-pointer -fnext-runtime
UNRESOLVED: objc/execute/protocol-isEqual-3.m execution, -O3 -fomit-frame-pointer -fnext-runtime
FAIL: objc/execute/protocol-isEqual-3.m compilation, -O3 -g -fnext-runtime
UNRESOLVED: objc/execute/protocol-isEqual-3.m execution, -O3 -g -fnext-runtime
FAIL: objc/execute/protocol-isEqual-3.m compilation, -Os -fnext-runtime
UNRESOLVED: objc/execute/protocol-isEqual-3.m execution, -Os -fnext-runtime
FAIL: objc/execute/protocol-isEqual-4.m compilation, -O0 -fnext-runtime
UNRESOLVED: objc/execute/protocol-isEqual-4.m execution, -O0 -fnext-runtime
FAIL: objc/execute/protocol-isEqual-4.m compilation, -O1 -fnext-runtime
UNRESOLVED: objc/execute/protocol-isEqual-4.m execution, -O1 -fnext-runtime
FAIL: objc/execute/protocol-isEqual-4.m compilation, -O2 -fnext-runtime
UNRESOLVED: objc/execute/protocol-isEqual-4.m execution, -O2 -fnext-runtime
FAIL: objc/execute/protocol-isEqual-4.m compilation, -O3 -fomit-frame-pointer -fnext-runtime
UNRESOLVED: objc/execute/protocol-isEqual-4.m execution, -O3 -fomit-frame-pointer -fnext-runtime
FAIL: objc/execute/protocol-isEqual-4.m compilation, -O3 -g -fnext-runtime
UNRESOLVED: objc/execute/protocol-isEqual-4.m execution, -O3 -g -fnext-runtime
FAIL: objc/execute/protocol-isEqual-4.m compilation, -Os -fnext-runtime
UNRESOLVED: objc/execute/protocol-isEqual-4.m execution, -Os -fnext-runtime
FAIL: objc.dg/encode-3.m (test for excess errors)
WARNING: objc.dg/encode-3.m compilation failed to produce executable
FAIL: objc.dg/headers.m (test for excess errors)
FAIL: objc.dg/method-6.m (test for excess errors)
FAIL: objc.dg/no-extra-load.m (test for excess errors)
ERROR: objc.dg/no-extra-load.m: error executing dg-final: couldn't open "no-extra-load.s": no such file or directory
UNRESOLVED: objc.dg/no-extra-load.m: error executing dg-final: couldn't open "no-extra-load.s": no such file or directory
FAIL: objc.dg/proto-lossage-3.m (test for excess errors)
WARNING: objc.dg/proto-lossage-3.m compilation failed to produce executable
FAIL: objc.dg/proto-qual-1.m (test for excess errors)
WARNING: objc.dg/proto-qual-1.m compilation failed to produce executable
FAIL: objc.dg/stret-2.m scan-assembler objc_msgSend_stret
FAIL: objc.dg/stret-2.m scan-assembler-not objc_msgSend[^_S]
FAIL: objc.dg/stret-2.m scan-assembler-not objc_msgSendSuper[^_]
FAIL: objc.dg/stubify-1.m (test for excess errors)
ERROR: objc.dg/stubify-1.m: error executing dg-final: couldn't open "stubify-1.s": no such file or directory
UNRESOLVED: objc.dg/stubify-1.m: error executing dg-final: couldn't open "stubify-1.s": no such file or directory
FAIL: objc.dg/stubify-2.m (test for excess errors)
ERROR: objc.dg/stubify-2.m: error executing dg-final: no files matched glob pattern "stubify-2.m.[0-9][0-9][0-9]r.jump"
UNRESOLVED: objc.dg/stubify-2.m: error executing dg-final: no files matched glob pattern "stubify-2.m.[0-9][0-9][0-9]r.jump"
FAIL: objc.dg/symtab-1.m scan-assembler L_OBJC_SYMBOLS.*:\\n\\t.long\\t0\\n\\t.long\\t0\\n\\t.short\\t2\\n\\t.short\\t0\\n\\t.long\\tL_OBJC_
CLASS_Derived.*\\n\\t.long\\tL_OBJC_CLASS_Base.*\\n
=== objc Summary for unix ===
# of expected passes 2894
# of unexpected failures 84
# of expected failures 7
# of unresolved testcases 75
# of unsupported tests 2
Running target unix/-m64
FAIL: objc/execute/exceptions/catchall-1.m compilation, -O0
UNRESOLVED: objc/execute/exceptions/catchall-1.m execution, -O0
FAIL: objc/execute/exceptions/catchall-1.m compilation, -O1
UNRESOLVED: objc/execute/exceptions/catchall-1.m execution, -O1
FAIL: objc/execute/exceptions/catchall-1.m compilation, -O2
UNRESOLVED: objc/execute/exceptions/catchall-1.m execution, -O2
FAIL: objc/execute/exceptions/catchall-1.m compilation, -O3 -fomit-frame-pointer
UNRESOLVED: objc/execute/exceptions/catchall-1.m execution, -O3 -fomit-frame-pointer
FAIL: objc/execute/exceptions/catchall-1.m compilation, -O3 -g
UNRESOLVED: objc/execute/exceptions/catchall-1.m execution, -O3 -g
FAIL: objc/execute/exceptions/catchall-1.m compilation, -Os
UNRESOLVED: objc/execute/exceptions/catchall-1.m execution, -Os
FAIL: objc/execute/exceptions/finally-1.m compilation, -O0
UNRESOLVED: objc/execute/exceptions/finally-1.m execution, -O0
FAIL: objc/execute/exceptions/finally-1.m compilation, -O1
UNRESOLVED: objc/execute/exceptions/finally-1.m execution, -O1
FAIL: objc/execute/exceptions/finally-1.m compilation, -O2
UNRESOLVED: objc/execute/exceptions/finally-1.m execution, -O2
FAIL: objc/execute/exceptions/finally-1.m compilation, -O3 -fomit-frame-pointer
UNRESOLVED: objc/execute/exceptions/finally-1.m execution, -O3 -fomit-frame-pointer
FAIL: objc/execute/exceptions/finally-1.m compilation, -O3 -g
UNRESOLVED: objc/execute/exceptions/finally-1.m execution, -O3 -g
FAIL: objc/execute/exceptions/finally-1.m compilation, -Os
UNRESOLVED: objc/execute/exceptions/finally-1.m execution, -Os
FAIL: objc/execute/exceptions/foward-1.m compilation, -O0
UNRESOLVED: objc/execute/exceptions/foward-1.m execution, -O0
FAIL: objc/execute/exceptions/foward-1.m compilation, -O1
UNRESOLVED: objc/execute/exceptions/foward-1.m execution, -O1
FAIL: objc/execute/exceptions/foward-1.m compilation, -O2
UNRESOLVED: objc/execute/exceptions/foward-1.m execution, -O2
FAIL: objc/execute/exceptions/foward-1.m compilation, -O3 -fomit-frame-pointer
UNRESOLVED: objc/execute/exceptions/foward-1.m execution, -O3 -fomit-frame-pointer
FAIL: objc/execute/exceptions/foward-1.m compilation, -O3 -fomit-frame-pointer -funroll-loops
UNRESOLVED: objc/execute/exceptions/foward-1.m execution, -O3 -fomit-frame-pointer -funroll-loops
FAIL: objc/execute/exceptions/foward-1.m compilation, -O3 -fomit-frame-pointer -funroll-all-loops -finline-functions
UNRESOLVED: objc/execute/exceptions/foward-1.m execution, -O3 -fomit-frame-pointer -funroll-all-loops -finline-functions
FAIL: objc/execute/exceptions/foward-1.m compilation, -O3 -g
UNRESOLVED: objc/execute/exceptions/foward-1.m execution, -O3 -g
FAIL: objc/execute/exceptions/foward-1.m compilation, -Os
UNRESOLVED: objc/execute/exceptions/foward-1.m execution, -Os
FAIL: objc/execute/exceptions/local-variables-1.m compilation, -O0
UNRESOLVED: objc/execute/exceptions/local-variables-1.m execution, -O0
FAIL: objc/execute/exceptions/local-variables-1.m compilation, -O1
UNRESOLVED: objc/execute/exceptions/local-variables-1.m execution, -O1
FAIL: objc/execute/exceptions/local-variables-1.m compilation, -O2
UNRESOLVED: objc/execute/exceptions/local-variables-1.m execution, -O2
FAIL: objc/execute/exceptions/local-variables-1.m compilation, -O3 -fomit-frame-pointer
UNRESOLVED: objc/execute/exceptions/local-variables-1.m execution, -O3 -fomit-frame-pointer
FAIL: objc/execute/exceptions/local-variables-1.m compilation, -O3 -g
UNRESOLVED: objc/execute/exceptions/local-variables-1.m execution, -O3 -g
FAIL: objc/execute/exceptions/local-variables-1.m compilation, -Os
UNRESOLVED: objc/execute/exceptions/local-variables-1.m execution, -Os
FAIL: objc/execute/exceptions/pr31281.m compilation, -O0
UNRESOLVED: objc/execute/exceptions/pr31281.m execution, -O0
FAIL: objc/execute/exceptions/pr31281.m compilation, -O1
UNRESOLVED: objc/execute/exceptions/pr31281.m execution, -O1
FAIL: objc/execute/exceptions/pr31281.m compilation, -O2
UNRESOLVED: objc/execute/exceptions/pr31281.m execution, -O2
FAIL: objc/execute/exceptions/pr31281.m compilation, -O3 -fomit-frame-pointer
UNRESOLVED: objc/execute/exceptions/pr31281.m execution, -O3 -fomit-frame-pointer
FAIL: objc/execute/exceptions/pr31281.m compilation, -O3 -fomit-frame-pointer -funroll-loops
UNRESOLVED: objc/execute/exceptions/pr31281.m execution, -O3 -fomit-frame-pointer -funroll-loops
FAIL: objc/execute/exceptions/pr31281.m compilation, -O3 -fomit-frame-pointer -funroll-all-loops -finline-functions
UNRESOLVED: objc/execute/exceptions/pr31281.m execution, -O3 -fomit-frame-pointer -funroll-all-loops -finline-functions
FAIL: objc/execute/exceptions/pr31281.m compilation, -O3 -g
UNRESOLVED: objc/execute/exceptions/pr31281.m execution, -O3 -g
FAIL: objc/execute/exceptions/pr31281.m compilation, -Os
UNRESOLVED: objc/execute/exceptions/pr31281.m execution, -Os
FAIL: objc/execute/exceptions/trivial.m compilation, -O0
UNRESOLVED: objc/execute/exceptions/trivial.m execution, -O0
FAIL: objc/execute/exceptions/trivial.m compilation, -O1
UNRESOLVED: objc/execute/exceptions/trivial.m execution, -O1
FAIL: objc/execute/exceptions/trivial.m compilation, -O2
UNRESOLVED: objc/execute/exceptions/trivial.m execution, -O2
FAIL: objc/execute/exceptions/trivial.m compilation, -O3 -fomit-frame-pointer
UNRESOLVED: objc/execute/exceptions/trivial.m execution, -O3 -fomit-frame-pointer
FAIL: objc/execute/exceptions/trivial.m compilation, -O3 -g
UNRESOLVED: objc/execute/exceptions/trivial.m execution, -O3 -g
FAIL: objc/execute/exceptions/trivial.m compilation, -Os
UNRESOLVED: objc/execute/exceptions/trivial.m execution, -Os
FAIL: objc/execute/IMP.m compilation, -O0
UNRESOLVED: objc/execute/IMP.m execution, -O0
FAIL: objc/execute/IMP.m compilation, -O1
UNRESOLVED: objc/execute/IMP.m execution, -O1
FAIL: objc/execute/IMP.m compilation, -O2
UNRESOLVED: objc/execute/IMP.m execution, -O2
FAIL: objc/execute/IMP.m compilation, -O3 -fomit-frame-pointer
UNRESOLVED: objc/execute/IMP.m execution, -O3 -fomit-frame-pointer
FAIL: objc/execute/IMP.m compilation, -O3 -g
UNRESOLVED: objc/execute/IMP.m execution, -O3 -g
FAIL: objc/execute/IMP.m compilation, -Os
UNRESOLVED: objc/execute/IMP.m execution, -Os
FAIL: objc/execute/_cmd.m compilation, -O0
UNRESOLVED: objc/execute/_cmd.m execution, -O0
FAIL: objc/execute/_cmd.m compilation, -O1
UNRESOLVED: objc/execute/_cmd.m execution, -O1
FAIL: objc/execute/_cmd.m compilation, -O2
UNRESOLVED: objc/execute/_cmd.m execution, -O2
FAIL: objc/execute/_cmd.m compilation, -O3 -fomit-frame-pointer
UNRESOLVED: objc/execute/_cmd.m execution, -O3 -fomit-frame-pointer
FAIL: objc/execute/_cmd.m compilation, -O3 -g
UNRESOLVED: objc/execute/_cmd.m execution, -O3 -g
FAIL: objc/execute/_cmd.m compilation, -Os
UNRESOLVED: objc/execute/_cmd.m execution, -Os
FAIL: objc/execute/accessing_ivars.m compilation, -O0
UNRESOLVED: objc/execute/accessing_ivars.m execution, -O0
FAIL: objc/execute/accessing_ivars.m compilation, -O1
UNRESOLVED: objc/execute/accessing_ivars.m execution, -O1
FAIL: objc/execute/accessing_ivars.m compilation, -O2
UNRESOLVED: objc/execute/accessing_ivars.m execution, -O2
FAIL: objc/execute/accessing_ivars.m compilation, -O3 -fomit-frame-pointer
UNRESOLVED: objc/execute/accessing_ivars.m execution, -O3 -fomit-frame-pointer
FAIL: objc/execute/accessing_ivars.m compilation, -O3 -g
UNRESOLVED: objc/execute/accessing_ivars.m execution, -O3 -g
FAIL: objc/execute/accessing_ivars.m compilation, -Os
UNRESOLVED: objc/execute/accessing_ivars.m execution, -Os
FAIL: objc/execute/bf-1.m compilation, -O0
UNRESOLVED: objc/execute/bf-1.m execution, -O0
FAIL: objc/execute/bf-1.m compilation, -O1
UNRESOLVED: objc/execute/bf-1.m execution, -O1
FAIL: objc/execute/bf-1.m compilation, -O2
UNRESOLVED: objc/execute/bf-1.m execution, -O2
FAIL: objc/execute/bf-1.m compilation, -O3 -fomit-frame-pointer
UNRESOLVED: objc/execute/bf-1.m execution, -O3 -fomit-frame-pointer
FAIL: objc/execute/bf-1.m compilation, -O3 -g
UNRESOLVED: objc/execute/bf-1.m execution, -O3 -g
FAIL: objc/execute/bf-1.m compilation, -Os
UNRESOLVED: objc/execute/bf-1.m execution, -Os
FAIL: objc/execute/bf-10.m compilation, -O0
UNRESOLVED: objc/execute/bf-10.m execution, -O0
FAIL: objc/execute/bf-10.m compilation, -O1
UNRESOLVED: objc/execute/bf-10.m execution, -O1
FAIL: objc/execute/bf-10.m compilation, -O2
UNRESOLVED: objc/execute/bf-10.m execution, -O2
FAIL: objc/execute/bf-10.m compilation, -O3 -fomit-frame-pointer
UNRESOLVED: objc/execute/bf-10.m execution, -O3 -fomit-frame-pointer
FAIL: objc/execute/bf-10.m compilation, -O3 -g
UNRESOLVED: objc/execute/bf-10.m execution, -O3 -g
FAIL: objc/execute/bf-10.m compilation, -Os
UNRESOLVED: objc/execute/bf-10.m execution, -Os
FAIL: objc/execute/bf-11.m compilation, -O0
UNRESOLVED: objc/execute/bf-11.m execution, -O0
FAIL: objc/execute/bf-11.m compilation, -O1
UNRESOLVED: objc/execute/bf-11.m execution, -O1
FAIL: objc/execute/bf-11.m compilation, -O2
UNRESOLVED: objc/execute/bf-11.m execution, -O2
FAIL: objc/execute/bf-11.m compilation, -O3 -fomit-frame-pointer
UNRESOLVED: objc/execute/bf-11.m execution, -O3 -fomit-frame-pointer
FAIL: objc/execute/bf-11.m compilation, -O3 -g
UNRESOLVED: objc/execute/bf-11.m execution, -O3 -g
FAIL: objc/execute/bf-11.m compilation, -Os
UNRESOLVED: objc/execute/bf-11.m execution, -Os
FAIL: objc/execute/bf-12.m compilation, -O0
UNRESOLVED: objc/execute/bf-12.m execution, -O0
FAIL: objc/execute/bf-12.m compilation, -O1
UNRESOLVED: objc/execute/bf-12.m execution, -O1
FAIL: objc/execute/bf-12.m compilation, -O2
UNRESOLVED: objc/execute/bf-12.m execution, -O2
FAIL: objc/execute/bf-12.m compilation, -O3 -fomit-frame-pointer
UNRESOLVED: objc/execute/bf-12.m execution, -O3 -fomit-frame-pointer
FAIL: objc/execute/bf-12.m compilation, -O3 -g
UNRESOLVED: objc/execute/bf-12.m execution, -O3 -g
FAIL: objc/execute/bf-12.m compilation, -Os
UNRESOLVED: objc/execute/bf-12.m execution, -Os
FAIL: objc/execute/bf-13.m compilation, -O0
UNRESOLVED: objc/execute/bf-13.m execution, -O0
FAIL: objc/execute/bf-13.m compilation, -O1
UNRESOLVED: objc/execute/bf-13.m execution, -O1
FAIL: objc/execute/bf-13.m compilation, -O2
UNRESOLVED: objc/execute/bf-13.m execution, -O2
FAIL: objc/execute/bf-13.m compilation, -O3 -fomit-frame-pointer
UNRESOLVED: objc/execute/bf-13.m execution, -O3 -fomit-frame-pointer
FAIL: objc/execute/bf-13.m compilation, -O3 -g
UNRESOLVED: objc/execute/bf-13.m execution, -O3 -g
FAIL: objc/execute/bf-13.m compilation, -Os
UNRESOLVED: objc/execute/bf-13.m execution, -Os
FAIL: objc/execute/bf-14.m compilation, -O0
UNRESOLVED: objc/execute/bf-14.m execution, -O0
FAIL: objc/execute/bf-14.m compilation, -O1
UNRESOLVED: objc/execute/bf-14.m execution, -O1
FAIL: objc/execute/bf-14.m compilation, -O2
UNRESOLVED: objc/execute/bf-14.m execution, -O2
FAIL: objc/execute/bf-14.m compilation, -O3 -fomit-frame-pointer
UNRESOLVED: objc/execute/bf-14.m execution, -O3 -fomit-frame-pointer
FAIL: objc/execute/bf-14.m compilation, -O3 -g
UNRESOLVED: objc/execute/bf-14.m execution, -O3 -g
FAIL: objc/execute/bf-14.m compilation, -Os
UNRESOLVED: objc/execute/bf-14.m execution, -Os
FAIL: objc/execute/bf-15.m compilation, -O0
UNRESOLVED: objc/execute/bf-15.m execution, -O0
FAIL: objc/execute/bf-15.m compilation, -O1
UNRESOLVED: objc/execute/bf-15.m execution, -O1
FAIL: objc/execute/bf-15.m compilation, -O2
UNRESOLVED: objc/execute/bf-15.m execution, -O2
FAIL: objc/execute/bf-15.m compilation, -O3 -fomit-frame-pointer
UNRESOLVED: objc/execute/bf-15.m execution, -O3 -fomit-frame-pointer
FAIL: objc/execute/bf-15.m compilation, -O3 -g
UNRESOLVED: objc/execute/bf-15.m execution, -O3 -g
FAIL: objc/execute/bf-15.m compilation, -Os
UNRESOLVED: objc/execute/bf-15.m execution, -Os
FAIL: objc/execute/bf-16.m compilation, -O0
UNRESOLVED: objc/execute/bf-16.m execution, -O0
FAIL: objc/execute/bf-16.m compilation, -O1
UNRESOLVED: objc/execute/bf-16.m execution, -O1
FAIL: objc/execute/bf-16.m compilation, -O2
UNRESOLVED: objc/execute/bf-16.m execution, -O2
FAIL: objc/execute/bf-16.m compilation, -O3 -fomit-frame-pointer
UNRESOLVED: objc/execute/bf-16.m execution, -O3 -fomit-frame-pointer
FAIL: objc/execute/bf-16.m compilation, -O3 -g
UNRESOLVED: objc/execute/bf-16.m execution, -O3 -g
FAIL: objc/execute/bf-16.m compilation, -Os
UNRESOLVED: objc/execute/bf-16.m execution, -Os
FAIL: objc/execute/bf-17.m compilation, -O0
UNRESOLVED: objc/execute/bf-17.m execution, -O0
FAIL: objc/execute/bf-17.m compilation, -O1
UNRESOLVED: objc/execute/bf-17.m execution, -O1
FAIL: objc/execute/bf-17.m compilation, -O2
UNRESOLVED: objc/execute/bf-17.m execution, -O2
FAIL: objc/execute/bf-17.m compilation, -O3 -fomit-frame-pointer
UNRESOLVED: objc/execute/bf-17.m execution, -O3 -fomit-frame-pointer
FAIL: objc/execute/bf-17.m compilation, -O3 -g
UNRESOLVED: objc/execute/bf-17.m execution, -O3 -g
FAIL: objc/execute/bf-17.m compilation, -Os
UNRESOLVED: objc/execute/bf-17.m execution, -Os
FAIL: objc/execute/bf-18.m compilation, -O0
UNRESOLVED: objc/execute/bf-18.m execution, -O0
FAIL: objc/execute/bf-18.m compilation, -O1
UNRESOLVED: objc/execute/bf-18.m execution, -O1
FAIL: objc/execute/bf-18.m compilation, -O2
UNRESOLVED: objc/execute/bf-18.m execution, -O2
FAIL: objc/execute/bf-18.m compilation, -O3 -fomit-frame-pointer
UNRESOLVED: objc/execute/bf-18.m execution, -O3 -fomit-frame-pointer
FAIL: objc/execute/bf-18.m compilation, -O3 -g
UNRESOLVED: objc/execute/bf-18.m execution, -O3 -g
FAIL: objc/execute/bf-18.m compilation, -Os
UNRESOLVED: objc/execute/bf-18.m execution, -Os
FAIL: objc/execute/bf-19.m compilation, -O0
UNRESOLVED: objc/execute/bf-19.m execution, -O0
FAIL: objc/execute/bf-19.m compilation, -O1
UNRESOLVED: objc/execute/bf-19.m execution, -O1
FAIL: objc/execute/bf-19.m compilation, -O2
UNRESOLVED: objc/execute/bf-19.m execution, -O2
FAIL: objc/execute/bf-19.m compilation, -O3 -fomit-frame-pointer
UNRESOLVED: objc/execute/bf-19.m execution, -O3 -fomit-frame-pointer
FAIL: objc/execute/bf-19.m compilation, -O3 -g
UNRESOLVED: objc/execute/bf-19.m execution, -O3 -g
FAIL: objc/execute/bf-19.m compilation, -Os
UNRESOLVED: objc/execute/bf-19.m execution, -Os
FAIL: objc/execute/bf-2.m compilation, -O0
UNRESOLVED: objc/execute/bf-2.m execution, -O0
FAIL: objc/execute/bf-2.m compilation, -O1
UNRESOLVED: objc/execute/bf-2.m execution, -O1
FAIL: objc/execute/bf-2.m compilation, -O2
UNRESOLVED: objc/execute/bf-2.m execution, -O2
FAIL: objc/execute/bf-2.m compilation, -O3 -fomit-frame-pointer
UNRESOLVED: objc/execute/bf-2.m execution, -O3 -fomit-frame-pointer
FAIL: objc/execute/bf-2.m compilation, -O3 -g
UNRESOLVED: objc/execute/bf-2.m execution, -O3 -g
FAIL: objc/execute/bf-2.m compilation, -Os
UNRESOLVED: objc/execute/bf-2.m execution, -Os
FAIL: objc/execute/bf-20.m compilation, -O0
UNRESOLVED: objc/execute/bf-20.m execution, -O0
FAIL: objc/execute/bf-20.m compilation, -O1
UNRESOLVED: objc/execute/bf-20.m execution, -O1
FAIL: objc/execute/bf-20.m compilation, -O2
UNRESOLVED: objc/execute/bf-20.m execution, -O2
FAIL: objc/execute/bf-20.m compilation, -O3 -fomit-frame-pointer
UNRESOLVED: objc/execute/bf-20.m execution, -O3 -fomit-frame-pointer
FAIL: objc/execute/bf-20.m compilation, -O3 -g
UNRESOLVED: objc/execute/bf-20.m execution, -O3 -g
FAIL: objc/execute/bf-20.m compilation, -Os
UNRESOLVED: objc/execute/bf-20.m execution, -Os
FAIL: objc/execute/bf-21.m compilation, -O0
UNRESOLVED: objc/execute/bf-21.m execution, -O0
FAIL: objc/execute/bf-21.m compilation, -O1
UNRESOLVED: objc/execute/bf-21.m execution, -O1
FAIL: objc/execute/bf-21.m compilation, -O2
UNRESOLVED: objc/execute/bf-21.m execution, -O2
FAIL: objc/execute/bf-21.m compilation, -O3 -fomit-frame-pointer
UNRESOLVED: objc/execute/bf-21.m execution, -O3 -fomit-frame-pointer
FAIL: objc/execute/bf-21.m compilation, -O3 -g
UNRESOLVED: objc/execute/bf-21.m execution, -O3 -g
FAIL: objc/execute/bf-21.m compilation, -Os
UNRESOLVED: objc/execute/bf-21.m execution, -Os
FAIL: objc/execute/bf-3.m compilation, -O0
UNRESOLVED: objc/execute/bf-3.m execution, -O0
FAIL: objc/execute/bf-3.m compilation, -O1
UNRESOLVED: objc/execute/bf-3.m execution, -O1
FAIL: objc/execute/bf-3.m compilation, -O2
UNRESOLVED: objc/execute/bf-3.m execution, -O2
FAIL: objc/execute/bf-3.m compilation, -O3 -fomit-frame-pointer
UNRESOLVED: objc/execute/bf-3.m execution, -O3 -fomit-frame-pointer
FAIL: objc/execute/bf-3.m compilation, -O3 -g
UNRESOLVED: objc/execute/bf-3.m execution, -O3 -g
FAIL: objc/execute/bf-3.m compilation, -Os
UNRESOLVED: objc/execute/bf-3.m execution, -Os
FAIL: objc/execute/bf-4.m compilation, -O0
UNRESOLVED: objc/execute/bf-4.m execution, -O0
FAIL: objc/execute/bf-4.m compilation, -O1
UNRESOLVED: objc/execute/bf-4.m execution, -O1
FAIL: objc/execute/bf-4.m compilation, -O2
UNRESOLVED: objc/execute/bf-4.m execution, -O2
FAIL: objc/execute/bf-4.m compilation, -O3 -fomit-frame-pointer
UNRESOLVED: objc/execute/bf-4.m execution, -O3 -fomit-frame-pointer
FAIL: objc/execute/bf-4.m compilation, -O3 -g
UNRESOLVED: objc/execute/bf-4.m execution, -O3 -g
FAIL: objc/execute/bf-4.m compilation, -Os
UNRESOLVED: objc/execute/bf-4.m execution, -Os
FAIL: objc/execute/bf-5.m compilation, -O0
UNRESOLVED: objc/execute/bf-5.m execution, -O0
FAIL: objc/execute/bf-5.m compilation, -O1
UNRESOLVED: objc/execute/bf-5.m execution, -O1
FAIL: objc/execute/bf-5.m compilation, -O2
UNRESOLVED: objc/execute/bf-5.m execution, -O2
FAIL: objc/execute/bf-5.m compilation, -O3 -fomit-frame-pointer
UNRESOLVED: objc/execute/bf-5.m execution, -O3 -fomit-frame-pointer
FAIL: objc/execute/bf-5.m compilation, -O3 -g
UNRESOLVED: objc/execute/bf-5.m execution, -O3 -g
FAIL: objc/execute/bf-5.m compilation, -Os
UNRESOLVED: objc/execute/bf-5.m execution, -Os
FAIL: objc/execute/bf-6.m compilation, -O0
UNRESOLVED: objc/execute/bf-6.m execution, -O0
FAIL: objc/execute/bf-6.m compilation, -O1
UNRESOLVED: objc/execute/bf-6.m execution, -O1
FAIL: objc/execute/bf-6.m compilation, -O2
UNRESOLVED: objc/execute/bf-6.m execution, -O2
FAIL: objc/execute/bf-6.m compilation, -O3 -fomit-frame-pointer
UNRESOLVED: objc/execute/bf-6.m execution, -O3 -fomit-frame-pointer
FAIL: objc/execute/bf-6.m compilation, -O3 -g
UNRESOLVED: objc/execute/bf-6.m execution, -O3 -g
FAIL: objc/execute/bf-6.m compilation, -Os
UNRESOLVED: objc/execute/bf-6.m execution, -Os
FAIL: objc/execute/bf-7.m compilation, -O0
UNRESOLVED: objc/execute/bf-7.m execution, -O0
FAIL: objc/execute/bf-7.m compilation, -O1
UNRESOLVED: objc/execute/bf-7.m execution, -O1
FAIL: objc/execute/bf-7.m compilation, -O2
UNRESOLVED: objc/execute/bf-7.m execution, -O2
FAIL: objc/execute/bf-7.m compilation, -O3 -fomit-frame-pointer
UNRESOLVED: objc/execute/bf-7.m execution, -O3 -fomit-frame-pointer
FAIL: objc/execute/bf-7.m compilation, -O3 -g
UNRESOLVED: objc/execute/bf-7.m execution, -O3 -g
FAIL: objc/execute/bf-7.m compilation, -Os
UNRESOLVED: objc/execute/bf-7.m execution, -Os
FAIL: objc/execute/bf-8.m compilation, -O0
UNRESOLVED: objc/execute/bf-8.m execution, -O0
FAIL: objc/execute/bf-8.m compilation, -O1
UNRESOLVED: objc/execute/bf-8.m execution, -O1
FAIL: objc/execute/bf-8.m compilation, -O2
UNRESOLVED: objc/execute/bf-8.m execution, -O2
FAIL: objc/execute/bf-8.m compilation, -O3 -fomit-frame-pointer
UNRESOLVED: objc/execute/bf-8.m execution, -O3 -fomit-frame-pointer
FAIL: objc/execute/bf-8.m compilation, -O3 -g
UNRESOLVED: objc/execute/bf-8.m execution, -O3 -g
FAIL: objc/execute/bf-8.m compilation, -Os
UNRESOLVED: objc/execute/bf-8.m execution, -Os
FAIL: objc/execute/bf-9.m compilation, -O0
UNRESOLVED: objc/execute/bf-9.m execution, -O0
FAIL: objc/execute/bf-9.m compilation, -O1
UNRESOLVED: objc/execute/bf-9.m execution, -O1
FAIL: objc/execute/bf-9.m compilation, -O2
UNRESOLVED: objc/execute/bf-9.m execution, -O2
FAIL: objc/execute/bf-9.m compilation, -O3 -fomit-frame-pointer
UNRESOLVED: objc/execute/bf-9.m execution, -O3 -fomit-frame-pointer
FAIL: objc/execute/bf-9.m compilation, -O3 -g
UNRESOLVED: objc/execute/bf-9.m execution, -O3 -g
FAIL: objc/execute/bf-9.m compilation, -Os
UNRESOLVED: objc/execute/bf-9.m execution, -Os
FAIL: objc/execute/bycopy-1.m compilation, -O0
UNRESOLVED: objc/execute/bycopy-1.m execution, -O0
FAIL: objc/execute/bycopy-1.m compilation, -O1
UNRESOLVED: objc/execute/bycopy-1.m execution, -O1
FAIL: objc/execute/bycopy-1.m compilation, -O2
UNRESOLVED: objc/execute/bycopy-1.m execution, -O2
FAIL: objc/execute/bycopy-1.m compilation, -O3 -fomit-frame-pointer
UNRESOLVED: objc/execute/bycopy-1.m execution, -O3 -fomit-frame-pointer
FAIL: objc/execute/bycopy-1.m compilation, -O3 -g
UNRESOLVED: objc/execute/bycopy-1.m execution, -O3 -g
FAIL: objc/execute/bycopy-1.m compilation, -Os
UNRESOLVED: objc/execute/bycopy-1.m execution, -Os
FAIL: objc/execute/bycopy-2.m compilation, -O0
UNRESOLVED: objc/execute/bycopy-2.m execution, -O0
FAIL: objc/execute/bycopy-2.m compilation, -O1
UNRESOLVED: objc/execute/bycopy-2.m execution, -O1
FAIL: objc/execute/bycopy-2.m compilation, -O2
UNRESOLVED: objc/execute/bycopy-2.m execution, -O2
FAIL: objc/execute/bycopy-2.m compilation, -O3 -fomit-frame-pointer
UNRESOLVED: objc/execute/bycopy-2.m execution, -O3 -fomit-frame-pointer
FAIL: objc/execute/bycopy-2.m compilation, -O3 -g
UNRESOLVED: objc/execute/bycopy-2.m execution, -O3 -g
FAIL: objc/execute/bycopy-2.m compilation, -Os
UNRESOLVED: objc/execute/bycopy-2.m execution, -Os
FAIL: objc/execute/bycopy-3.m compilation, -O0
UNRESOLVED: objc/execute/bycopy-3.m execution, -O0
FAIL: objc/execute/bycopy-3.m compilation, -O1
UNRESOLVED: objc/execute/bycopy-3.m execution, -O1
FAIL: objc/execute/bycopy-3.m compilation, -O2
UNRESOLVED: objc/execute/bycopy-3.m execution, -O2
FAIL: objc/execute/bycopy-3.m compilation, -O3 -fomit-frame-pointer
UNRESOLVED: objc/execute/bycopy-3.m execution, -O3 -fomit-frame-pointer
FAIL: objc/execute/bycopy-3.m compilation, -O3 -g
UNRESOLVED: objc/execute/bycopy-3.m execution, -O3 -g
FAIL: objc/execute/bycopy-3.m compilation, -Os
UNRESOLVED: objc/execute/bycopy-3.m execution, -Os
FAIL: objc/execute/cascading-1.m compilation, -O0
UNRESOLVED: objc/execute/cascading-1.m execution, -O0
FAIL: objc/execute/cascading-1.m compilation, -O1
UNRESOLVED: objc/execute/cascading-1.m execution, -O1
FAIL: objc/execute/cascading-1.m compilation, -O2
UNRESOLVED: objc/execute/cascading-1.m execution, -O2
FAIL: objc/execute/cascading-1.m compilation, -O3 -fomit-frame-pointer
UNRESOLVED: objc/execute/cascading-1.m execution, -O3 -fomit-frame-pointer
FAIL: objc/execute/cascading-1.m compilation, -O3 -g
UNRESOLVED: objc/execute/cascading-1.m execution, -O3 -g
FAIL: objc/execute/cascading-1.m compilation, -Os
UNRESOLVED: objc/execute/cascading-1.m execution, -Os
FAIL: objc/execute/class-1.m compilation, -O0
UNRESOLVED: objc/execute/class-1.m execution, -O0
FAIL: objc/execute/class-1.m compilation, -O1
UNRESOLVED: objc/execute/class-1.m execution, -O1
FAIL: objc/execute/class-1.m compilation, -O2
UNRESOLVED: objc/execute/class-1.m execution, -O2
FAIL: objc/execute/class-1.m compilation, -O3 -fomit-frame-pointer
UNRESOLVED: objc/execute/class-1.m execution, -O3 -fomit-frame-pointer
FAIL: objc/execute/class-1.m compilation, -O3 -g
UNRESOLVED: objc/execute/class-1.m execution, -O3 -g
FAIL: objc/execute/class-1.m compilation, -Os
UNRESOLVED: objc/execute/class-1.m execution, -Os
FAIL: objc/execute/class-10.m compilation, -O0
UNRESOLVED: objc/execute/class-10.m execution, -O0
FAIL: objc/execute/class-10.m compilation, -O1
UNRESOLVED: objc/execute/class-10.m execution, -O1
FAIL: objc/execute/class-10.m compilation, -O2
UNRESOLVED: objc/execute/class-10.m execution, -O2
FAIL: objc/execute/class-10.m compilation, -O3 -fomit-frame-pointer
UNRESOLVED: objc/execute/class-10.m execution, -O3 -fomit-frame-pointer
FAIL: objc/execute/class-10.m compilation, -O3 -g
UNRESOLVED: objc/execute/class-10.m execution, -O3 -g
FAIL: objc/execute/class-10.m compilation, -Os
UNRESOLVED: objc/execute/class-10.m execution, -Os
FAIL: objc/execute/class-11.m compilation, -O0
UNRESOLVED: objc/execute/class-11.m execution, -O0
FAIL: objc/execute/class-11.m compilation, -O1
UNRESOLVED: objc/execute/class-11.m execution, -O1
FAIL: objc/execute/class-11.m compilation, -O2
UNRESOLVED: objc/execute/class-11.m execution, -O2
FAIL: objc/execute/class-11.m compilation, -O3 -fomit-frame-pointer
UNRESOLVED: objc/execute/class-11.m execution, -O3 -fomit-frame-pointer
FAIL: objc/execute/class-11.m compilation, -O3 -g
UNRESOLVED: objc/execute/class-11.m execution, -O3 -g
FAIL: objc/execute/class-11.m compilation, -Os
UNRESOLVED: objc/execute/class-11.m execution, -Os
FAIL: objc/execute/class-12.m compilation, -O0
UNRESOLVED: objc/execute/class-12.m execution, -O0
FAIL: objc/execute/class-12.m compilation, -O1
UNRESOLVED: objc/execute/class-12.m execution, -O1
FAIL: objc/execute/class-12.m compilation, -O2
UNRESOLVED: objc/execute/class-12.m execution, -O2
FAIL: objc/execute/class-12.m compilation, -O3 -fomit-frame-pointer
UNRESOLVED: objc/execute/class-12.m execution, -O3 -fomit-frame-pointer
FAIL: objc/execute/class-12.m compilation, -O3 -g
UNRESOLVED: objc/execute/class-12.m execution, -O3 -g
FAIL: objc/execute/class-12.m compilation, -Os
UNRESOLVED: objc/execute/class-12.m execution, -Os
FAIL: objc/execute/class-13.m compilation, -O0
UNRESOLVED: objc/execute/class-13.m execution, -O0
FAIL: objc/execute/class-13.m compilation, -O1
UNRESOLVED: objc/execute/class-13.m execution, -O1
FAIL: objc/execute/class-13.m compilation, -O2
UNRESOLVED: objc/execute/class-13.m execution, -O2
FAIL: objc/execute/class-13.m compilation, -O3 -fomit-frame-pointer
UNRESOLVED: objc/execute/class-13.m execution, -O3 -fomit-frame-pointer
FAIL: objc/execute/class-13.m compilation, -O3 -g
UNRESOLVED: objc/execute/class-13.m execution, -O3 -g
FAIL: objc/execute/class-13.m compilation, -Os
UNRESOLVED: objc/execute/class-13.m execution, -Os
FAIL: objc/execute/class-14.m compilation, -O0
UNRESOLVED: objc/execute/class-14.m execution, -O0
FAIL: objc/execute/class-14.m compilation, -O1
UNRESOLVED: objc/execute/class-14.m execution, -O1
FAIL: objc/execute/class-14.m compilation, -O2
UNRESOLVED: objc/execute/class-14.m execution, -O2
FAIL: objc/execute/class-14.m compilation, -O3 -fomit-frame-pointer
UNRESOLVED: objc/execute/class-14.m execution, -O3 -fomit-frame-pointer
FAIL: objc/execute/class-14.m compilation, -O3 -g
UNRESOLVED: objc/execute/class-14.m execution, -O3 -g
FAIL: objc/execute/class-14.m compilation, -Os
UNRESOLVED: objc/execute/class-14.m execution, -Os
FAIL: objc/execute/class-2.m compilation, -O0
UNRESOLVED: objc/execute/class-2.m execution, -O0
FAIL: objc/execute/class-2.m compilation, -O1
UNRESOLVED: objc/execute/class-2.m execution, -O1
FAIL: objc/execute/class-2.m compilation, -O2
UNRESOLVED: objc/execute/class-2.m execution, -O2
FAIL: objc/execute/class-2.m compilation, -O3 -fomit-frame-pointer
UNRESOLVED: objc/execute/class-2.m execution, -O3 -fomit-frame-pointer
FAIL: objc/execute/class-2.m compilation, -O3 -g
UNRESOLVED: objc/execute/class-2.m execution, -O3 -g
FAIL: objc/execute/class-2.m compilation, -Os
UNRESOLVED: objc/execute/class-2.m execution, -Os
FAIL: objc/execute/class-3.m compilation, -O0
UNRESOLVED: objc/execute/class-3.m execution, -O0
FAIL: objc/execute/class-3.m compilation, -O1
UNRESOLVED: objc/execute/class-3.m execution, -O1
FAIL: objc/execute/class-3.m compilation, -O2
UNRESOLVED: objc/execute/class-3.m execution, -O2
FAIL: objc/execute/class-3.m compilation, -O3 -fomit-frame-pointer
UNRESOLVED: objc/execute/class-3.m execution, -O3 -fomit-frame-pointer
FAIL: objc/execute/class-3.m compilation, -O3 -g
UNRESOLVED: objc/execute/class-3.m execution, -O3 -g
FAIL: objc/execute/class-3.m compilation, -Os
UNRESOLVED: objc/execute/class-3.m execution, -Os
FAIL: objc/execute/class-4.m compilation, -O0
UNRESOLVED: objc/execute/class-4.m execution, -O0
FAIL: objc/execute/class-4.m compilation, -O1
UNRESOLVED: objc/execute/class-4.m execution, -O1
FAIL: objc/execute/class-4.m compilation, -O2
UNRESOLVED: objc/execute/class-4.m execution, -O2
FAIL: objc/execute/class-4.m compilation, -O3 -fomit-frame-pointer
UNRESOLVED: objc/execute/class-4.m execution, -O3 -fomit-frame-pointer
FAIL: objc/execute/class-4.m compilation, -O3 -g
UNRESOLVED: objc/execute/class-4.m execution, -O3 -g
FAIL: objc/execute/class-4.m compilation, -Os
UNRESOLVED: objc/execute/class-4.m execution, -Os
FAIL: objc/execute/class-5.m compilation, -O0
UNRESOLVED: objc/execute/class-5.m execution, -O0
FAIL: objc/execute/class-5.m compilation, -O1
UNRESOLVED: objc/execute/class-5.m execution, -O1
FAIL: objc/execute/class-5.m compilation, -O2
UNRESOLVED: objc/execute/class-5.m execution, -O2
FAIL: objc/execute/class-5.m compilation, -O3 -fomit-frame-pointer
UNRESOLVED: objc/execute/class-5.m execution, -O3 -fomit-frame-pointer
FAIL: objc/execute/class-5.m compilation, -O3 -g
UNRESOLVED: objc/execute/class-5.m execution, -O3 -g
FAIL: objc/execute/class-5.m compilation, -Os
UNRESOLVED: objc/execute/class-5.m execution, -Os
FAIL: objc/execute/class-6.m compilation, -O0
UNRESOLVED: objc/execute/class-6.m execution, -O0
FAIL: objc/execute/class-6.m compilation, -O1
UNRESOLVED: objc/execute/class-6.m execution, -O1
FAIL: objc/execute/class-6.m compilation, -O2
UNRESOLVED: objc/execute/class-6.m execution, -O2
FAIL: objc/execute/class-6.m compilation, -O3 -fomit-frame-pointer
UNRESOLVED: objc/execute/class-6.m execution, -O3 -fomit-frame-pointer
FAIL: objc/execute/class-6.m compilation, -O3 -g
UNRESOLVED: objc/execute/class-6.m execution, -O3 -g
FAIL: objc/execute/class-6.m compilation, -Os
UNRESOLVED: objc/execute/class-6.m execution, -Os
FAIL: objc/execute/class-7.m compilation, -O0
UNRESOLVED: objc/execute/class-7.m execution, -O0
FAIL: objc/execute/class-7.m compilation, -O1
UNRESOLVED: objc/execute/class-7.m execution, -O1
FAIL: objc/execute/class-7.m compilation, -O2
UNRESOLVED: objc/execute/class-7.m execution, -O2
FAIL: objc/execute/class-7.m compilation, -O3 -fomit-frame-pointer
UNRESOLVED: objc/execute/class-7.m execution, -O3 -fomit-frame-pointer
FAIL: objc/execute/class-7.m compilation, -O3 -g
UNRESOLVED: objc/execute/class-7.m execution, -O3 -g
FAIL: objc/execute/class-7.m compilation, -Os
UNRESOLVED: objc/execute/class-7.m execution, -Os
FAIL: objc/execute/class-8.m compilation, -O0
UNRESOLVED: objc/execute/class-8.m execution, -O0
FAIL: objc/execute/class-8.m compilation, -O1
UNRESOLVED: objc/execute/class-8.m execution, -O1
FAIL: objc/execute/class-8.m compilation, -O2
UNRESOLVED: objc/execute/class-8.m execution, -O2
FAIL: objc/execute/class-8.m compilation, -O3 -fomit-frame-pointer
UNRESOLVED: objc/execute/class-8.m execution, -O3 -fomit-frame-pointer
FAIL: objc/execute/class-8.m compilation, -O3 -g
UNRESOLVED: objc/execute/class-8.m execution, -O3 -g
FAIL: objc/execute/class-8.m compilation, -Os
UNRESOLVED: objc/execute/class-8.m execution, -Os
FAIL: objc/execute/class-9.m compilation, -O0
UNRESOLVED: objc/execute/class-9.m execution, -O0
FAIL: objc/execute/class-9.m compilation, -O1
UNRESOLVED: objc/execute/class-9.m execution, -O1
FAIL: objc/execute/class-9.m compilation, -O2
UNRESOLVED: objc/execute/class-9.m execution, -O2
FAIL: objc/execute/class-9.m compilation, -O3 -fomit-frame-pointer
UNRESOLVED: objc/execute/class-9.m execution, -O3 -fomit-frame-pointer
FAIL: objc/execute/class-9.m compilation, -O3 -g
UNRESOLVED: objc/execute/class-9.m execution, -O3 -g
FAIL: objc/execute/class-9.m compilation, -Os
UNRESOLVED: objc/execute/class-9.m execution, -Os
FAIL: objc/execute/class_self-1.m execution, -O0
FAIL: objc/execute/class_self-1.m execution, -O1
FAIL: objc/execute/class_self-1.m execution, -O2
FAIL: objc/execute/class_self-1.m execution, -O3 -fomit-frame-pointer
FAIL: objc/execute/class_self-1.m execution, -O3 -g
FAIL: objc/execute/class_self-1.m execution, -Os
FAIL: objc/execute/class_self-2.m execution, -O0
FAIL: objc/execute/class_self-2.m execution, -O1
FAIL: objc/execute/class_self-2.m execution, -O2
FAIL: objc/execute/class_self-2.m execution, -O3 -fomit-frame-pointer
FAIL: objc/execute/class_self-2.m execution, -O3 -g
FAIL: objc/execute/class_self-2.m execution, -Os
FAIL: objc/execute/compatibility_alias.m compilation, -O0
UNRESOLVED: objc/execute/compatibility_alias.m execution, -O0
FAIL: objc/execute/compatibility_alias.m compilation, -O1
UNRESOLVED: objc/execute/compatibility_alias.m execution, -O1
FAIL: objc/execute/compatibility_alias.m compilation, -O2
UNRESOLVED: objc/execute/compatibility_alias.m execution, -O2
FAIL: objc/execute/compatibility_alias.m compilation, -O3 -fomit-frame-pointer
UNRESOLVED: objc/execute/compatibility_alias.m execution, -O3 -fomit-frame-pointer
FAIL: objc/execute/compatibility_alias.m compilation, -O3 -g
UNRESOLVED: objc/execute/compatibility_alias.m execution, -O3 -g
FAIL: objc/execute/compatibility_alias.m compilation, -Os
UNRESOLVED: objc/execute/compatibility_alias.m execution, -Os
FAIL: objc/execute/enumeration-1.m compilation, -O0
UNRESOLVED: objc/execute/enumeration-1.m execution, -O0
FAIL: objc/execute/enumeration-1.m compilation, -O1
UNRESOLVED: objc/execute/enumeration-1.m execution, -O1
FAIL: objc/execute/enumeration-1.m compilation, -O2
UNRESOLVED: objc/execute/enumeration-1.m execution, -O2
FAIL: objc/execute/enumeration-1.m compilation, -O3 -fomit-frame-pointer
UNRESOLVED: objc/execute/enumeration-1.m execution, -O3 -fomit-frame-pointer
FAIL: objc/execute/enumeration-1.m compilation, -O3 -g
UNRESOLVED: objc/execute/enumeration-1.m execution, -O3 -g
FAIL: objc/execute/enumeration-1.m compilation, -Os
UNRESOLVED: objc/execute/enumeration-1.m execution, -Os
FAIL: objc/execute/enumeration-2.m compilation, -O0
UNRESOLVED: objc/execute/enumeration-2.m execution, -O0
FAIL: objc/execute/enumeration-2.m compilation, -O1
UNRESOLVED: objc/execute/enumeration-2.m execution, -O1
FAIL: objc/execute/enumeration-2.m compilation, -O2
UNRESOLVED: objc/execute/enumeration-2.m execution, -O2
FAIL: objc/execute/enumeration-2.m compilation, -O3 -fomit-frame-pointer
UNRESOLVED: objc/execute/enumeration-2.m execution, -O3 -fomit-frame-pointer
FAIL: objc/execute/enumeration-2.m compilation, -O3 -g
UNRESOLVED: objc/execute/enumeration-2.m execution, -O3 -g
FAIL: objc/execute/enumeration-2.m compilation, -Os
UNRESOLVED: objc/execute/enumeration-2.m execution, -Os
FAIL: objc/execute/formal_protocol-1.m compilation, -O0
UNRESOLVED: objc/execute/formal_protocol-1.m execution, -O0
FAIL: objc/execute/formal_protocol-1.m compilation, -O1
UNRESOLVED: objc/execute/formal_protocol-1.m execution, -O1
FAIL: objc/execute/formal_protocol-1.m compilation, -O2
UNRESOLVED: objc/execute/formal_protocol-1.m execution, -O2
FAIL: objc/execute/formal_protocol-1.m compilation, -O3 -fomit-frame-pointer
UNRESOLVED: objc/execute/formal_protocol-1.m execution, -O3 -fomit-frame-pointer
FAIL: objc/execute/formal_protocol-1.m compilation, -O3 -g
UNRESOLVED: objc/execute/formal_protocol-1.m execution, -O3 -g
FAIL: objc/execute/formal_protocol-1.m compilation, -Os
UNRESOLVED: objc/execute/formal_protocol-1.m execution, -Os
FAIL: objc/execute/formal_protocol-2.m compilation, -O0
UNRESOLVED: objc/execute/formal_protocol-2.m execution, -O0
FAIL: objc/execute/formal_protocol-2.m compilation, -O1
UNRESOLVED: objc/execute/formal_protocol-2.m execution, -O1
FAIL: objc/execute/formal_protocol-2.m compilation, -O2
UNRESOLVED: objc/execute/formal_protocol-2.m execution, -O2
FAIL: objc/execute/formal_protocol-2.m compilation, -O3 -fomit-frame-pointer
UNRESOLVED: objc/execute/formal_protocol-2.m execution, -O3 -fomit-frame-pointer
FAIL: objc/execute/formal_protocol-2.m compilation, -O3 -g
UNRESOLVED: objc/execute/formal_protocol-2.m execution, -O3 -g
FAIL: objc/execute/formal_protocol-2.m compilation, -Os
UNRESOLVED: objc/execute/formal_protocol-2.m execution, -Os
FAIL: objc/execute/formal_protocol-3.m compilation, -O0
UNRESOLVED: objc/execute/formal_protocol-3.m execution, -O0
FAIL: objc/execute/formal_protocol-3.m compilation, -O1
UNRESOLVED: objc/execute/formal_protocol-3.m execution, -O1
FAIL: objc/execute/formal_protocol-3.m compilation, -O2
UNRESOLVED: objc/execute/formal_protocol-3.m execution, -O2
FAIL: objc/execute/formal_protocol-3.m compilation, -O3 -fomit-frame-pointer
UNRESOLVED: objc/execute/formal_protocol-3.m execution, -O3 -fomit-frame-pointer
FAIL: objc/execute/formal_protocol-3.m compilation, -O3 -g
UNRESOLVED: objc/execute/formal_protocol-3.m execution, -O3 -g
FAIL: objc/execute/formal_protocol-3.m compilation, -Os
UNRESOLVED: objc/execute/formal_protocol-3.m execution, -Os
FAIL: objc/execute/formal_protocol-4.m compilation, -O0
UNRESOLVED: objc/execute/formal_protocol-4.m execution, -O0
FAIL: objc/execute/formal_protocol-4.m compilation, -O1
UNRESOLVED: objc/execute/formal_protocol-4.m execution, -O1
FAIL: objc/execute/formal_protocol-4.m compilation, -O2
UNRESOLVED: objc/execute/formal_protocol-4.m execution, -O2
FAIL: objc/execute/formal_protocol-4.m compilation, -O3 -fomit-frame-pointer
UNRESOLVED: objc/execute/formal_protocol-4.m execution, -O3 -fomit-frame-pointer
FAIL: objc/execute/formal_protocol-4.m compilation, -O3 -g
UNRESOLVED: objc/execute/formal_protocol-4.m execution, -O3 -g
FAIL: objc/execute/formal_protocol-4.m compilation, -Os
UNRESOLVED: objc/execute/formal_protocol-4.m execution, -Os
FAIL: objc/execute/formal_protocol-5.m compilation, -O0
UNRESOLVED: objc/execute/formal_protocol-5.m execution, -O0
FAIL: objc/execute/formal_protocol-5.m compilation, -O1
UNRESOLVED: objc/execute/formal_protocol-5.m execution, -O1
FAIL: objc/execute/formal_protocol-5.m compilation, -O2
UNRESOLVED: objc/execute/formal_protocol-5.m execution, -O2
FAIL: objc/execute/formal_protocol-5.m compilation, -O3 -fomit-frame-pointer
UNRESOLVED: objc/execute/formal_protocol-5.m execution, -O3 -fomit-frame-pointer
FAIL: objc/execute/formal_protocol-5.m compilation, -O3 -g
UNRESOLVED: objc/execute/formal_protocol-5.m execution, -O3 -g
FAIL: objc/execute/formal_protocol-5.m compilation, -Os
UNRESOLVED: objc/execute/formal_protocol-5.m execution, -Os
FAIL: objc/execute/formal_protocol-6.m compilation, -O0
UNRESOLVED: objc/execute/formal_protocol-6.m execution, -O0
FAIL: objc/execute/formal_protocol-6.m compilation, -O1
UNRESOLVED: objc/execute/formal_protocol-6.m execution, -O1
FAIL: objc/execute/formal_protocol-6.m compilation, -O2
UNRESOLVED: objc/execute/formal_protocol-6.m execution, -O2
FAIL: objc/execute/formal_protocol-6.m compilation, -O3 -fomit-frame-pointer
UNRESOLVED: objc/execute/formal_protocol-6.m execution, -O3 -fomit-frame-pointer
FAIL: objc/execute/formal_protocol-6.m compilation, -O3 -g
UNRESOLVED: objc/execute/formal_protocol-6.m execution, -O3 -g
FAIL: objc/execute/formal_protocol-6.m compilation, -Os
UNRESOLVED: objc/execute/formal_protocol-6.m execution, -Os
FAIL: objc/execute/formal_protocol-7.m compilation, -O0
UNRESOLVED: objc/execute/formal_protocol-7.m execution, -O0
FAIL: objc/execute/formal_protocol-7.m compilation, -O1
UNRESOLVED: objc/execute/formal_protocol-7.m execution, -O1
FAIL: objc/execute/formal_protocol-7.m compilation, -O2
UNRESOLVED: objc/execute/formal_protocol-7.m execution, -O2
FAIL: objc/execute/formal_protocol-7.m compilation, -O3 -fomit-frame-pointer
UNRESOLVED: objc/execute/formal_protocol-7.m execution, -O3 -fomit-frame-pointer
FAIL: objc/execute/formal_protocol-7.m compilation, -O3 -g
UNRESOLVED: objc/execute/formal_protocol-7.m execution, -O3 -g
FAIL: objc/execute/formal_protocol-7.m compilation, -Os
UNRESOLVED: objc/execute/formal_protocol-7.m execution, -Os
FAIL: objc/execute/function-message-1.m compilation, -O0
UNRESOLVED: objc/execute/function-message-1.m execution, -O0
FAIL: objc/execute/function-message-1.m compilation, -O1
UNRESOLVED: objc/execute/function-message-1.m execution, -O1
FAIL: objc/execute/function-message-1.m compilation, -O2
UNRESOLVED: objc/execute/function-message-1.m execution, -O2
FAIL: objc/execute/function-message-1.m compilation, -O3 -fomit-frame-pointer
UNRESOLVED: objc/execute/function-message-1.m execution, -O3 -fomit-frame-pointer
FAIL: objc/execute/function-message-1.m compilation, -O3 -g
UNRESOLVED: objc/execute/function-message-1.m execution, -O3 -g
FAIL: objc/execute/function-message-1.m compilation, -Os
UNRESOLVED: objc/execute/function-message-1.m execution, -Os
FAIL: objc/execute/initialize.m execution, -O0
FAIL: objc/execute/initialize.m execution, -O1
FAIL: objc/execute/initialize.m execution, -O2
FAIL: objc/execute/initialize.m execution, -O3 -fomit-frame-pointer
FAIL: objc/execute/initialize.m execution, -O3 -g
FAIL: objc/execute/initialize.m execution, -Os
FAIL: objc/execute/load-2.m execution, -O0
FAIL: objc/execute/load-2.m execution, -O1
FAIL: objc/execute/load-2.m execution, -O2
FAIL: objc/execute/load-2.m execution, -O3 -fomit-frame-pointer
FAIL: objc/execute/load-2.m execution, -O3 -g
FAIL: objc/execute/load-2.m execution, -Os
FAIL: objc/execute/load-3.m compilation, -O0
UNRESOLVED: objc/execute/load-3.m execution, -O0
FAIL: objc/execute/load-3.m compilation, -O1
UNRESOLVED: objc/execute/load-3.m execution, -O1
FAIL: objc/execute/load-3.m compilation, -O2
UNRESOLVED: objc/execute/load-3.m execution, -O2
FAIL: objc/execute/load-3.m compilation, -O3 -fomit-frame-pointer
UNRESOLVED: objc/execute/load-3.m execution, -O3 -fomit-frame-pointer
FAIL: objc/execute/load-3.m compilation, -O3 -fomit-frame-pointer -funroll-loops
UNRESOLVED: objc/execute/load-3.m execution, -O3 -fomit-frame-pointer -funroll-loops
FAIL: objc/execute/load-3.m compilation, -O3 -fomit-frame-pointer -funroll-all-loops -finline-functions
UNRESOLVED: objc/execute/load-3.m execution, -O3 -fomit-frame-pointer -funroll-all-loops -finline-functions
FAIL: objc/execute/load-3.m compilation, -O3 -g
UNRESOLVED: objc/execute/load-3.m execution, -O3 -g
FAIL: objc/execute/load-3.m compilation, -Os
UNRESOLVED: objc/execute/load-3.m execution, -Os
FAIL: objc/execute/load.m execution, -O0
FAIL: objc/execute/load.m execution, -O1
FAIL: objc/execute/load.m execution, -O2
FAIL: objc/execute/load.m execution, -O3 -fomit-frame-pointer
FAIL: objc/execute/load.m execution, -O3 -g
FAIL: objc/execute/load.m execution, -Os
FAIL: objc/execute/many_args_method.m execution, -O0
FAIL: objc/execute/many_args_method.m execution, -O1
FAIL: objc/execute/many_args_method.m execution, -O2
FAIL: objc/execute/many_args_method.m execution, -O3 -fomit-frame-pointer
FAIL: objc/execute/many_args_method.m execution, -O3 -g
FAIL: objc/execute/many_args_method.m execution, -Os
FAIL: objc/execute/nested-3.m execution, -O0
FAIL: objc/execute/nested-3.m execution, -O1
FAIL: objc/execute/nested-3.m execution, -O2
FAIL: objc/execute/nested-3.m execution, -O3 -fomit-frame-pointer
FAIL: objc/execute/nested-3.m execution, -O3 -g
FAIL: objc/execute/nested-3.m execution, -Os
FAIL: objc/execute/nested-func-1.m compilation, -O0
UNRESOLVED: objc/execute/nested-func-1.m execution, -O0
FAIL: objc/execute/nested-func-1.m compilation, -O1
UNRESOLVED: objc/execute/nested-func-1.m execution, -O1
FAIL: objc/execute/nested-func-1.m compilation, -O2
UNRESOLVED: objc/execute/nested-func-1.m execution, -O2
FAIL: objc/execute/nested-func-1.m compilation, -O3 -fomit-frame-pointer
UNRESOLVED: objc/execute/nested-func-1.m execution, -O3 -fomit-frame-pointer
FAIL: objc/execute/nested-func-1.m compilation, -O3 -g
UNRESOLVED: objc/execute/nested-func-1.m execution, -O3 -g
FAIL: objc/execute/nested-func-1.m compilation, -Os
UNRESOLVED: objc/execute/nested-func-1.m execution, -Os
FAIL: objc/execute/no_clash.m compilation, -O0
UNRESOLVED: objc/execute/no_clash.m execution, -O0
FAIL: objc/execute/no_clash.m compilation, -O1
UNRESOLVED: objc/execute/no_clash.m execution, -O1
FAIL: objc/execute/no_clash.m compilation, -O2
UNRESOLVED: objc/execute/no_clash.m execution, -O2
FAIL: objc/execute/no_clash.m compilation, -O3 -fomit-frame-pointer
UNRESOLVED: objc/execute/no_clash.m execution, -O3 -fomit-frame-pointer
FAIL: objc/execute/no_clash.m compilation, -O3 -g
UNRESOLVED: objc/execute/no_clash.m execution, -O3 -g
FAIL: objc/execute/no_clash.m compilation, -Os
UNRESOLVED: objc/execute/no_clash.m execution, -Os
FAIL: objc/execute/np-1.m compilation, -O0
UNRESOLVED: objc/execute/np-1.m execution, -O0
FAIL: objc/execute/np-1.m compilation, -O1
UNRESOLVED: objc/execute/np-1.m execution, -O1
FAIL: objc/execute/np-1.m compilation, -O2
UNRESOLVED: objc/execute/np-1.m execution, -O2
FAIL: objc/execute/np-1.m compilation, -O3 -fomit-frame-pointer
UNRESOLVED: objc/execute/np-1.m execution, -O3 -fomit-frame-pointer
FAIL: objc/execute/np-1.m compilation, -O3 -g
UNRESOLVED: objc/execute/np-1.m execution, -O3 -g
FAIL: objc/execute/np-1.m compilation, -Os
UNRESOLVED: objc/execute/np-1.m execution, -Os
FAIL: objc/execute/np-2.m compilation, -O0
UNRESOLVED: objc/execute/np-2.m execution, -O0
FAIL: objc/execute/np-2.m compilation, -O1
UNRESOLVED: objc/execute/np-2.m execution, -O1
FAIL: objc/execute/np-2.m compilation, -O2
UNRESOLVED: objc/execute/np-2.m execution, -O2
FAIL: objc/execute/np-2.m compilation, -O3 -fomit-frame-pointer
UNRESOLVED: objc/execute/np-2.m execution, -O3 -fomit-frame-pointer
FAIL: objc/execute/np-2.m compilation, -O3 -g
UNRESOLVED: objc/execute/np-2.m execution, -O3 -g
FAIL: objc/execute/np-2.m compilation, -Os
UNRESOLVED: objc/execute/np-2.m execution, -Os
FAIL: objc/execute/object_is_class.m compilation, -O0
UNRESOLVED: objc/execute/object_is_class.m execution, -O0
FAIL: objc/execute/object_is_class.m compilation, -O1
UNRESOLVED: objc/execute/object_is_class.m execution, -O1
FAIL: objc/execute/object_is_class.m compilation, -O2
UNRESOLVED: objc/execute/object_is_class.m execution, -O2
FAIL: objc/execute/object_is_class.m compilation, -O3 -fomit-frame-pointer
UNRESOLVED: objc/execute/object_is_class.m execution, -O3 -fomit-frame-pointer
FAIL: objc/execute/object_is_class.m compilation, -O3 -g
UNRESOLVED: objc/execute/object_is_class.m execution, -O3 -g
FAIL: objc/execute/object_is_class.m compilation, -Os
UNRESOLVED: objc/execute/object_is_class.m execution, -Os
FAIL: objc/execute/object_is_meta_class.m compilation, -O0
UNRESOLVED: objc/execute/object_is_meta_class.m execution, -O0
FAIL: objc/execute/object_is_meta_class.m compilation, -O1
UNRESOLVED: objc/execute/object_is_meta_class.m execution, -O1
FAIL: objc/execute/object_is_meta_class.m compilation, -O2
UNRESOLVED: objc/execute/object_is_meta_class.m execution, -O2
FAIL: objc/execute/object_is_meta_class.m compilation, -O3 -fomit-frame-pointer
UNRESOLVED: objc/execute/object_is_meta_class.m execution, -O3 -fomit-frame-pointer
FAIL: objc/execute/object_is_meta_class.m compilation, -O3 -g
UNRESOLVED: objc/execute/object_is_meta_class.m execution, -O3 -g
FAIL: objc/execute/object_is_meta_class.m compilation, -Os
UNRESOLVED: objc/execute/object_is_meta_class.m execution, -Os
FAIL: objc/execute/private.m compilation, -O0
UNRESOLVED: objc/execute/private.m execution, -O0
FAIL: objc/execute/private.m compilation, -O1
UNRESOLVED: objc/execute/private.m execution, -O1
FAIL: objc/execute/private.m compilation, -O2
UNRESOLVED: objc/execute/private.m execution, -O2
FAIL: objc/execute/private.m compilation, -O3 -fomit-frame-pointer
UNRESOLVED: objc/execute/private.m execution, -O3 -fomit-frame-pointer
FAIL: objc/execute/private.m compilation, -O3 -g
UNRESOLVED: objc/execute/private.m execution, -O3 -g
FAIL: objc/execute/private.m compilation, -Os
UNRESOLVED: objc/execute/private.m execution, -Os
FAIL: objc/execute/protocol-isEqual-1.m compilation, -O0
UNRESOLVED: objc/execute/protocol-isEqual-1.m execution, -O0
FAIL: objc/execute/protocol-isEqual-1.m compilation, -O1
UNRESOLVED: objc/execute/protocol-isEqual-1.m execution, -O1
FAIL: objc/execute/protocol-isEqual-1.m compilation, -O2
UNRESOLVED: objc/execute/protocol-isEqual-1.m execution, -O2
FAIL: objc/execute/protocol-isEqual-1.m compilation, -O3 -fomit-frame-pointer
UNRESOLVED: objc/execute/protocol-isEqual-1.m execution, -O3 -fomit-frame-pointer
FAIL: objc/execute/protocol-isEqual-1.m compilation, -O3 -g
UNRESOLVED: objc/execute/protocol-isEqual-1.m execution, -O3 -g
FAIL: objc/execute/protocol-isEqual-1.m compilation, -Os
UNRESOLVED: objc/execute/protocol-isEqual-1.m execution, -Os
FAIL: objc/execute/protocol-isEqual-2.m compilation, -O0
UNRESOLVED: objc/execute/protocol-isEqual-2.m execution, -O0
FAIL: objc/execute/protocol-isEqual-2.m compilation, -O1
UNRESOLVED: objc/execute/protocol-isEqual-2.m execution, -O1
FAIL: objc/execute/protocol-isEqual-2.m compilation, -O2
UNRESOLVED: objc/execute/protocol-isEqual-2.m execution, -O2
FAIL: objc/execute/protocol-isEqual-2.m compilation, -O3 -fomit-frame-pointer
UNRESOLVED: objc/execute/protocol-isEqual-2.m execution, -O3 -fomit-frame-pointer
FAIL: objc/execute/protocol-isEqual-2.m compilation, -O3 -g
UNRESOLVED: objc/execute/protocol-isEqual-2.m execution, -O3 -g
FAIL: objc/execute/protocol-isEqual-2.m compilation, -Os
UNRESOLVED: objc/execute/protocol-isEqual-2.m execution, -Os
FAIL: objc/execute/protocol-isEqual-3.m compilation, -O0
UNRESOLVED: objc/execute/protocol-isEqual-3.m execution, -O0
FAIL: objc/execute/protocol-isEqual-3.m compilation, -O1
UNRESOLVED: objc/execute/protocol-isEqual-3.m execution, -O1
FAIL: objc/execute/protocol-isEqual-3.m compilation, -O2
UNRESOLVED: objc/execute/protocol-isEqual-3.m execution, -O2
FAIL: objc/execute/protocol-isEqual-3.m compilation, -O3 -fomit-frame-pointer
UNRESOLVED: objc/execute/protocol-isEqual-3.m execution, -O3 -fomit-frame-pointer
FAIL: objc/execute/protocol-isEqual-3.m compilation, -O3 -g
UNRESOLVED: objc/execute/protocol-isEqual-3.m execution, -O3 -g
FAIL: objc/execute/protocol-isEqual-3.m compilation, -Os
UNRESOLVED: objc/execute/protocol-isEqual-3.m execution, -Os
FAIL: objc/execute/protocol-isEqual-4.m compilation, -O0
UNRESOLVED: objc/execute/protocol-isEqual-4.m execution, -O0
FAIL: objc/execute/protocol-isEqual-4.m compilation, -O1
UNRESOLVED: objc/execute/protocol-isEqual-4.m execution, -O1
FAIL: objc/execute/protocol-isEqual-4.m compilation, -O2
UNRESOLVED: objc/execute/protocol-isEqual-4.m execution, -O2
FAIL: objc/execute/protocol-isEqual-4.m compilation, -O3 -fomit-frame-pointer
UNRESOLVED: objc/execute/protocol-isEqual-4.m execution, -O3 -fomit-frame-pointer
FAIL: objc/execute/protocol-isEqual-4.m compilation, -O3 -g
UNRESOLVED: objc/execute/protocol-isEqual-4.m execution, -O3 -g
FAIL: objc/execute/protocol-isEqual-4.m compilation, -Os
UNRESOLVED: objc/execute/protocol-isEqual-4.m execution, -Os
FAIL: objc/execute/redefining_self.m execution, -O0
FAIL: objc/execute/redefining_self.m execution, -O1
FAIL: objc/execute/redefining_self.m execution, -O2
FAIL: objc/execute/redefining_self.m execution, -O3 -fomit-frame-pointer
FAIL: objc/execute/redefining_self.m execution, -O3 -g
FAIL: objc/execute/redefining_self.m execution, -Os
FAIL: objc/execute/root_methods.m compilation, -O0
UNRESOLVED: objc/execute/root_methods.m execution, -O0
FAIL: objc/execute/root_methods.m compilation, -O1
UNRESOLVED: objc/execute/root_methods.m execution, -O1
FAIL: objc/execute/root_methods.m compilation, -O2
UNRESOLVED: objc/execute/root_methods.m execution, -O2
FAIL: objc/execute/root_methods.m compilation, -O3 -fomit-frame-pointer
UNRESOLVED: objc/execute/root_methods.m execution, -O3 -fomit-frame-pointer
FAIL: objc/execute/root_methods.m compilation, -O3 -g
UNRESOLVED: objc/execute/root_methods.m execution, -O3 -g
FAIL: objc/execute/root_methods.m compilation, -Os
UNRESOLVED: objc/execute/root_methods.m execution, -Os
FAIL: objc/execute/static-1.m execution, -O0
FAIL: objc/execute/static-1.m execution, -O1
FAIL: objc/execute/static-1.m execution, -O2
FAIL: objc/execute/static-1.m execution, -O3 -fomit-frame-pointer
FAIL: objc/execute/static-1.m execution, -O3 -g
FAIL: objc/execute/static-1.m execution, -Os
FAIL: objc/execute/static-2.m execution, -O0
FAIL: objc/execute/static-2.m execution, -O1
FAIL: objc/execute/static-2.m execution, -O2
FAIL: objc/execute/static-2.m execution, -O3 -fomit-frame-pointer
FAIL: objc/execute/static-2.m execution, -O3 -g
FAIL: objc/execute/static-2.m execution, -Os
FAIL: objc/execute/string1.m compilation, -O0
UNRESOLVED: objc/execute/string1.m execution, -O0
FAIL: objc/execute/string1.m compilation, -O1
UNRESOLVED: objc/execute/string1.m execution, -O1
FAIL: objc/execute/string1.m compilation, -O2
UNRESOLVED: objc/execute/string1.m execution, -O2
FAIL: objc/execute/string1.m compilation, -O3 -fomit-frame-pointer
UNRESOLVED: objc/execute/string1.m execution, -O3 -fomit-frame-pointer
FAIL: objc/execute/string1.m compilation, -O3 -g
UNRESOLVED: objc/execute/string1.m execution, -O3 -g
FAIL: objc/execute/string1.m compilation, -Os
UNRESOLVED: objc/execute/string1.m execution, -Os
FAIL: objc/execute/string2.m compilation, -O0
UNRESOLVED: objc/execute/string2.m execution, -O0
FAIL: objc/execute/string2.m compilation, -O1
UNRESOLVED: objc/execute/string2.m execution, -O1
FAIL: objc/execute/string2.m compilation, -O2
UNRESOLVED: objc/execute/string2.m execution, -O2
FAIL: objc/execute/string2.m compilation, -O3 -fomit-frame-pointer
UNRESOLVED: objc/execute/string2.m execution, -O3 -fomit-frame-pointer
FAIL: objc/execute/string2.m compilation, -O3 -g
UNRESOLVED: objc/execute/string2.m execution, -O3 -g
FAIL: objc/execute/string2.m compilation, -Os
UNRESOLVED: objc/execute/string2.m execution, -Os
FAIL: objc/execute/string3.m compilation, -O0
UNRESOLVED: objc/execute/string3.m execution, -O0
FAIL: objc/execute/string3.m compilation, -O1
UNRESOLVED: objc/execute/string3.m execution, -O1
FAIL: objc/execute/string3.m compilation, -O2
UNRESOLVED: objc/execute/string3.m execution, -O2
FAIL: objc/execute/string3.m compilation, -O3 -fomit-frame-pointer
UNRESOLVED: objc/execute/string3.m execution, -O3 -fomit-frame-pointer
FAIL: objc/execute/string3.m compilation, -O3 -g
UNRESOLVED: objc/execute/string3.m execution, -O3 -g
FAIL: objc/execute/string3.m compilation, -Os
UNRESOLVED: objc/execute/string3.m execution, -Os
FAIL: objc/execute/string4.m compilation, -O0
UNRESOLVED: objc/execute/string4.m execution, -O0
FAIL: objc/execute/string4.m compilation, -O1
UNRESOLVED: objc/execute/string4.m execution, -O1
FAIL: objc/execute/string4.m compilation, -O2
UNRESOLVED: objc/execute/string4.m execution, -O2
FAIL: objc/execute/string4.m compilation, -O3 -fomit-frame-pointer
UNRESOLVED: objc/execute/string4.m execution, -O3 -fomit-frame-pointer
FAIL: objc/execute/string4.m compilation, -O3 -g
UNRESOLVED: objc/execute/string4.m execution, -O3 -g
FAIL: objc/execute/string4.m compilation, -Os
UNRESOLVED: objc/execute/string4.m execution, -Os
FAIL: objc/execute/va_method.m execution, -O0
FAIL: objc/execute/va_method.m execution, -O1
FAIL: objc/execute/va_method.m execution, -O2
FAIL: objc/execute/va_method.m execution, -O3 -fomit-frame-pointer
FAIL: objc/execute/va_method.m execution, -O3 -fomit-frame-pointer -funroll-loops
FAIL: objc/execute/va_method.m execution, -O3 -fomit-frame-pointer -funroll-all-loops -finline-functions
FAIL: objc/execute/va_method.m execution, -O3 -g
FAIL: objc/execute/va_method.m execution, -Os
FAIL: objc.dg/bitfield-1.m (test for excess errors)
WARNING: objc.dg/bitfield-1.m compilation failed to produce executable
FAIL: objc.dg/bitfield-3.m (test for excess errors)
FAIL: objc.dg/bitfield-5.m (test for excess errors)
FAIL: objc.dg/call-super-1.m (test for excess errors)
WARNING: objc.dg/call-super-1.m compilation failed to produce executable
FAIL: objc.dg/call-super-3.m (test for excess errors)
WARNING: objc.dg/call-super-3.m compilation failed to produce executable
WARNING: objc.dg/category-1.m compilation failed to produce executable
FAIL: objc.dg/const-str-10.m scan-assembler .long\\t__NSConstantStringClassReference\\n\\t.long\\t.*\\n\\t.long\\t5\\n\\t.data
FAIL: objc.dg/const-str-11.m scan-assembler .long\\t__XStrClassReference\\n\\t.long\\t.*\\n\\t.long\\t5\\n\\t.data
WARNING: objc.dg/const-str-3.m compilation failed to produce executable
WARNING: objc.dg/const-str-7.m compilation failed to produce executable
WARNING: objc.dg/const-str-8.m compilation failed to produce executable
FAIL: objc.dg/const-str-9.m scan-assembler .long\\t__NSConstantStringClassReference\\n\\t.long\\t.*\\n\\t.long\\t5\\n\\t.data
FAIL: objc.dg/defs.m (test for excess errors)
WARNING: objc.dg/defs.m compilation failed to produce executable
FAIL: objc.dg/desig-init-1.m (test for excess errors)
WARNING: objc.dg/desig-init-1.m compilation failed to produce executable
WARNING: objc.dg/encode-2.m compilation failed to produce executable
FAIL: objc.dg/encode-3.m (test for excess errors)
WARNING: objc.dg/encode-3.m compilation failed to produce executable
WARNING: objc.dg/encode-4.m compilation failed to produce executable
FAIL: objc.dg/fix-and-continue-1.m (test for excess errors)
WARNING: objc.dg/fix-and-continue-1.m compilation failed to produce executable
FAIL: objc.dg/func-ptr-1.m (test for excess errors)
WARNING: objc.dg/func-ptr-1.m compilation failed to produce executable
FAIL: objc.dg/func-ptr-2.m (test for excess errors)
WARNING: objc.dg/func-ptr-2.m compilation failed to produce executable
FAIL: objc.dg/headers.m (test for excess errors)
FAIL: objc.dg/layout-1.m (test for excess errors)
FAIL: objc.dg/lookup-1.m (test for excess errors)
WARNING: objc.dg/lookup-1.m compilation failed to produce executable
FAIL: objc.dg/method-10.m (test for excess errors)
WARNING: objc.dg/method-10.m compilation failed to produce executable
FAIL: objc.dg/method-13.m execution test
FAIL: objc.dg/method-3.m (test for excess errors)
WARNING: objc.dg/method-3.m compilation failed to produce executable
FAIL: objc.dg/method-6.m (test for excess errors)
FAIL: objc.dg/next-runtime-1.m scan-assembler L_OBJC_MODULES:\\n[ \\t]*.long\\t6\\n
FAIL: objc.dg/no-extra-load.m (test for excess errors)
ERROR: objc.dg/no-extra-load.m: error executing dg-final: couldn't open "no-extra-load.s": no such file or directory
UNRESOLVED: objc.dg/no-extra-load.m: error executing dg-final: couldn't open "no-extra-load.s": no such file or directory
FAIL: objc.dg/proto-lossage-3.m (test for excess errors)
WARNING: objc.dg/proto-lossage-3.m compilation failed to produce executable
FAIL: objc.dg/proto-qual-1.m (test for excess errors)
WARNING: objc.dg/proto-qual-1.m compilation failed to produce executable
FAIL: objc.dg/sizeof-1.m (test for excess errors)
WARNING: objc.dg/sizeof-1.m compilation failed to produce executable
FAIL: objc.dg/stret-1.m (test for excess errors)
WARNING: objc.dg/stret-1.m compilation failed to produce executable
FAIL: objc.dg/stret-2.m scan-assembler objc_msgSend_stret
FAIL: objc.dg/stret-2.m scan-assembler-not objc_msgSend[^_S]
FAIL: objc.dg/stret-2.m scan-assembler-not objc_msgSendSuper[^_]
FAIL: objc.dg/stubify-1.m (test for excess errors)
ERROR: objc.dg/stubify-1.m: error executing dg-final: couldn't open "stubify-1.s": no such file or directory
UNRESOLVED: objc.dg/stubify-1.m: error executing dg-final: couldn't open "stubify-1.s": no such file or directory
FAIL: objc.dg/stubify-2.m (test for excess errors)
ERROR: objc.dg/stubify-2.m: error executing dg-final: no files matched glob pattern "stubify-2.m.[0-9][0-9][0-9]r.jump"
UNRESOLVED: objc.dg/stubify-2.m: error executing dg-final: no files matched glob pattern "stubify-2.m.[0-9][0-9][0-9]r.jump"
FAIL: objc.dg/super-class-3.m (test for excess errors)
WARNING: objc.dg/super-class-3.m compilation failed to produce executable
FAIL: objc.dg/symtab-1.m scan-assembler L_OBJC_SYMBOLS.*:\\n\\t.long\\t0\\n\\t.long\\t0\\n\\t.short\\t2\\n\\t.short\\t0\\n\\t.long\\tL_OBJC_
CLASS_Derived.*\\n\\t.long\\tL_OBJC_CLASS_Base.*\\n
FAIL: objc.dg/type-size-2.m execution test
FAIL: objc.dg/va-meth-1.m (test for excess errors)
WARNING: objc.dg/va-meth-1.m compilation failed to produce executable
FAIL: objc.dg/zero-link-3.m (test for excess errors)
WARNING: objc.dg/zero-link-3.m compilation failed to produce executable
FAIL: objc.dg/special/unclaimed-category-1.m unclaimed-category-1a.o (test for excess errors)
FAIL: objc.dg/special/unclaimed-category-1.m unclaimed-category-1a.o execution test
=== objc Summary for unix/-m64 ===
# of expected passes 799
# of unexpected failures 569
# of expected failures 7
# of unresolved testcases 465
# of unsupported tests 2
=== objc Summary ===
# of expected passes 3693
# of unexpected failures 653
# of expected failures 14
# of unresolved testcases 540
# of unsupported tests 4
/opt/gcc/i686-darwin/gcc/xgcc version 4.3.0 20071230 (experimental) (GCC)
=== libffi tests ===
Running target unix
FAIL: libffi.call/return_sc.c -O0 -W -Wall execution test
FAIL: libffi.call/return_sc.c -O2 execution test
FAIL: libffi.call/return_sc.c -O3 execution test
=== libffi Summary for unix ===
# of expected passes 1113
# of unexpected failures 3
# of unsupported tests 8
Running target unix/-m64
=== libffi Summary for unix/-m64 ===
# of expected passes 1116
# of unsupported tests 8
=== libffi Summary ===
# of expected passes 2229
# of unexpected failures 3
# of unsupported tests 16
=== libgomp tests ===
Running target unix
=== libgomp Summary for unix ===
# of expected passes 1457
# of unsupported tests 109
Running target unix/-m64
=== libgomp Summary for unix/-m64 ===
# of expected passes 1457
# of unsupported tests 109
=== libgomp Summary ===
# of expected passes 2914
# of unsupported tests 218
=== libjava tests ===
Running target unix
FAIL: /opt/gcc/gcc-4.3-work/libjava/testsuite/libjava.jar/TestClosureGC.jar execution - gij test
=== libjava Summary for unix ===
# of expected passes 2548
# of unexpected failures 1
# of untested testcases 1
Running target unix/-m64
FAIL: PR16923 run
FAIL: events output
=== libjava Summary for unix/-m64 ===
# of expected passes 2548
# of unexpected failures 2
# of untested testcases 1
=== libjava Summary ===
# of expected passes 5096
# of unexpected failures 3
# of untested testcases 2
=== libstdc++ tests ===
Running target unix
XPASS: 21_strings/basic_string/element_access/char/21674.cc execution test
XPASS: 21_strings/basic_string/element_access/wchar_t/21674.cc execution test
XPASS: 26_numerics/headers/cmath/c99_classification_macros_c.cc (test for excess errors)
FAIL: ext/mt_allocator/deallocate_local_thread-5.cc execution test
FAIL: ext/mt_allocator/deallocate_local_thread-7.cc execution test
=== libstdc++ Summary for unix ===
# of expected passes 4945
# of unexpected failures 2
# of unexpected successes 3
# of expected failures 59
# of unsupported tests 328
Running target unix/-m64
XPASS: 21_strings/basic_string/element_access/char/21674.cc execution test
XPASS: 21_strings/basic_string/element_access/wchar_t/21674.cc execution test
XPASS: 26_numerics/headers/cmath/c99_classification_macros_c.cc (test for excess errors)
WARNING: program timed out.
FAIL: 27_io/ios_base/storage/2.cc execution test
FAIL: ext/mt_allocator/deallocate_local_thread-5.cc execution test
FAIL: ext/mt_allocator/deallocate_local_thread-7.cc execution test
=== libstdc++ Summary for unix/-m64 ===
# of expected passes 4944
# of unexpected failures 3
# of unexpected successes 3
# of expected failures 59
# of unsupported tests 328
=== libstdc++ Summary ===
# of expected passes 9889
# of unexpected failures 5
# of unexpected successes 6
# of expected failures 118
# of unsupported tests 656
Compiler version: 4.3.0 20071230 (experimental) (GCC)
Platform: i686-apple-darwin9
configure flags: --prefix=/opt/gcc/gcc4.3w --mandir=/opt/gcc/gcc4.3w/share/man --infodir=/opt/gcc/gcc4.3w/share/info --build=i686-apple-darw
in9 --enable-languages=c,c++,fortran,objc,obj-c++,java --with-gmp=/sw --with-libiconv-prefix=/usr --with-system-zlib --x-includes=/usr/X11R6
/include --x-libraries=/usr/X11R6/lib
More information about the Gcc-testresults
mailing list