Results for 4.1.3 20071220 (prerelease) gcc testsuite on mips-unknown-elf
Mike Stein
mstein@phenix.rootshell.be
Fri Dec 21 22:50:00 GMT 2007
Debian 4 on x86_64
cross tool versions:
GNU assembler (GNU Binutils) 2.18.50.20071216
GNU gdb 6.7.50.20071215-cvs
GNU ld (GNU Binutils) 2.18.50.20071216
GNU Make 3.81
expect version 5.43.0
host gcc version: gcc (GCC) 4.3.0 20071215 (experimental) [trunk revision 130977]
LAST_UPDATED: Thu Dec 20 23:02:06 UTC 2007 (revision 131109)
Target is mips-unknown-elf
Host is x86_64-unknown-linux-gnu
=== gcc tests ===
Running target mips-sim
FAIL: gcc.dg/attr-weakref-1.c (test for excess errors)
UNRESOLVED: gcc.dg/attr-weakref-1.c compilation failed to produce executable
FAIL: gcc.dg/intmax_t-1.c (test for errors, line )
FAIL: gcc.dg/tls/alias-1.c (test for excess errors)
XPASS: gcc.dg/tree-ssa/20040204-1.c scan-tree-dump-times link_error 0
FAIL: gcc.target/mips/memcpy-1.c scan-assembler-not \\tlbu\\t
=== gcc Summary ===
# of expected passes 38167
# of unexpected failures 4
# of unexpected successes 1
# of expected failures 76
# of unresolved testcases 1
# of untested testcases 28
# of unsupported tests 314
/home/mstein/sim/gcc-4_1-branch/mips-elf/build/gcc/xgcc version 4.1.3 20071220 (prerelease)
Compiler version: 4.1.3 20071220 (prerelease) gcc
Platform: mips-unknown-elf
configure flags: --target=mips-elf --prefix=/n/11/mstein/cross-local/mips-elf --disable-nls --disable-build-warnings --with-ld=/n/11/mstein/cross-local/mips-elf/bin/mips-elf-ld --with-as=/n/11/mstein/cross-local/mips-elf/bin/mips-elf-as --disable-libssp --enable-languages=c
More information about the Gcc-testresults
mailing list