Results for 4.3.0 20071215 (experimental) [trunk revision 130977] (GCC) gcc testsuite on mips-unknown-elf
Mike Stein
mstein@phenix.rootshell.be
Sun Dec 16 22:50:00 GMT 2007
Debian 4 on x86_64
cross tool versions:
GNU assembler (GNU Binutils) 2.18.50.20071209
GNU gdb 6.7.50.20071208-cvs
GNU ld (GNU Binutils) 2.18.50.20071209
GNU Make 3.81
expect version 5.43.0
host gcc version: gcc (GCC) 4.3.0 20071215 (experimental) [trunk revision 130977]
LAST_UPDATED: Sat Dec 15 23:03:08 UTC 2007 (revision 130977)
Target is mips-unknown-elf
Host is x86_64-unknown-linux-gnu
=== gcc tests ===
Running target mips-sim
FAIL: gcc.c-torture/compile/limits-structnest.c -O2 (test for excess errors)
FAIL: gcc.c-torture/compile/limits-structnest.c -O3 -fomit-frame-pointer (test for excess errors)
FAIL: gcc.c-torture/compile/limits-structnest.c -O3 -g (test for excess errors)
FAIL: gcc.c-torture/compile/limits-structnest.c -Os (test for excess errors)
WARNING: Could not compile gcc.dg/compat/struct-layout-1 generator
FAIL: gcc.dg/struct/wo_prof_two_strs.c (internal compiler error)
FAIL: gcc.dg/struct/wo_prof_two_strs.c (test for excess errors)
UNRESOLVED: gcc.dg/struct/wo_prof_two_strs.c compilation failed to produce executable
FAIL: gcc.dg/struct/wo_prof_two_strs.c scan-ipa-dump ipa_struct_reorg "Number of structures to transform is 2"
FAIL: gcc.dg/torture/builtin-pow-mpfr-1.c -O0 scan-tree-dump original "pow"
FAIL: gcc.dg/torture/builtin-pow-mpfr-1.c -O1 scan-tree-dump original "pow"
FAIL: gcc.dg/torture/builtin-pow-mpfr-1.c -O2 scan-tree-dump original "pow"
FAIL: gcc.dg/torture/builtin-pow-mpfr-1.c -O3 -fomit-frame-pointer scan-tree-dump original "pow"
FAIL: gcc.dg/torture/builtin-pow-mpfr-1.c -O3 -g scan-tree-dump original "pow"
FAIL: gcc.dg/torture/builtin-pow-mpfr-1.c -Os scan-tree-dump original "pow"
=== gcc Summary ===
# of expected passes 45888
# of unexpected failures 13
# of expected failures 90
# of unresolved testcases 1
# of untested testcases 35
# of unsupported tests 351
/home/mstein/sim/mips-elf/build/gcc/xgcc version 4.3.0 20071215 (experimental) [trunk revision 130977] (GCC)
Compiler version: 4.3.0 20071215 (experimental) [trunk revision 130977] (GCC) gcc
Platform: mips-unknown-elf
configure flags: --target=mips-elf --prefix=/n/11/mstein/cross-local/mips-elf --enable-languages=c --disable-nls --disable-build-warnings --with-ld=/n/11/mstein/cross-local/mips-elf/bin/mips-elf-ld --with-as=/n/11/mstein/cross-local/mips-elf/bin/mips-elf-as --disable-libssp
More information about the Gcc-testresults
mailing list