Results for 4.3.0 20071215 (experimental) [trunk revision 130951] (GCC) testsuite on hppa64-hp-hpux11.11
John David Anglin
dave@hiauly3.hia.nrc.ca
Sat Dec 15 16:32:00 GMT 2007
LAST_UPDATED: Sat Dec 15 01:06:26 UTC 2007 (revision 130951)
Native configuration is hppa64-hp-hpux11.11
=== g++ tests ===
Running target unix
XPASS: g++.dg/eh/weak1.C execution test
XPASS: g++.old-deja/g++.pt/static6.C (test for excess errors)
=== g++ Summary ===
# of expected passes 16103
# of unexpected successes 2
# of expected failures 86
# of unsupported tests 175
/test/gnu/gcc/objdir/gcc/testsuite/g++/../../g++ version 4.3.0 20071215 (experimental) [trunk revision 130951] (GCC)
=== gcc tests ===
Running target unix
XPASS: gcc.dg/cpp/cmdlne-dI-M.c scan-file (^|\\\\n)cmdlne-dI-M.*:[^\\\\n]*cmdlne-dI-M.c
XPASS: gcc.dg/cpp/cmdlne-dM-M.c scan-file (^|\\\\n)cmdlne-dM-M[^\\\\n]*:[^\\\\n]*cmdlne-dM-M.c
XPASS: gcc.dg/funcorder.c scan-assembler-not link_error,%r
FAIL: gcc.dg/struct/wo_prof_two_strs.c (internal compiler error)
FAIL: gcc.dg/struct/wo_prof_two_strs.c (test for excess errors)
WARNING: gcc.dg/struct/wo_prof_two_strs.c compilation failed to produce executable
FAIL: gcc.dg/struct/wo_prof_two_strs.c scan-ipa-dump ipa_struct_reorg "Number of structures to transform is 2"
FAIL: gcc.dg/struct/w_prof_two_strs.c compilation, -O3 -fwhole-program -combine -fipa-type-escape -fprofile-use -fipa-struct-reorg -fdump-ipa-all (internal compiler error)
UNRESOLVED: gcc.dg/struct/w_prof_two_strs.c execution, -O3 -fwhole-program -combine -fipa-type-escape -fprofile-use -fipa-struct-reorg -fdump-ipa-all
XPASS: gcc.dg/torture/builtin-math-4.c -O0 (test for excess errors)
XPASS: gcc.dg/torture/builtin-math-4.c -O1 (test for excess errors)
XPASS: gcc.dg/torture/builtin-math-4.c -O2 (test for excess errors)
XPASS: gcc.dg/torture/builtin-math-4.c -O3 -fomit-frame-pointer (test for excess errors)
XPASS: gcc.dg/torture/builtin-math-4.c -O3 -fomit-frame-pointer -funroll-loops (test for excess errors)
XPASS: gcc.dg/torture/builtin-math-4.c -O3 -fomit-frame-pointer -funroll-all-loops -finline-functions (test for excess errors)
XPASS: gcc.dg/torture/builtin-math-4.c -O3 -g (test for excess errors)
XPASS: gcc.dg/torture/builtin-math-4.c -Os (test for excess errors)
=== gcc Summary ===
# of expected passes 44067
# of unexpected failures 4
# of unexpected successes 11
# of expected failures 88
# of unresolved testcases 1
# of untested testcases 35
# of unsupported tests 411
/test/gnu/gcc/objdir/gcc/xgcc version 4.3.0 20071215 (experimental) [trunk revision 130951] (GCC)
=== gfortran tests ===
Running target unix
FAIL: gfortran.dg/bind_c_usage_16.f03 -O0 execution test
FAIL: gfortran.dg/bind_c_usage_16.f03 -O1 execution test
FAIL: gfortran.dg/bind_c_usage_16.f03 -O2 execution test
FAIL: gfortran.dg/bind_c_usage_16.f03 -O3 -fomit-frame-pointer execution test
FAIL: gfortran.dg/bind_c_usage_16.f03 -O3 -fomit-frame-pointer -funroll-loops execution test
FAIL: gfortran.dg/bind_c_usage_16.f03 -O3 -fomit-frame-pointer -funroll-all-loops -finline-functions execution test
FAIL: gfortran.dg/bind_c_usage_16.f03 -O3 -g execution test
FAIL: gfortran.dg/bind_c_usage_16.f03 -Os execution test
FAIL: gfortran.dg/integer_exponentiation_2.f90 -O1 execution test
FAIL: gfortran.dg/integer_exponentiation_2.f90 -O2 execution test
FAIL: gfortran.dg/integer_exponentiation_2.f90 -O3 -fomit-frame-pointer execution test
FAIL: gfortran.dg/integer_exponentiation_2.f90 -O3 -fomit-frame-pointer -funroll-loops execution test
FAIL: gfortran.dg/integer_exponentiation_2.f90 -O3 -fomit-frame-pointer -funroll-all-loops -finline-functions execution test
FAIL: gfortran.dg/integer_exponentiation_2.f90 -O3 -g execution test
FAIL: gfortran.dg/integer_exponentiation_2.f90 -Os execution test
FAIL: gfortran.dg/ltrans-7.f90 -O scan-tree-dump-times ltrans "transformed loop" 1
FAIL: gfortran.dg/nan_4.f90 -O (test for errors, line 11)
FAIL: gfortran.dg/nan_4.f90 -O (test for errors, line 13)
FAIL: gfortran.dg/nan_4.f90 -O (test for errors, line 14)
FAIL: gfortran.dg/nint_2.f90 -O0 execution test
=== gfortran Summary ===
# of expected passes 22415
# of unexpected failures 20
# of expected failures 8
# of unsupported tests 138
/test/gnu/gcc/objdir/gcc/testsuite/gfortran/../../gfortran version 4.3.0 20071215 (experimental) [trunk revision 130951] (GCC)
=== obj-c++ tests ===
Running target unix
FAIL: obj-c++.dg/bitfield-1.mm (internal compiler error)
FAIL: obj-c++.dg/bitfield-1.mm (test for excess errors)
WARNING: obj-c++.dg/bitfield-1.mm compilation failed to produce executable
FAIL: obj-c++.dg/bitfield-4.mm (test for excess errors)
FAIL: obj-c++.dg/comp-types-10.mm (internal compiler error)
FAIL: obj-c++.dg/comp-types-10.mm (test for excess errors)
FAIL: obj-c++.dg/cxx-ivars-2.mm execution test
FAIL: obj-c++.dg/encode-2.mm scan-assembler {Vec<float>=ffi}
FAIL: obj-c++.dg/encode-2.mm scan-assembler {Vec<double>=ddi}
FAIL: obj-c++.dg/encode-3.mm execution test
FAIL: obj-c++.dg/encode-8.mm execution test
FAIL: obj-c++.dg/gnu-runtime-2.mm (test for excess errors)
FAIL: obj-c++.dg/isa-field-1.mm (test for excess errors)
FAIL: obj-c++.dg/layout-1.mm (test for excess errors)
FAIL: obj-c++.dg/lookup-2.mm (test for excess errors)
WARNING: obj-c++.dg/lookup-2.mm compilation failed to produce executable
FAIL: obj-c++.dg/try-catch-2.mm (test for excess errors)
WARNING: obj-c++.dg/try-catch-2.mm compilation failed to produce executable
FAIL: obj-c++.dg/try-catch-9.mm (internal compiler error)
FAIL: obj-c++.dg/try-catch-9.mm (test for excess errors)
WARNING: obj-c++.dg/try-catch-9.mm compilation failed to produce executable
=== obj-c++ Summary ===
# of expected passes 420
# of unexpected failures 17
# of unsupported tests 13
/test/gnu/gcc/objdir/gcc/testsuite/obj-c++/../../g++ version 4.3.0 20071215 (experimental) [trunk revision 130951] (GCC)
=== objc tests ===
Running target unix
=== objc Summary ===
# of expected passes 1810
# of expected failures 7
# of unsupported tests 25
/test/gnu/gcc/objdir/gcc/xgcc version 4.3.0 20071215 (experimental) [trunk revision 130951] (GCC)
=== libgomp tests ===
Running target unix
FAIL: libgomp.c++/ctor-8.C -O0 execution test
FAIL: libgomp.c++/ctor-8.C -O1 execution test
FAIL: libgomp.c++/ctor-8.C -O2 execution test
FAIL: libgomp.c++/ctor-8.C -O3 -fomit-frame-pointer -funroll-loops execution test
FAIL: libgomp.c++/ctor-8.C -O3 -fomit-frame-pointer -funroll-all-loops -finline-functions execution test
FAIL: libgomp.c++/ctor-8.C -Os execution test
FAIL: libgomp.c++/ctor-9.C -O1 execution test
FAIL: libgomp.c++/ctor-9.C -O3 -fomit-frame-pointer execution test
FAIL: libgomp.c++/ctor-9.C -O3 -fomit-frame-pointer -funroll-loops execution test
FAIL: libgomp.c++/ctor-9.C -O3 -fomit-frame-pointer -funroll-all-loops -finline-functions execution test
FAIL: libgomp.c++/ctor-9.C -Os execution test
FAIL: libgomp.fortran/crayptr2.f90 -O0 execution test
FAIL: libgomp.fortran/crayptr2.f90 -O1 execution test
FAIL: libgomp.fortran/crayptr2.f90 -O2 execution test
FAIL: libgomp.fortran/crayptr2.f90 -O3 -fomit-frame-pointer execution test
FAIL: libgomp.fortran/crayptr2.f90 -O3 -fomit-frame-pointer -funroll-loops execution test
FAIL: libgomp.fortran/crayptr2.f90 -O3 -fomit-frame-pointer -funroll-all-loops -finline-functions execution test
FAIL: libgomp.fortran/crayptr2.f90 -O3 -g execution test
FAIL: libgomp.fortran/crayptr2.f90 -Os execution test
FAIL: libgomp.fortran/threadprivate1.f90 -O0 execution test
FAIL: libgomp.fortran/threadprivate1.f90 -O1 execution test
FAIL: libgomp.fortran/threadprivate1.f90 -O2 execution test
FAIL: libgomp.fortran/threadprivate1.f90 -O3 -fomit-frame-pointer execution test
FAIL: libgomp.fortran/threadprivate1.f90 -O3 -fomit-frame-pointer -funroll-loops execution test
FAIL: libgomp.fortran/threadprivate1.f90 -O3 -fomit-frame-pointer -funroll-all-loops -finline-functions execution test
FAIL: libgomp.fortran/threadprivate1.f90 -O3 -g execution test
FAIL: libgomp.fortran/threadprivate1.f90 -Os execution test
WARNING: program timed out.
FAIL: libgomp.fortran/threadprivate2.f90 -O0 execution test
FAIL: libgomp.fortran/threadprivate2.f90 -O1 execution test
FAIL: libgomp.fortran/threadprivate2.f90 -O2 execution test
FAIL: libgomp.fortran/threadprivate2.f90 -O3 -fomit-frame-pointer execution test
FAIL: libgomp.fortran/threadprivate2.f90 -O3 -g execution test
FAIL: libgomp.fortran/threadprivate2.f90 -Os execution test
FAIL: libgomp.fortran/threadprivate3.f90 -O0 execution test
FAIL: libgomp.fortran/threadprivate3.f90 -O1 execution test
FAIL: libgomp.fortran/threadprivate3.f90 -O2 execution test
FAIL: libgomp.fortran/threadprivate3.f90 -O3 -fomit-frame-pointer execution test
FAIL: libgomp.fortran/threadprivate3.f90 -O3 -fomit-frame-pointer -funroll-all-loops -finline-functions execution test
FAIL: libgomp.fortran/threadprivate3.f90 -O3 -g execution test
FAIL: libgomp.fortran/threadprivate3.f90 -Os execution test
=== libgomp Summary ===
# of expected passes 1603
# of unexpected failures 40
# of unsupported tests 7
=== libstdc++ tests ===
Running target unix
FAIL: 22_locale/global_templates/standard_facet_hierarchies.cc execution test
=== libstdc++ Summary ===
# of expected passes 4810
# of unexpected failures 1
# of expected failures 57
# of unsupported tests 343
Compiler version: 4.3.0 20071215 (experimental) [trunk revision 130951] (GCC)
Platform: hppa64-hp-hpux11.11
configure flags: --with-gnu-as --with-as=/opt/gnu64/bin/as --with-ld=/usr/ccs/bin/ld --enable-shared --disable-nls --with-local-prefix=/opt/gnu64 --prefix=/opt/gnu64/gcc/gcc-4.3.0 --build=hppa64-hp-hpux11.11 --enable-threads=posix --disable-libmudflap --with-gmp=/opt/gnu64/gcc/gcc-4.3.0 --enable-languages=c,c++,fortran,objc,obj-c++
More information about the Gcc-testresults
mailing list