Results for 4.3.0 20071213 (experimental) (GCC) testsuite on i686-pc-linux-gnu
GCC regression tester
regress@geoffk.org
Thu Dec 13 15:18:00 GMT 2007
This build run by an automatic regression tester.
See <http://glutton.geoffk.org/HEAD/> for more information.
Date: 2007-12-13T13:50:18Z
Revision: 130893
URL: svn://gcc.gnu.org/svn/gcc/trunk
Status: regress-5
Prev-Endtime: 2007-12-13T13:31:07Z
LAST_UPDATED:
Native configuration is i686-pc-linux-gnu
=== g++ tests ===
Running target unix
=== g++ Summary ===
# of expected passes 17116
# of expected failures 84
# of unsupported tests 88
/home/regress/tbox/native/build/gcc/testsuite/g++/../../g++ version 4.3.0 20071213 (experimental) (GCC)
=== gcc tests ===
Running target unix
FAIL: gcc.dg/struct/wo_prof_escape_str_init.c scan-ipa-dump ipa_struct_reorg "is initialized...Excluded"
FAIL: gcc.dg/struct/wo_prof_global_array.c scan-ipa-dump ipa_struct_reorg "Number of structures to transform is 1"
FAIL: gcc.dg/struct/wo_prof_global_var.c scan-ipa-dump ipa_struct_reorg "Number of structures to transform is 1"
FAIL: gcc.dg/struct/wo_prof_local_array.c scan-ipa-dump ipa_struct_reorg "Number of structures to transform is 1"
FAIL: gcc.dg/struct/wo_prof_local_var.c scan-ipa-dump ipa_struct_reorg "Number of structures to transform is 1"
FAIL: gcc.dg/struct/wo_prof_single_str_global.c scan-ipa-dump ipa_struct_reorg "Number of structures to transform is 1"
FAIL: gcc.dg/struct/wo_prof_two_strs.c scan-ipa-dump ipa_struct_reorg "Number of structures to transform is 2"
FAIL: gcc.dg/struct/w_prof_global_array.c scan-ipa-dump ipa_struct_reorg "Number of structures to transform is 1"
FAIL: gcc.dg/struct/w_prof_global_var.c scan-ipa-dump ipa_struct_reorg "Number of structures to transform is 1"
FAIL: gcc.dg/struct/w_prof_local_array.c scan-ipa-dump ipa_struct_reorg "Number of structures to transform is 1"
FAIL: gcc.dg/struct/w_prof_local_var.c scan-ipa-dump ipa_struct_reorg "Number of structures to transform is 1"
FAIL: gcc.dg/struct/w_prof_single_str_global.c scan-ipa-dump ipa_struct_reorg "Number of structures to transform is 1"
FAIL: gcc.dg/struct/w_prof_two_strs.c scan-ipa-dump ipa_struct_reorg "Number of structures to transform is 2"
FAIL: gcc.dg/struct/w_ratio_cold_str.c scan-ipa-dump ipa_struct_reorg "Number of structures to transform is 1"
FAIL: gcc.dg/tls/section-1.c conflict with user-defined section (test for errors, line 12)
FAIL: gcc.dg/weak/weak-6.c (test for errors, line 5)
FAIL: gcc.dg/weak/weak-6.c pointer conversion (test for errors, line 5)
FAIL: gcc.dg/weak/weak-7.c (test for errors, line 5)
FAIL: gcc.dg/weak/weak-7.c pointer conversion (test for errors, line 5)
FAIL: gcc.target/i386/20060218-1.c (test for errors, line 6)
FAIL: gcc.target/i386/pr30848.c (test for errors, line 5)
=== gcc Summary ===
# of expected passes 48110
# of unexpected failures 21
# of expected failures 173
# of untested testcases 35
# of unsupported tests 344
/home/regress/tbox/native/build/gcc/xgcc version 4.3.0 20071213 (experimental) (GCC)
=== gfortran tests ===
Running target unix
FAIL: gfortran.dg/bind_c_usage_16.f03 -O0 execution test
FAIL: gfortran.dg/bind_c_usage_16.f03 -O1 execution test
FAIL: gfortran.dg/bind_c_usage_16.f03 -O2 execution test
FAIL: gfortran.dg/bind_c_usage_16.f03 -O3 -fomit-frame-pointer execution test
FAIL: gfortran.dg/bind_c_usage_16.f03 -O3 -fomit-frame-pointer -funroll-loops execution test
FAIL: gfortran.dg/bind_c_usage_16.f03 -O3 -fomit-frame-pointer -funroll-all-loops -finline-functions execution test
FAIL: gfortran.dg/bind_c_usage_16.f03 -O3 -g execution test
FAIL: gfortran.dg/bind_c_usage_16.f03 -Os execution test
=== gfortran Summary ===
# of expected passes 22697
# of unexpected failures 8
# of expected failures 8
# of unsupported tests 16
/home/regress/tbox/native/build/gcc/testsuite/gfortran/../../gfortran version 4.3.0 20071213 (experimental) (GCC)
=== objc tests ===
Running target unix
=== objc Summary ===
# of expected passes 1812
# of expected failures 7
# of unsupported tests 24
/home/regress/tbox/native/build/gcc/xgcc version 4.3.0 20071213 (experimental) (GCC)
=== libffi tests ===
Running target unix
=== libffi Summary ===
# of expected passes 1116
# of unsupported tests 8
=== libgomp tests ===
Running target unix
=== libgomp Summary ===
# of expected passes 1657
=== libjava tests ===
Running target unix
=== libjava Summary ===
# of expected passes 2550
=== libmudflap tests ===
Running target unix
FAIL: libmudflap.c++/pass41-frag.cxx execution test
FAIL: libmudflap.c++/pass41-frag.cxx (-static) execution test
FAIL: libmudflap.c++/pass41-frag.cxx ( -O) execution test
FAIL: libmudflap.c++/pass41-frag.cxx (-O2) execution test
FAIL: libmudflap.c++/pass41-frag.cxx (-O3) execution test
=== libmudflap Summary ===
# of expected passes 1821
# of unexpected failures 5
=== libstdc++ tests ===
Running target unix
XPASS: 26_numerics/headers/cmath/c99_classification_macros_c.cc (test for excess errors)
=== libstdc++ Summary ===
# of expected passes 5481
# of unexpected successes 1
# of expected failures 57
# of unsupported tests 10
Compiler version: 4.3.0 20071213 (experimental) (GCC)
Platform: i686-pc-linux-gnu
configure flags: --prefix=/home/regress/tbox/objs --target=i686-pc-linux-gnu
More information about the Gcc-testresults
mailing list