Results for 4.3.0 20071211 (experimental) [trunk revision 130766] (GCC) testsuite on i686-pc-linux-gnu
Weidong Cui
mason.cui@gmail.com
Tue Dec 11 06:05:00 GMT 2007
LAST_UPDATED: Tue Dec 11 03:23:09 UTC 2007 (revision 130766)
Native configuration is i686-pc-linux-gnu
=== gcc tests ===
Running target unix
=== gcc Summary ===
# of expected passes 48036
# of expected failures 169
# of untested testcases 35
# of unsupported tests 348
/home/cuiwd/gcc4/build/gcc/xgcc version 4.3.0 20071211 (experimental) [trunk revision 130766] (GCC)
=== gfortran tests ===
Running target unix
FAIL: gfortran.dg/bind_c_usage_16.f03 -O0 execution test
FAIL: gfortran.dg/bind_c_usage_16.f03 -O1 execution test
FAIL: gfortran.dg/bind_c_usage_16.f03 -O2 execution test
FAIL: gfortran.dg/bind_c_usage_16.f03 -O3 -fomit-frame-pointer execution test
FAIL: gfortran.dg/bind_c_usage_16.f03 -O3 -fomit-frame-pointer -funroll-loops execution test
FAIL: gfortran.dg/bind_c_usage_16.f03 -O3 -fomit-frame-pointer -funroll-all-loops -finline-functions execution test
FAIL: gfortran.dg/bind_c_usage_16.f03 -O3 -g execution test
FAIL: gfortran.dg/bind_c_usage_16.f03 -Os execution test
=== gfortran Summary ===
# of expected passes 22664
# of unexpected failures 8
# of expected failures 8
# of unsupported tests 16
/home/cuiwd/gcc4/build/gcc/testsuite/gfortran/../../gfortran version 4.3.0 20071211 (experimental) [trunk revision 130766] (GCC)
=== g++ tests ===
Running target unix
FAIL: tmpdir-g++.dg-struct-layout-1/t005 cp_compat_y_tst.o compile
UNRESOLVED: tmpdir-g++.dg-struct-layout-1/t005 cp_compat_x_tst.o-cp_compat_y_tst.o link
UNRESOLVED: tmpdir-g++.dg-struct-layout-1/t005 cp_compat_x_tst.o-cp_compat_y_tst.o execute
=== g++ Summary ===
# of expected passes 17110
# of unexpected failures 1
# of expected failures 83
# of unresolved testcases 2
# of unsupported tests 88
/home/cuiwd/gcc4/build/gcc/testsuite/g++/../../g++ version 4.3.0 20071211 (experimental) [trunk revision 130766] (GCC)
=== objc tests ===
Running target unix
=== objc Summary ===
# of expected passes 1812
# of expected failures 7
# of unsupported tests 24
/home/cuiwd/gcc4/build/gcc/xgcc version 4.3.0 20071211 (experimental) [trunk revision 130766] (GCC)
=== libffi tests ===
Running target unix
=== libffi Summary ===
# of expected passes 1116
# of unsupported tests 8
=== libgomp tests ===
Running target unix
=== libgomp Summary ===
# of expected passes 1657
=== libjava tests ===
Running target unix
=== libjava Summary ===
# of expected passes 2550
=== libmudflap tests ===
Running target unix
FAIL: libmudflap.c++/pass41-frag.cxx execution test
FAIL: libmudflap.c++/pass41-frag.cxx (-static) execution test
FAIL: libmudflap.c++/pass41-frag.cxx ( -O) execution test
FAIL: libmudflap.c++/pass41-frag.cxx (-O2) execution test
FAIL: libmudflap.c++/pass41-frag.cxx (-O3) execution test
=== libmudflap Summary ===
# of expected passes 1821
# of unexpected failures 5
=== libstdc++ tests ===
Running target unix
FAIL: 22_locale/num_put/put/char/12.cc execution test
FAIL: 22_locale/num_put/put/wchar_t/12.cc execution test
XPASS: 26_numerics/headers/cmath/c99_classification_macros_c.cc (test for excess errors)
=== libstdc++ Summary ===
# of expected passes 4847
# of unexpected failures 2
# of unexpected successes 1
# of expected failures 57
# of unsupported tests 326
Compiler version: 4.3.0 20071211 (experimental) [trunk revision 130766] (GCC)
Platform: i686-pc-linux-gnu
configure flags: --prefix=/home/cuiwd/gcc4/ins --with-gnu-as --with-as=/home/cuiwd/binutils217/bin/as --with-gnu-ld --with-ld=/home/cuiwd/binutils217/bin/ld --with-mpfr=/home/cuiwd/mpfr --with-gmp=/home/cuiwd/gmp --enable-clocale=gnu --with-system-zlib --enable-shared --enable-threads=posix --enable-decimal-float=bid --with-demangler-in-ld --enable-haifa --enable-checking=assert --enable-languages=c,c++,fortran,java,objc --no-create --no-recursion
More information about the Gcc-testresults
mailing list