Results for 4.3.0 20071207 (experimental) (GCC) testsuite on v850-unknown-elf
rask@gcc11.fsffrance.org
rask@gcc11.fsffrance.org
Sat Dec 8 03:50:00 GMT 2007
URL: svn://gcc.gnu.org/svn/gcc/trunk
Revision: 130699
LAST_UPDATED:
Target is v850-unknown-elf
Host is x86_64-unknown-linux-gnu
=== gcc tests ===
Running target v850-sim
FAIL: gcc.c-torture/compile/20030917-1.c -O3 -fomit-frame-pointer -funroll-loops (internal compiler error)
FAIL: gcc.c-torture/compile/20030917-1.c -O3 -fomit-frame-pointer -funroll-loops (test for excess errors)
FAIL: gcc.c-torture/compile/20030917-1.c -O3 -fomit-frame-pointer -funroll-all-loops -finline-functions (internal compiler error)
FAIL: gcc.c-torture/compile/20030917-1.c -O3 -fomit-frame-pointer -funroll-all-loops -finline-functions (test for excess errors)
FAIL: gcc.c-torture/compile/20040907-1.c -O3 -fomit-frame-pointer -funroll-loops (internal compiler error)
FAIL: gcc.c-torture/compile/20040907-1.c -O3 -fomit-frame-pointer -funroll-loops (test for excess errors)
FAIL: gcc.c-torture/compile/20040907-1.c -O3 -fomit-frame-pointer -funroll-all-loops -finline-functions (internal compiler error)
FAIL: gcc.c-torture/compile/20040907-1.c -O3 -fomit-frame-pointer -funroll-all-loops -finline-functions (test for excess errors)
FAIL: gcc.c-torture/compile/20060217-1.c -O3 -fomit-frame-pointer -funroll-loops (internal compiler error)
FAIL: gcc.c-torture/compile/20060217-1.c -O3 -fomit-frame-pointer -funroll-loops (test for excess errors)
FAIL: gcc.c-torture/compile/20060217-1.c -O3 -fomit-frame-pointer -funroll-all-loops -finline-functions (internal compiler error)
FAIL: gcc.c-torture/compile/20060217-1.c -O3 -fomit-frame-pointer -funroll-all-loops -finline-functions (test for excess errors)
FAIL: gcc.c-torture/compile/900116-1.c -O3 -fomit-frame-pointer -funroll-loops (internal compiler error)
FAIL: gcc.c-torture/compile/900116-1.c -O3 -fomit-frame-pointer -funroll-loops (test for excess errors)
FAIL: gcc.c-torture/compile/900116-1.c -O3 -fomit-frame-pointer -funroll-all-loops -finline-functions (internal compiler error)
FAIL: gcc.c-torture/compile/900116-1.c -O3 -fomit-frame-pointer -funroll-all-loops -finline-functions (test for excess errors)
FAIL: gcc.c-torture/compile/930210-1.c -O3 -fomit-frame-pointer -funroll-loops (internal compiler error)
FAIL: gcc.c-torture/compile/930210-1.c -O3 -fomit-frame-pointer -funroll-loops (test for excess errors)
FAIL: gcc.c-torture/compile/930210-1.c -O3 -fomit-frame-pointer -funroll-all-loops -finline-functions (internal compiler error)
FAIL: gcc.c-torture/compile/930210-1.c -O3 -fomit-frame-pointer -funroll-all-loops -finline-functions (test for excess errors)
FAIL: gcc.c-torture/compile/930325-1.c -O3 -fomit-frame-pointer -funroll-loops (internal compiler error)
FAIL: gcc.c-torture/compile/930325-1.c -O3 -fomit-frame-pointer -funroll-loops (test for excess errors)
FAIL: gcc.c-torture/compile/930325-1.c -O3 -fomit-frame-pointer -funroll-all-loops -finline-functions (internal compiler error)
FAIL: gcc.c-torture/compile/930325-1.c -O3 -fomit-frame-pointer -funroll-all-loops -finline-functions (test for excess errors)
FAIL: gcc.c-torture/compile/pr23233-1.c -O3 -fomit-frame-pointer -funroll-all-loops -finline-functions (internal compiler error)
FAIL: gcc.c-torture/compile/pr23233-1.c -O3 -fomit-frame-pointer -funroll-all-loops -finline-functions (test for excess errors)
FAIL: gcc.c-torture/compile/pr29250.c -O3 -fomit-frame-pointer -funroll-loops (internal compiler error)
FAIL: gcc.c-torture/compile/pr29250.c -O3 -fomit-frame-pointer -funroll-loops (test for excess errors)
FAIL: gcc.c-torture/compile/pr29250.c -O3 -fomit-frame-pointer -funroll-all-loops -finline-functions (internal compiler error)
FAIL: gcc.c-torture/compile/pr29250.c -O3 -fomit-frame-pointer -funroll-all-loops -finline-functions (test for excess errors)
FAIL: gcc.c-torture/compile/pr30338.c -O3 -fomit-frame-pointer -funroll-loops (internal compiler error)
FAIL: gcc.c-torture/compile/pr30338.c -O3 -fomit-frame-pointer -funroll-loops (test for excess errors)
FAIL: gcc.c-torture/compile/pr30338.c -O3 -fomit-frame-pointer -funroll-all-loops -finline-functions (internal compiler error)
FAIL: gcc.c-torture/compile/pr30338.c -O3 -fomit-frame-pointer -funroll-all-loops -finline-functions (test for excess errors)
FAIL: gcc.c-torture/compile/pr32349.c -O3 -fomit-frame-pointer -funroll-loops (internal compiler error)
FAIL: gcc.c-torture/compile/pr32349.c -O3 -fomit-frame-pointer -funroll-loops (test for excess errors)
FAIL: gcc.c-torture/compile/pr32349.c -O3 -fomit-frame-pointer -funroll-all-loops -finline-functions (internal compiler error)
FAIL: gcc.c-torture/compile/pr32349.c -O3 -fomit-frame-pointer -funroll-all-loops -finline-functions (test for excess errors)
FAIL: gcc.c-torture/execute/20000801-1.c compilation, -O3 -fomit-frame-pointer -funroll-loops (internal compiler error)
UNRESOLVED: gcc.c-torture/execute/20000801-1.c execution, -O3 -fomit-frame-pointer -funroll-loops
FAIL: gcc.c-torture/execute/20000801-1.c compilation, -O3 -fomit-frame-pointer -funroll-all-loops -finline-functions (internal compiler error)
UNRESOLVED: gcc.c-torture/execute/20000801-1.c execution, -O3 -fomit-frame-pointer -funroll-all-loops -finline-functions
FAIL: gcc.c-torture/execute/20010224-1.c compilation, -O3 -fomit-frame-pointer -funroll-loops (internal compiler error)
UNRESOLVED: gcc.c-torture/execute/20010224-1.c execution, -O3 -fomit-frame-pointer -funroll-loops
FAIL: gcc.c-torture/execute/20010224-1.c compilation, -O3 -fomit-frame-pointer -funroll-all-loops -finline-functions (internal compiler error)
UNRESOLVED: gcc.c-torture/execute/20010224-1.c execution, -O3 -fomit-frame-pointer -funroll-all-loops -finline-functions
FAIL: gcc.c-torture/execute/20050826-2.c compilation, -O3 -fomit-frame-pointer -funroll-loops (internal compiler error)
UNRESOLVED: gcc.c-torture/execute/20050826-2.c execution, -O3 -fomit-frame-pointer -funroll-loops
FAIL: gcc.c-torture/execute/20050826-2.c compilation, -O3 -fomit-frame-pointer -funroll-all-loops -finline-functions (internal compiler error)
UNRESOLVED: gcc.c-torture/execute/20050826-2.c execution, -O3 -fomit-frame-pointer -funroll-all-loops -finline-functions
FAIL: gcc.c-torture/execute/20051113-1.c compilation, -O3 -fomit-frame-pointer -funroll-loops (internal compiler error)
UNRESOLVED: gcc.c-torture/execute/20051113-1.c execution, -O3 -fomit-frame-pointer -funroll-loops
FAIL: gcc.c-torture/execute/20051113-1.c compilation, -O3 -fomit-frame-pointer -funroll-all-loops -finline-functions (internal compiler error)
UNRESOLVED: gcc.c-torture/execute/20051113-1.c execution, -O3 -fomit-frame-pointer -funroll-all-loops -finline-functions
WARNING: program timed out.
FAIL: gcc.c-torture/execute/920302-1.c execution, -O3 -fomit-frame-pointer -funroll-loops
FAIL: gcc.c-torture/execute/920302-1.c execution, -O3 -fomit-frame-pointer -funroll-all-loops -finline-functions
FAIL: gcc.c-torture/execute/960521-1.c compilation, -O3 -fomit-frame-pointer -funroll-loops (internal compiler error)
UNRESOLVED: gcc.c-torture/execute/960521-1.c execution, -O3 -fomit-frame-pointer -funroll-loops
FAIL: gcc.c-torture/execute/960521-1.c compilation, -O3 -fomit-frame-pointer -funroll-all-loops -finline-functions (internal compiler error)
UNRESOLVED: gcc.c-torture/execute/960521-1.c execution, -O3 -fomit-frame-pointer -funroll-all-loops -finline-functions
FAIL: gcc.c-torture/execute/builtin-prefetch-6.c compilation, -O3 -fomit-frame-pointer -funroll-loops (internal compiler error)
UNRESOLVED: gcc.c-torture/execute/builtin-prefetch-6.c execution, -O3 -fomit-frame-pointer -funroll-loops
FAIL: gcc.c-torture/execute/builtin-prefetch-6.c compilation, -O3 -fomit-frame-pointer -funroll-all-loops -finline-functions (internal compiler error)
UNRESOLVED: gcc.c-torture/execute/builtin-prefetch-6.c execution, -O3 -fomit-frame-pointer -funroll-all-loops -finline-functions
FAIL: gcc.c-torture/execute/loop-15.c compilation, -O3 -fomit-frame-pointer -funroll-loops (internal compiler error)
UNRESOLVED: gcc.c-torture/execute/loop-15.c execution, -O3 -fomit-frame-pointer -funroll-loops
FAIL: gcc.c-torture/execute/loop-15.c compilation, -O3 -fomit-frame-pointer -funroll-all-loops -finline-functions (internal compiler error)
UNRESOLVED: gcc.c-torture/execute/loop-15.c execution, -O3 -fomit-frame-pointer -funroll-all-loops -finline-functions
FAIL: gcc.c-torture/execute/loop-2f.c compilation, -O3 -fomit-frame-pointer -funroll-loops (internal compiler error)
UNRESOLVED: gcc.c-torture/execute/loop-2f.c execution, -O3 -fomit-frame-pointer -funroll-loops
FAIL: gcc.c-torture/execute/loop-2f.c compilation, -O3 -fomit-frame-pointer -funroll-all-loops -finline-functions (internal compiler error)
UNRESOLVED: gcc.c-torture/execute/loop-2f.c execution, -O3 -fomit-frame-pointer -funroll-all-loops -finline-functions
FAIL: gcc.c-torture/execute/loop-2g.c compilation, -O3 -fomit-frame-pointer -funroll-loops (internal compiler error)
UNRESOLVED: gcc.c-torture/execute/loop-2g.c execution, -O3 -fomit-frame-pointer -funroll-loops
FAIL: gcc.c-torture/execute/loop-2g.c compilation, -O3 -fomit-frame-pointer -funroll-all-loops -finline-functions (internal compiler error)
UNRESOLVED: gcc.c-torture/execute/loop-2g.c execution, -O3 -fomit-frame-pointer -funroll-all-loops -finline-functions
FAIL: gcc.c-torture/execute/loop-3c.c compilation, -O3 -fomit-frame-pointer -funroll-loops (internal compiler error)
UNRESOLVED: gcc.c-torture/execute/loop-3c.c execution, -O3 -fomit-frame-pointer -funroll-loops
FAIL: gcc.c-torture/execute/loop-3c.c compilation, -O3 -fomit-frame-pointer -funroll-all-loops -finline-functions (internal compiler error)
UNRESOLVED: gcc.c-torture/execute/loop-3c.c execution, -O3 -fomit-frame-pointer -funroll-all-loops -finline-functions
FAIL: gcc.c-torture/execute/mode-dependent-address.c compilation, -O3 -fomit-frame-pointer -funroll-loops (internal compiler error)
UNRESOLVED: gcc.c-torture/execute/mode-dependent-address.c execution, -O3 -fomit-frame-pointer -funroll-loops
FAIL: gcc.c-torture/execute/mode-dependent-address.c compilation, -O3 -fomit-frame-pointer -funroll-all-loops -finline-functions (internal compiler error)
UNRESOLVED: gcc.c-torture/execute/mode-dependent-address.c execution, -O3 -fomit-frame-pointer -funroll-all-loops -finline-functions
FAIL: gcc.c-torture/execute/multi-ix.c compilation, -O3 -fomit-frame-pointer -funroll-loops (internal compiler error)
UNRESOLVED: gcc.c-torture/execute/multi-ix.c execution, -O3 -fomit-frame-pointer -funroll-loops
FAIL: gcc.c-torture/execute/multi-ix.c compilation, -O3 -fomit-frame-pointer -funroll-all-loops -finline-functions (internal compiler error)
UNRESOLVED: gcc.c-torture/execute/multi-ix.c execution, -O3 -fomit-frame-pointer -funroll-all-loops -finline-functions
FAIL: gcc.c-torture/execute/pr20527-1.c compilation, -O3 -fomit-frame-pointer -funroll-loops (internal compiler error)
UNRESOLVED: gcc.c-torture/execute/pr20527-1.c execution, -O3 -fomit-frame-pointer -funroll-loops
FAIL: gcc.c-torture/execute/pr20527-1.c compilation, -O3 -fomit-frame-pointer -funroll-all-loops -finline-functions (internal compiler error)
UNRESOLVED: gcc.c-torture/execute/pr20527-1.c execution, -O3 -fomit-frame-pointer -funroll-all-loops -finline-functions
FAIL: gcc.c-torture/execute/pr27285.c execution, -O3 -fomit-frame-pointer -funroll-loops
FAIL: gcc.c-torture/execute/pr27285.c execution, -O3 -fomit-frame-pointer -funroll-all-loops -finline-functions
FAIL: gcc.c-torture/execute/stdarg-3.c compilation, -O3 -fomit-frame-pointer -funroll-loops (internal compiler error)
UNRESOLVED: gcc.c-torture/execute/stdarg-3.c execution, -O3 -fomit-frame-pointer -funroll-loops
FAIL: gcc.c-torture/execute/stdarg-3.c compilation, -O3 -fomit-frame-pointer -funroll-all-loops -finline-functions (internal compiler error)
UNRESOLVED: gcc.c-torture/execute/stdarg-3.c execution, -O3 -fomit-frame-pointer -funroll-all-loops -finline-functions
FAIL: gcc.c-torture/execute/va-arg-22.c execution, -O0
FAIL: gcc.c-torture/execute/va-arg-22.c execution, -O1
FAIL: gcc.c-torture/execute/va-arg-22.c execution, -O2
FAIL: gcc.c-torture/execute/va-arg-22.c execution, -O3 -fomit-frame-pointer
FAIL: gcc.c-torture/execute/va-arg-22.c execution, -O3 -fomit-frame-pointer -funroll-loops
FAIL: gcc.c-torture/execute/va-arg-22.c execution, -O3 -fomit-frame-pointer -funroll-all-loops -finline-functions
FAIL: gcc.c-torture/execute/va-arg-22.c execution, -O3 -g
FAIL: gcc.c-torture/execute/va-arg-22.c execution, -Os
FAIL: gcc.c-torture/unsorted/bcopy.c, -O3 -fomit-frame-pointer -funroll-loops (internal compiler error)
FAIL: gcc.c-torture/unsorted/bcopy.c, -O3 -fomit-frame-pointer -funroll-all-loops -finline-functions (internal compiler error)
FAIL: tmpdir-gcc.dg-struct-layout-1/t001 c_compat_x_tst.o-c_compat_y_tst.o execute
FAIL: tmpdir-gcc.dg-struct-layout-1/t002 c_compat_x_tst.o-c_compat_y_tst.o execute
FAIL: tmpdir-gcc.dg-struct-layout-1/t003 c_compat_x_tst.o-c_compat_y_tst.o execute
FAIL: tmpdir-gcc.dg-struct-layout-1/t004 c_compat_x_tst.o-c_compat_y_tst.o execute
FAIL: tmpdir-gcc.dg-struct-layout-1/t005 c_compat_x_tst.o-c_compat_y_tst.o execute
FAIL: tmpdir-gcc.dg-struct-layout-1/t006 c_compat_x_tst.o-c_compat_y_tst.o execute
FAIL: tmpdir-gcc.dg-struct-layout-1/t007 c_compat_x_tst.o-c_compat_y_tst.o execute
FAIL: tmpdir-gcc.dg-struct-layout-1/t009 c_compat_x_tst.o-c_compat_y_tst.o execute
FAIL: tmpdir-gcc.dg-struct-layout-1/t015 c_compat_x_tst.o-c_compat_y_tst.o execute
FAIL: tmpdir-gcc.dg-struct-layout-1/t019 c_compat_x_tst.o-c_compat_y_tst.o execute
FAIL: tmpdir-gcc.dg-struct-layout-1/t024 c_compat_x_tst.o-c_compat_y_tst.o execute
FAIL: tmpdir-gcc.dg-struct-layout-1/t025 c_compat_x_tst.o-c_compat_y_tst.o execute
FAIL: tmpdir-gcc.dg-struct-layout-1/t026 c_compat_x_tst.o-c_compat_y_tst.o execute
FAIL: tmpdir-gcc.dg-struct-layout-1/t027 c_compat_x_tst.o-c_compat_y_tst.o execute
FAIL: tmpdir-gcc.dg-struct-layout-1/t028 c_compat_x_tst.o-c_compat_y_tst.o execute
FAIL: gcc.dg/cpp/_Pragma6.c (test for excess errors)
XPASS: gcc.dg/cpp/cmdlne-dI-M.c scan-file (^|\\\\n)cmdlne-dI-M.*:[^\\\\n]*cmdlne-dI-M.c
XPASS: gcc.dg/cpp/cmdlne-dM-M.c scan-file (^|\\\\n)cmdlne-dM-M[^\\\\n]*:[^\\\\n]*cmdlne-dM-M.c
FAIL: gcc.dg/20021014-1.c (test for excess errors)
UNRESOLVED: gcc.dg/20021014-1.c compilation failed to produce executable
FAIL: gcc.dg/nest.c (test for excess errors)
UNRESOLVED: gcc.dg/nest.c compilation failed to produce executable
FAIL: gcc.dg/nested-func-4.c (test for excess errors)
UNRESOLVED: gcc.dg/nested-func-4.c compilation failed to produce executable
FAIL: gcc.dg/pr30957-1.c scan-rtl-dump loop2_unroll "Expanding Accumulator"
FAIL: gcc.dg/pr32450.c (test for excess errors)
UNRESOLVED: gcc.dg/pr32450.c compilation failed to produce executable
FAIL: gcc.dg/setjmp-1.c spurious clobbered warning (test for bogus messages, line 16)
FAIL: gcc.dg/var-expand1.c scan-rtl-dump loop2_unroll "Expanding Accumulator"
FAIL: gcc.dg/matrix/transpose-1.c compilation, -fprofile-generate -O3
UNRESOLVED: gcc.dg/matrix/transpose-1.c execution, -fprofile-generate -O3
UNRESOLVED: gcc.dg/matrix/transpose-1.c compilation, -fprofile-use -fipa-matrix-reorg -fdump-ipa-matrix-reorg -O3 -fwhole-program -combine
UNRESOLVED: gcc.dg/matrix/transpose-1.c execution, -fprofile-use -fipa-matrix-reorg -fdump-ipa-matrix-reorg -O3 -fwhole-program -combine
FAIL: gcc.dg/matrix/transpose-2.c compilation, -fprofile-generate -O3
UNRESOLVED: gcc.dg/matrix/transpose-2.c execution, -fprofile-generate -O3
UNRESOLVED: gcc.dg/matrix/transpose-2.c compilation, -fprofile-use -fipa-matrix-reorg -fdump-ipa-matrix-reorg -O3 -fwhole-program -combine
UNRESOLVED: gcc.dg/matrix/transpose-2.c execution, -fprofile-use -fipa-matrix-reorg -fdump-ipa-matrix-reorg -O3 -fwhole-program -combine
FAIL: gcc.dg/matrix/transpose-3.c compilation, -fprofile-generate -O3
UNRESOLVED: gcc.dg/matrix/transpose-3.c execution, -fprofile-generate -O3
UNRESOLVED: gcc.dg/matrix/transpose-3.c compilation, -fprofile-use -fipa-matrix-reorg -fdump-ipa-matrix-reorg -O3 -fwhole-program -combine
UNRESOLVED: gcc.dg/matrix/transpose-3.c execution, -fprofile-use -fipa-matrix-reorg -fdump-ipa-matrix-reorg -O3 -fwhole-program -combine
FAIL: gcc.dg/matrix/transpose-4.c compilation, -fprofile-generate -O3
UNRESOLVED: gcc.dg/matrix/transpose-4.c execution, -fprofile-generate -O3
UNRESOLVED: gcc.dg/matrix/transpose-4.c compilation, -fprofile-use -fipa-matrix-reorg -fdump-ipa-matrix-reorg -O3 -fwhole-program -combine
UNRESOLVED: gcc.dg/matrix/transpose-4.c execution, -fprofile-use -fipa-matrix-reorg -fdump-ipa-matrix-reorg -O3 -fwhole-program -combine
FAIL: gcc.dg/matrix/transpose-5.c compilation, -fprofile-generate -O3
UNRESOLVED: gcc.dg/matrix/transpose-5.c execution, -fprofile-generate -O3
UNRESOLVED: gcc.dg/matrix/transpose-5.c compilation, -fprofile-use -fipa-matrix-reorg -fdump-ipa-matrix-reorg -O3 -fwhole-program -combine
UNRESOLVED: gcc.dg/matrix/transpose-5.c execution, -fprofile-use -fipa-matrix-reorg -fdump-ipa-matrix-reorg -O3 -fwhole-program -combine
FAIL: gcc.dg/matrix/transpose-6.c compilation, -fprofile-generate -O3
UNRESOLVED: gcc.dg/matrix/transpose-6.c execution, -fprofile-generate -O3
UNRESOLVED: gcc.dg/matrix/transpose-6.c compilation, -fprofile-use -fipa-matrix-reorg -fdump-ipa-matrix-reorg -O3 -fwhole-program -combine
UNRESOLVED: gcc.dg/matrix/transpose-6.c execution, -fprofile-use -fipa-matrix-reorg -fdump-ipa-matrix-reorg -O3 -fwhole-program -combine
FAIL: gcc.dg/tls/section-1.c conflict with user-defined section (test for errors, line 12)
FAIL: gcc.dg/torture/builtin-pow-mpfr-1.c -O0 scan-tree-dump original "pow"
FAIL: gcc.dg/torture/builtin-pow-mpfr-1.c -O1 scan-tree-dump original "pow"
FAIL: gcc.dg/torture/builtin-pow-mpfr-1.c -O2 scan-tree-dump original "pow"
FAIL: gcc.dg/torture/builtin-pow-mpfr-1.c -O3 -fomit-frame-pointer scan-tree-dump original "pow"
FAIL: gcc.dg/torture/builtin-pow-mpfr-1.c -O3 -g scan-tree-dump original "pow"
FAIL: gcc.dg/torture/builtin-pow-mpfr-1.c -Os scan-tree-dump original "pow"
FAIL: gcc.dg/torture/pr24626-4.c -O3 -fomit-frame-pointer -funroll-loops (internal compiler error)
FAIL: gcc.dg/torture/pr24626-4.c -O3 -fomit-frame-pointer -funroll-loops (test for excess errors)
FAIL: gcc.dg/torture/pr24626-4.c -O3 -fomit-frame-pointer -funroll-all-loops -finline-functions (internal compiler error)
FAIL: gcc.dg/torture/pr24626-4.c -O3 -fomit-frame-pointer -funroll-all-loops -finline-functions (test for excess errors)
FAIL: gcc.dg/tree-prof/bb-reorg.c compilation, -fprofile-generate -D_PROFILE_GENERATE
UNRESOLVED: gcc.dg/tree-prof/bb-reorg.c execution, -fprofile-generate -D_PROFILE_GENERATE
UNRESOLVED: gcc.dg/tree-prof/bb-reorg.c compilation, -fprofile-use -D_PROFILE_USE
UNRESOLVED: gcc.dg/tree-prof/bb-reorg.c execution, -fprofile-use -D_PROFILE_USE
FAIL: gcc.dg/tree-prof/indir-call-prof.c compilation, -fprofile-generate -D_PROFILE_GENERATE
UNRESOLVED: gcc.dg/tree-prof/indir-call-prof.c execution, -fprofile-generate -D_PROFILE_GENERATE
UNRESOLVED: gcc.dg/tree-prof/indir-call-prof.c compilation, -fprofile-use -D_PROFILE_USE
UNRESOLVED: gcc.dg/tree-prof/indir-call-prof.c execution, -fprofile-use -D_PROFILE_USE
FAIL: gcc.dg/tree-prof/inliner-1.c compilation, -fprofile-generate -D_PROFILE_GENERATE
UNRESOLVED: gcc.dg/tree-prof/inliner-1.c execution, -fprofile-generate -D_PROFILE_GENERATE
UNRESOLVED: gcc.dg/tree-prof/inliner-1.c compilation, -fprofile-use -D_PROFILE_USE
UNRESOLVED: gcc.dg/tree-prof/inliner-1.c execution, -fprofile-use -D_PROFILE_USE
FAIL: gcc.dg/tree-prof/stringop-1.c compilation, -fprofile-generate -D_PROFILE_GENERATE
UNRESOLVED: gcc.dg/tree-prof/stringop-1.c execution, -fprofile-generate -D_PROFILE_GENERATE
UNRESOLVED: gcc.dg/tree-prof/stringop-1.c compilation, -fprofile-use -D_PROFILE_USE
UNRESOLVED: gcc.dg/tree-prof/stringop-1.c execution, -fprofile-use -D_PROFILE_USE
FAIL: gcc.dg/tree-prof/stringop-2.c compilation, -fprofile-generate -D_PROFILE_GENERATE
UNRESOLVED: gcc.dg/tree-prof/stringop-2.c execution, -fprofile-generate -D_PROFILE_GENERATE
UNRESOLVED: gcc.dg/tree-prof/stringop-2.c compilation, -fprofile-use -D_PROFILE_USE
UNRESOLVED: gcc.dg/tree-prof/stringop-2.c execution, -fprofile-use -D_PROFILE_USE
FAIL: gcc.dg/tree-prof/tracer-1.c compilation, -fprofile-generate -D_PROFILE_GENERATE
UNRESOLVED: gcc.dg/tree-prof/tracer-1.c execution, -fprofile-generate -D_PROFILE_GENERATE
UNRESOLVED: gcc.dg/tree-prof/tracer-1.c compilation, -fprofile-use -D_PROFILE_USE
UNRESOLVED: gcc.dg/tree-prof/tracer-1.c execution, -fprofile-use -D_PROFILE_USE
FAIL: gcc.dg/tree-prof/update-cunroll-2.c compilation, -fprofile-generate -D_PROFILE_GENERATE
UNRESOLVED: gcc.dg/tree-prof/update-cunroll-2.c execution, -fprofile-generate -D_PROFILE_GENERATE
UNRESOLVED: gcc.dg/tree-prof/update-cunroll-2.c compilation, -fprofile-use -D_PROFILE_USE
UNRESOLVED: gcc.dg/tree-prof/update-cunroll-2.c execution, -fprofile-use -D_PROFILE_USE
FAIL: gcc.dg/tree-prof/update-loopch.c compilation, -fprofile-generate -D_PROFILE_GENERATE
UNRESOLVED: gcc.dg/tree-prof/update-loopch.c execution, -fprofile-generate -D_PROFILE_GENERATE
UNRESOLVED: gcc.dg/tree-prof/update-loopch.c compilation, -fprofile-use -D_PROFILE_USE
UNRESOLVED: gcc.dg/tree-prof/update-loopch.c execution, -fprofile-use -D_PROFILE_USE
FAIL: gcc.dg/tree-prof/update-tailcall.c compilation, -fprofile-generate -D_PROFILE_GENERATE
UNRESOLVED: gcc.dg/tree-prof/update-tailcall.c execution, -fprofile-generate -D_PROFILE_GENERATE
UNRESOLVED: gcc.dg/tree-prof/update-tailcall.c compilation, -fprofile-use -D_PROFILE_USE
UNRESOLVED: gcc.dg/tree-prof/update-tailcall.c execution, -fprofile-use -D_PROFILE_USE
FAIL: gcc.dg/tree-prof/val-prof-1.c compilation, -fprofile-generate -D_PROFILE_GENERATE
UNRESOLVED: gcc.dg/tree-prof/val-prof-1.c execution, -fprofile-generate -D_PROFILE_GENERATE
UNRESOLVED: gcc.dg/tree-prof/val-prof-1.c compilation, -fprofile-use -D_PROFILE_USE
UNRESOLVED: gcc.dg/tree-prof/val-prof-1.c execution, -fprofile-use -D_PROFILE_USE
FAIL: gcc.dg/tree-prof/val-prof-2.c compilation, -fprofile-generate -D_PROFILE_GENERATE
UNRESOLVED: gcc.dg/tree-prof/val-prof-2.c execution, -fprofile-generate -D_PROFILE_GENERATE
UNRESOLVED: gcc.dg/tree-prof/val-prof-2.c compilation, -fprofile-use -D_PROFILE_USE
UNRESOLVED: gcc.dg/tree-prof/val-prof-2.c execution, -fprofile-use -D_PROFILE_USE
FAIL: gcc.dg/tree-prof/val-prof-3.c compilation, -fprofile-generate -D_PROFILE_GENERATE
UNRESOLVED: gcc.dg/tree-prof/val-prof-3.c execution, -fprofile-generate -D_PROFILE_GENERATE
UNRESOLVED: gcc.dg/tree-prof/val-prof-3.c compilation, -fprofile-use -D_PROFILE_USE
UNRESOLVED: gcc.dg/tree-prof/val-prof-3.c execution, -fprofile-use -D_PROFILE_USE
FAIL: gcc.dg/tree-prof/val-prof-4.c compilation, -fprofile-generate -D_PROFILE_GENERATE
UNRESOLVED: gcc.dg/tree-prof/val-prof-4.c execution, -fprofile-generate -D_PROFILE_GENERATE
UNRESOLVED: gcc.dg/tree-prof/val-prof-4.c compilation, -fprofile-use -D_PROFILE_USE
UNRESOLVED: gcc.dg/tree-prof/val-prof-4.c execution, -fprofile-use -D_PROFILE_USE
FAIL: gcc.dg/tree-prof/val-prof-5.c compilation, -fprofile-generate -D_PROFILE_GENERATE
UNRESOLVED: gcc.dg/tree-prof/val-prof-5.c execution, -fprofile-generate -D_PROFILE_GENERATE
UNRESOLVED: gcc.dg/tree-prof/val-prof-5.c compilation, -fprofile-use -D_PROFILE_USE
UNRESOLVED: gcc.dg/tree-prof/val-prof-5.c execution, -fprofile-use -D_PROFILE_USE
FAIL: gcc.dg/tree-prof/val-prof-6.c compilation, -fprofile-generate -D_PROFILE_GENERATE
UNRESOLVED: gcc.dg/tree-prof/val-prof-6.c execution, -fprofile-generate -D_PROFILE_GENERATE
UNRESOLVED: gcc.dg/tree-prof/val-prof-6.c compilation, -fprofile-use -D_PROFILE_USE
UNRESOLVED: gcc.dg/tree-prof/val-prof-6.c execution, -fprofile-use -D_PROFILE_USE
FAIL: gcc.dg/tree-prof/wcoverage-mismatch.c compilation, -fprofile-generate -D_PROFILE_GENERATE
UNRESOLVED: gcc.dg/tree-prof/wcoverage-mismatch.c execution, -fprofile-generate -D_PROFILE_GENERATE
UNRESOLVED: gcc.dg/tree-prof/wcoverage-mismatch.c compilation, -fprofile-use -D_PROFILE_USE
UNRESOLVED: gcc.dg/tree-prof/wcoverage-mismatch.c execution, -fprofile-use -D_PROFILE_USE
XPASS: gcc.dg/tree-ssa/20040204-1.c scan-tree-dump-times optimized "link_error" 0
FAIL: gcc.dg/tree-ssa/alias-15.c scan-tree-dump salias "SFT.5 created for var m offset 128"
FAIL: gcc.dg/tree-ssa/alias-15.c scan-tree-dump-times salias "VUSE <SFT.5_" 2
FAIL: gcc.dg/tree-ssa/loop-1.c scan-assembler-times foo 5
FAIL: gcc.dg/weak/typeof-2.c scan-assembler baz3.*baz3.*baz3.*baz3.*baz3.*baz3
FAIL: gcc.misc-tests/bprob-1.c execution: file bprob-1.gcda does not exist, -fprofile-arcs
UNRESOLVED: gcc.misc-tests/bprob-1.c compilation, -fbranch-probabilities
UNRESOLVED: gcc.misc-tests/bprob-1.c execution, -fbranch-probabilities
FAIL: gcc.misc-tests/bprob-2.c execution: file bprob-2.gcda does not exist, -fprofile-arcs
UNRESOLVED: gcc.misc-tests/bprob-2.c compilation, -fbranch-probabilities
UNRESOLVED: gcc.misc-tests/bprob-2.c execution, -fbranch-probabilities
=== gcc Summary ===
# of expected passes 44000
# of unexpected failures 142
# of unexpected successes 3
# of expected failures 87
# of unresolved testcases 102
# of untested testcases 35
# of unsupported tests 398
/home/rask/build/gcc-v850-unknown-elf/gcc/xgcc version 4.3.0 20071207 (experimental) (GCC)
Host is x86_64-unknown-linux-gnu
=== gfortran tests ===
Running target v850-sim
FAIL: gfortran.dg/PR19872.f -O0 execution test
FAIL: gfortran.dg/PR19872.f -O1 execution test
FAIL: gfortran.dg/PR19872.f -O2 execution test
FAIL: gfortran.dg/PR19872.f -O3 -fomit-frame-pointer execution test
FAIL: gfortran.dg/PR19872.f -O3 -fomit-frame-pointer -funroll-loops execution test
FAIL: gfortran.dg/PR19872.f -O3 -fomit-frame-pointer -funroll-all-loops -finline-functions execution test
FAIL: gfortran.dg/PR19872.f -O3 -g execution test
FAIL: gfortran.dg/PR19872.f -Os execution test
FAIL: gfortran.dg/advance_1.f90 -O0 execution test
FAIL: gfortran.dg/advance_1.f90 -O1 execution test
FAIL: gfortran.dg/advance_1.f90 -O2 execution test
FAIL: gfortran.dg/advance_1.f90 -O3 -fomit-frame-pointer execution test
FAIL: gfortran.dg/advance_1.f90 -O3 -fomit-frame-pointer -funroll-loops execution test
FAIL: gfortran.dg/advance_1.f90 -O3 -fomit-frame-pointer -funroll-all-loops -finline-functions execution test
FAIL: gfortran.dg/advance_1.f90 -O3 -g execution test
FAIL: gfortran.dg/advance_1.f90 -Os execution test
FAIL: gfortran.dg/advance_5.f90 -O0 execution test
FAIL: gfortran.dg/advance_5.f90 -O1 execution test
FAIL: gfortran.dg/advance_5.f90 -O2 execution test
FAIL: gfortran.dg/advance_5.f90 -O3 -fomit-frame-pointer execution test
FAIL: gfortran.dg/advance_5.f90 -O3 -fomit-frame-pointer -funroll-loops execution test
FAIL: gfortran.dg/advance_5.f90 -O3 -fomit-frame-pointer -funroll-all-loops -finline-functions execution test
FAIL: gfortran.dg/advance_5.f90 -O3 -g execution test
FAIL: gfortran.dg/advance_5.f90 -Os execution test
FAIL: gfortran.dg/append_1.f90 -O0 execution test
FAIL: gfortran.dg/append_1.f90 -O1 execution test
FAIL: gfortran.dg/append_1.f90 -O2 execution test
FAIL: gfortran.dg/append_1.f90 -O3 -fomit-frame-pointer execution test
FAIL: gfortran.dg/append_1.f90 -O3 -fomit-frame-pointer -funroll-loops execution test
FAIL: gfortran.dg/append_1.f90 -O3 -fomit-frame-pointer -funroll-all-loops -finline-functions execution test
FAIL: gfortran.dg/append_1.f90 -O3 -g execution test
FAIL: gfortran.dg/append_1.f90 -Os execution test
FAIL: gfortran.dg/backslash_1.f90 -O0 execution test
FAIL: gfortran.dg/backslash_1.f90 -O1 execution test
FAIL: gfortran.dg/backslash_1.f90 -O2 execution test
FAIL: gfortran.dg/backslash_1.f90 -O3 -fomit-frame-pointer execution test
FAIL: gfortran.dg/backslash_1.f90 -O3 -fomit-frame-pointer -funroll-loops execution test
FAIL: gfortran.dg/backslash_1.f90 -O3 -fomit-frame-pointer -funroll-all-loops -finline-functions execution test
FAIL: gfortran.dg/backslash_1.f90 -O3 -g execution test
FAIL: gfortran.dg/backslash_1.f90 -Os execution test
FAIL: gfortran.dg/backslash_2.f90 -O0 execution test
FAIL: gfortran.dg/backslash_2.f90 -O1 execution test
FAIL: gfortran.dg/backslash_2.f90 -O2 execution test
FAIL: gfortran.dg/backslash_2.f90 -O3 -fomit-frame-pointer execution test
FAIL: gfortran.dg/backslash_2.f90 -O3 -fomit-frame-pointer -funroll-loops execution test
FAIL: gfortran.dg/backslash_2.f90 -O3 -fomit-frame-pointer -funroll-all-loops -finline-functions execution test
FAIL: gfortran.dg/backslash_2.f90 -O3 -g execution test
FAIL: gfortran.dg/backslash_2.f90 -Os execution test
FAIL: gfortran.dg/backslash_3.f -O0 execution test
FAIL: gfortran.dg/backslash_3.f -O1 execution test
FAIL: gfortran.dg/backslash_3.f -O2 execution test
FAIL: gfortran.dg/backslash_3.f -O3 -fomit-frame-pointer execution test
FAIL: gfortran.dg/backslash_3.f -O3 -fomit-frame-pointer -funroll-loops execution test
FAIL: gfortran.dg/backslash_3.f -O3 -fomit-frame-pointer -funroll-all-loops -finline-functions execution test
FAIL: gfortran.dg/backslash_3.f -O3 -g execution test
FAIL: gfortran.dg/backslash_3.f -Os execution test
FAIL: gfortran.dg/backspace_1.f -O0 execution test
FAIL: gfortran.dg/backspace_1.f -O1 execution test
FAIL: gfortran.dg/backspace_1.f -O2 execution test
FAIL: gfortran.dg/backspace_1.f -O3 -fomit-frame-pointer execution test
FAIL: gfortran.dg/backspace_1.f -O3 -fomit-frame-pointer -funroll-loops execution test
FAIL: gfortran.dg/backspace_1.f -O3 -fomit-frame-pointer -funroll-all-loops -finline-functions execution test
FAIL: gfortran.dg/backspace_1.f -O3 -g execution test
FAIL: gfortran.dg/backspace_1.f -Os execution test
FAIL: gfortran.dg/backspace_10.f90 -O0 execution test
FAIL: gfortran.dg/backspace_10.f90 -O1 execution test
FAIL: gfortran.dg/backspace_10.f90 -O2 execution test
FAIL: gfortran.dg/backspace_10.f90 -O3 -fomit-frame-pointer execution test
FAIL: gfortran.dg/backspace_10.f90 -O3 -fomit-frame-pointer -funroll-loops execution test
FAIL: gfortran.dg/backspace_10.f90 -O3 -fomit-frame-pointer -funroll-all-loops -finline-functions execution test
FAIL: gfortran.dg/backspace_10.f90 -O3 -g execution test
FAIL: gfortran.dg/backspace_10.f90 -Os execution test
FAIL: gfortran.dg/backspace_3.f -O0 execution test
FAIL: gfortran.dg/backspace_3.f -O1 execution test
FAIL: gfortran.dg/backspace_3.f -O2 execution test
FAIL: gfortran.dg/backspace_3.f -O3 -fomit-frame-pointer execution test
FAIL: gfortran.dg/backspace_3.f -O3 -fomit-frame-pointer -funroll-loops execution test
FAIL: gfortran.dg/backspace_3.f -O3 -fomit-frame-pointer -funroll-all-loops -finline-functions execution test
FAIL: gfortran.dg/backspace_3.f -O3 -g execution test
FAIL: gfortran.dg/backspace_3.f -Os execution test
FAIL: gfortran.dg/backspace_4.f -O0 execution test
FAIL: gfortran.dg/backspace_4.f -O1 execution test
FAIL: gfortran.dg/backspace_4.f -O2 execution test
FAIL: gfortran.dg/backspace_4.f -O3 -fomit-frame-pointer execution test
FAIL: gfortran.dg/backspace_4.f -O3 -fomit-frame-pointer -funroll-loops execution test
FAIL: gfortran.dg/backspace_4.f -O3 -fomit-frame-pointer -funroll-all-loops -finline-functions execution test
FAIL: gfortran.dg/backspace_4.f -O3 -g execution test
FAIL: gfortran.dg/backspace_4.f -Os execution test
FAIL: gfortran.dg/backspace_5.f -O0 execution test
FAIL: gfortran.dg/backspace_5.f -O1 execution test
FAIL: gfortran.dg/backspace_5.f -O2 execution test
FAIL: gfortran.dg/backspace_5.f -O3 -fomit-frame-pointer execution test
FAIL: gfortran.dg/backspace_5.f -O3 -fomit-frame-pointer -funroll-loops execution test
FAIL: gfortran.dg/backspace_5.f -O3 -fomit-frame-pointer -funroll-all-loops -finline-functions execution test
FAIL: gfortran.dg/backspace_5.f -O3 -g execution test
FAIL: gfortran.dg/backspace_5.f -Os execution test
FAIL: gfortran.dg/backspace_6.f -O0 execution test
FAIL: gfortran.dg/backspace_6.f -O1 execution test
FAIL: gfortran.dg/backspace_6.f -O2 execution test
FAIL: gfortran.dg/backspace_6.f -O3 -fomit-frame-pointer execution test
FAIL: gfortran.dg/backspace_6.f -O3 -fomit-frame-pointer -funroll-loops execution test
FAIL: gfortran.dg/backspace_6.f -O3 -fomit-frame-pointer -funroll-all-loops -finline-functions execution test
FAIL: gfortran.dg/backspace_6.f -O3 -g execution test
FAIL: gfortran.dg/backspace_6.f -Os execution test
FAIL: gfortran.dg/backspace_7.f90 -O0 execution test
FAIL: gfortran.dg/backspace_7.f90 -O1 execution test
FAIL: gfortran.dg/backspace_7.f90 -O2 execution test
FAIL: gfortran.dg/backspace_7.f90 -O3 -fomit-frame-pointer execution test
FAIL: gfortran.dg/backspace_7.f90 -O3 -fomit-frame-pointer -funroll-loops execution test
FAIL: gfortran.dg/backspace_7.f90 -O3 -fomit-frame-pointer -funroll-all-loops -finline-functions execution test
FAIL: gfortran.dg/backspace_7.f90 -O3 -g execution test
FAIL: gfortran.dg/backspace_7.f90 -Os execution test
FAIL: gfortran.dg/backspace_8.f -O0 execution test
FAIL: gfortran.dg/backspace_8.f -O1 execution test
FAIL: gfortran.dg/backspace_8.f -O2 execution test
FAIL: gfortran.dg/backspace_8.f -O3 -fomit-frame-pointer execution test
FAIL: gfortran.dg/backspace_8.f -O3 -fomit-frame-pointer -funroll-loops execution test
FAIL: gfortran.dg/backspace_8.f -O3 -fomit-frame-pointer -funroll-all-loops -finline-functions execution test
FAIL: gfortran.dg/backspace_8.f -O3 -g execution test
FAIL: gfortran.dg/backspace_8.f -Os execution test
FAIL: gfortran.dg/backspace_9.f -O0 execution test
FAIL: gfortran.dg/backspace_9.f -O1 execution test
FAIL: gfortran.dg/backspace_9.f -O2 execution test
FAIL: gfortran.dg/backspace_9.f -O3 -fomit-frame-pointer execution test
FAIL: gfortran.dg/backspace_9.f -O3 -fomit-frame-pointer -funroll-loops execution test
FAIL: gfortran.dg/backspace_9.f -O3 -fomit-frame-pointer -funroll-all-loops -finline-functions execution test
FAIL: gfortran.dg/backspace_9.f -O3 -g execution test
FAIL: gfortran.dg/backspace_9.f -Os execution test
FAIL: gfortran.dg/c_loc_tests_2.f03 -O3 -fomit-frame-pointer -funroll-loops execution test
FAIL: gfortran.dg/c_loc_tests_2.f03 -O3 -fomit-frame-pointer -funroll-all-loops -finline-functions execution test
FAIL: gfortran.dg/chmod_1.f90 -O0 (test for excess errors)
UNRESOLVED: gfortran.dg/chmod_1.f90 -O0 compilation failed to produce executable
FAIL: gfortran.dg/chmod_1.f90 -O1 (test for excess errors)
UNRESOLVED: gfortran.dg/chmod_1.f90 -O1 compilation failed to produce executable
FAIL: gfortran.dg/chmod_1.f90 -O2 (test for excess errors)
UNRESOLVED: gfortran.dg/chmod_1.f90 -O2 compilation failed to produce executable
FAIL: gfortran.dg/chmod_1.f90 -O3 -fomit-frame-pointer (test for excess errors)
UNRESOLVED: gfortran.dg/chmod_1.f90 -O3 -fomit-frame-pointer compilation failed to produce executable
FAIL: gfortran.dg/chmod_1.f90 -O3 -fomit-frame-pointer -funroll-loops (test for excess errors)
UNRESOLVED: gfortran.dg/chmod_1.f90 -O3 -fomit-frame-pointer -funroll-loops compilation failed to produce executable
FAIL: gfortran.dg/chmod_1.f90 -O3 -fomit-frame-pointer -funroll-all-loops -finline-functions (test for excess errors)
UNRESOLVED: gfortran.dg/chmod_1.f90 -O3 -fomit-frame-pointer -funroll-all-loops -finline-functions compilation failed to produce executable
FAIL: gfortran.dg/chmod_1.f90 -O3 -g (test for excess errors)
UNRESOLVED: gfortran.dg/chmod_1.f90 -O3 -g compilation failed to produce executable
FAIL: gfortran.dg/chmod_1.f90 -Os (test for excess errors)
UNRESOLVED: gfortran.dg/chmod_1.f90 -Os compilation failed to produce executable
FAIL: gfortran.dg/chmod_2.f90 -O0 (test for excess errors)
UNRESOLVED: gfortran.dg/chmod_2.f90 -O0 compilation failed to produce executable
FAIL: gfortran.dg/chmod_2.f90 -O1 (test for excess errors)
UNRESOLVED: gfortran.dg/chmod_2.f90 -O1 compilation failed to produce executable
FAIL: gfortran.dg/chmod_2.f90 -O2 (test for excess errors)
UNRESOLVED: gfortran.dg/chmod_2.f90 -O2 compilation failed to produce executable
FAIL: gfortran.dg/chmod_2.f90 -O3 -fomit-frame-pointer (test for excess errors)
UNRESOLVED: gfortran.dg/chmod_2.f90 -O3 -fomit-frame-pointer compilation failed to produce executable
FAIL: gfortran.dg/chmod_2.f90 -O3 -fomit-frame-pointer -funroll-loops (test for excess errors)
UNRESOLVED: gfortran.dg/chmod_2.f90 -O3 -fomit-frame-pointer -funroll-loops compilation failed to produce executable
FAIL: gfortran.dg/chmod_2.f90 -O3 -fomit-frame-pointer -funroll-all-loops -finline-functions (test for excess errors)
UNRESOLVED: gfortran.dg/chmod_2.f90 -O3 -fomit-frame-pointer -funroll-all-loops -finline-functions compilation failed to produce executable
FAIL: gfortran.dg/chmod_2.f90 -O3 -g (test for excess errors)
UNRESOLVED: gfortran.dg/chmod_2.f90 -O3 -g compilation failed to produce executable
FAIL: gfortran.dg/chmod_2.f90 -Os (test for excess errors)
UNRESOLVED: gfortran.dg/chmod_2.f90 -Os compilation failed to produce executable
FAIL: gfortran.dg/chmod_3.f90 -O0 (test for excess errors)
UNRESOLVED: gfortran.dg/chmod_3.f90 -O0 compilation failed to produce executable
FAIL: gfortran.dg/chmod_3.f90 -O1 (test for excess errors)
UNRESOLVED: gfortran.dg/chmod_3.f90 -O1 compilation failed to produce executable
FAIL: gfortran.dg/chmod_3.f90 -O2 (test for excess errors)
UNRESOLVED: gfortran.dg/chmod_3.f90 -O2 compilation failed to produce executable
FAIL: gfortran.dg/chmod_3.f90 -O3 -fomit-frame-pointer (test for excess errors)
UNRESOLVED: gfortran.dg/chmod_3.f90 -O3 -fomit-frame-pointer compilation failed to produce executable
FAIL: gfortran.dg/chmod_3.f90 -O3 -fomit-frame-pointer -funroll-loops (test for excess errors)
UNRESOLVED: gfortran.dg/chmod_3.f90 -O3 -fomit-frame-pointer -funroll-loops compilation failed to produce executable
FAIL: gfortran.dg/chmod_3.f90 -O3 -fomit-frame-pointer -funroll-all-loops -finline-functions (test for excess errors)
UNRESOLVED: gfortran.dg/chmod_3.f90 -O3 -fomit-frame-pointer -funroll-all-loops -finline-functions compilation failed to produce executable
FAIL: gfortran.dg/chmod_3.f90 -O3 -g (test for excess errors)
UNRESOLVED: gfortran.dg/chmod_3.f90 -O3 -g compilation failed to produce executable
FAIL: gfortran.dg/chmod_3.f90 -Os (test for excess errors)
UNRESOLVED: gfortran.dg/chmod_3.f90 -Os compilation failed to produce executable
FAIL: gfortran.dg/comma.f -O0 execution test
FAIL: gfortran.dg/comma.f -O1 execution test
FAIL: gfortran.dg/comma.f -O2 execution test
FAIL: gfortran.dg/comma.f -O3 -fomit-frame-pointer execution test
FAIL: gfortran.dg/comma.f -O3 -fomit-frame-pointer -funroll-loops execution test
FAIL: gfortran.dg/comma.f -O3 -fomit-frame-pointer -funroll-all-loops -finline-functions execution test
FAIL: gfortran.dg/comma.f -O3 -g execution test
FAIL: gfortran.dg/comma.f -Os execution test
FAIL: gfortran.dg/common_5.f -O (test for warnings, line 6)
FAIL: gfortran.dg/complex_read.f90 -O0 execution test
FAIL: gfortran.dg/complex_read.f90 -O1 execution test
FAIL: gfortran.dg/complex_read.f90 -O2 execution test
FAIL: gfortran.dg/complex_read.f90 -O3 -fomit-frame-pointer execution test
FAIL: gfortran.dg/complex_read.f90 -O3 -fomit-frame-pointer -funroll-loops execution test
FAIL: gfortran.dg/complex_read.f90 -O3 -fomit-frame-pointer -funroll-all-loops -finline-functions execution test
FAIL: gfortran.dg/complex_read.f90 -O3 -g execution test
FAIL: gfortran.dg/complex_read.f90 -Os execution test
FAIL: gfortran.dg/complex_write.f90 -O0 execution test
FAIL: gfortran.dg/complex_write.f90 -O1 execution test
FAIL: gfortran.dg/complex_write.f90 -O2 execution test
FAIL: gfortran.dg/complex_write.f90 -O3 -fomit-frame-pointer execution test
FAIL: gfortran.dg/complex_write.f90 -O3 -fomit-frame-pointer -funroll-loops execution test
FAIL: gfortran.dg/complex_write.f90 -O3 -fomit-frame-pointer -funroll-all-loops -finline-functions execution test
FAIL: gfortran.dg/complex_write.f90 -O3 -g execution test
FAIL: gfortran.dg/complex_write.f90 -Os execution test
FAIL: gfortran.dg/convert_implied_open.f90 -O0 execution test
FAIL: gfortran.dg/convert_implied_open.f90 -O1 execution test
FAIL: gfortran.dg/convert_implied_open.f90 -O2 execution test
FAIL: gfortran.dg/convert_implied_open.f90 -O3 -fomit-frame-pointer execution test
FAIL: gfortran.dg/convert_implied_open.f90 -O3 -fomit-frame-pointer -funroll-loops execution test
FAIL: gfortran.dg/convert_implied_open.f90 -O3 -fomit-frame-pointer -funroll-all-loops -finline-functions execution test
FAIL: gfortran.dg/convert_implied_open.f90 -O3 -g execution test
FAIL: gfortran.dg/convert_implied_open.f90 -Os execution test
FAIL: gfortran.dg/default_format_denormal_1.f90 -O0 execution test
FAIL: gfortran.dg/default_format_denormal_1.f90 -O1 execution test
FAIL: gfortran.dg/default_format_denormal_1.f90 -O2 execution test
FAIL: gfortran.dg/default_format_denormal_1.f90 -O3 -fomit-frame-pointer execution test
FAIL: gfortran.dg/default_format_denormal_1.f90 -O3 -fomit-frame-pointer -funroll-loops execution test
FAIL: gfortran.dg/default_format_denormal_1.f90 -O3 -fomit-frame-pointer -funroll-all-loops -finline-functions execution test
FAIL: gfortran.dg/default_format_denormal_1.f90 -O3 -g execution test
FAIL: gfortran.dg/default_format_denormal_1.f90 -Os execution test
FAIL: gfortran.dg/direct_io_2.f90 -O0 execution test
FAIL: gfortran.dg/direct_io_2.f90 -O1 execution test
FAIL: gfortran.dg/direct_io_2.f90 -O2 execution test
FAIL: gfortran.dg/direct_io_2.f90 -O3 -fomit-frame-pointer execution test
FAIL: gfortran.dg/direct_io_2.f90 -O3 -fomit-frame-pointer -funroll-loops execution test
FAIL: gfortran.dg/direct_io_2.f90 -O3 -fomit-frame-pointer -funroll-all-loops -finline-functions execution test
FAIL: gfortran.dg/direct_io_2.f90 -O3 -g execution test
FAIL: gfortran.dg/direct_io_2.f90 -Os execution test
FAIL: gfortran.dg/direct_io_3.f90 -O0 execution test
FAIL: gfortran.dg/direct_io_3.f90 -O1 execution test
FAIL: gfortran.dg/direct_io_3.f90 -O2 execution test
FAIL: gfortran.dg/direct_io_3.f90 -O3 -fomit-frame-pointer execution test
FAIL: gfortran.dg/direct_io_3.f90 -O3 -fomit-frame-pointer -funroll-loops execution test
FAIL: gfortran.dg/direct_io_3.f90 -O3 -fomit-frame-pointer -funroll-all-loops -finline-functions execution test
FAIL: gfortran.dg/direct_io_3.f90 -O3 -g execution test
FAIL: gfortran.dg/direct_io_3.f90 -Os execution test
FAIL: gfortran.dg/direct_io_4.f90 -O0 execution test
FAIL: gfortran.dg/direct_io_4.f90 -O1 execution test
FAIL: gfortran.dg/direct_io_4.f90 -O2 execution test
FAIL: gfortran.dg/direct_io_4.f90 -O3 -fomit-frame-pointer execution test
FAIL: gfortran.dg/direct_io_4.f90 -O3 -fomit-frame-pointer -funroll-loops execution test
FAIL: gfortran.dg/direct_io_4.f90 -O3 -fomit-frame-pointer -funroll-all-loops -finline-functions execution test
FAIL: gfortran.dg/direct_io_4.f90 -O3 -g execution test
FAIL: gfortran.dg/direct_io_4.f90 -Os execution test
FAIL: gfortran.dg/direct_io_5.f90 -O0 execution test
FAIL: gfortran.dg/direct_io_5.f90 -O1 execution test
FAIL: gfortran.dg/direct_io_5.f90 -O2 execution test
FAIL: gfortran.dg/direct_io_5.f90 -O3 -fomit-frame-pointer execution test
FAIL: gfortran.dg/direct_io_5.f90 -O3 -fomit-frame-pointer -funroll-loops execution test
FAIL: gfortran.dg/direct_io_5.f90 -O3 -fomit-frame-pointer -funroll-all-loops -finline-functions execution test
FAIL: gfortran.dg/direct_io_5.f90 -O3 -g execution test
FAIL: gfortran.dg/direct_io_5.f90 -Os execution test
FAIL: gfortran.dg/direct_io_6.f90 -O0 execution test
FAIL: gfortran.dg/direct_io_6.f90 -O1 execution test
FAIL: gfortran.dg/direct_io_6.f90 -O2 execution test
FAIL: gfortran.dg/direct_io_6.f90 -O3 -fomit-frame-pointer execution test
FAIL: gfortran.dg/direct_io_6.f90 -O3 -fomit-frame-pointer -funroll-loops execution test
FAIL: gfortran.dg/direct_io_6.f90 -O3 -fomit-frame-pointer -funroll-all-loops -finline-functions execution test
FAIL: gfortran.dg/direct_io_6.f90 -O3 -g execution test
FAIL: gfortran.dg/direct_io_6.f90 -Os execution test
FAIL: gfortran.dg/dollar_edit_descriptor_1.f -O0 execution test
FAIL: gfortran.dg/dollar_edit_descriptor_1.f -O1 execution test
FAIL: gfortran.dg/dollar_edit_descriptor_1.f -O2 execution test
FAIL: gfortran.dg/dollar_edit_descriptor_1.f -O3 -fomit-frame-pointer execution test
FAIL: gfortran.dg/dollar_edit_descriptor_1.f -O3 -fomit-frame-pointer -funroll-loops execution test
FAIL: gfortran.dg/dollar_edit_descriptor_1.f -O3 -fomit-frame-pointer -funroll-all-loops -finline-functions execution test
FAIL: gfortran.dg/dollar_edit_descriptor_1.f -O3 -g execution test
FAIL: gfortran.dg/dollar_edit_descriptor_1.f -Os execution test
FAIL: gfortran.dg/dos_eol.f -O0 execution test
FAIL: gfortran.dg/dos_eol.f -O1 execution test
FAIL: gfortran.dg/dos_eol.f -O2 execution test
FAIL: gfortran.dg/dos_eol.f -O3 -fomit-frame-pointer execution test
FAIL: gfortran.dg/dos_eol.f -O3 -fomit-frame-pointer -funroll-loops execution test
FAIL: gfortran.dg/dos_eol.f -O3 -fomit-frame-pointer -funroll-all-loops -finline-functions execution test
FAIL: gfortran.dg/dos_eol.f -O3 -g execution test
FAIL: gfortran.dg/dos_eol.f -Os execution test
FAIL: gfortran.dg/empty_format_1.f90 -O0 execution test
FAIL: gfortran.dg/empty_format_1.f90 -O1 execution test
FAIL: gfortran.dg/empty_format_1.f90 -O2 execution test
FAIL: gfortran.dg/empty_format_1.f90 -O3 -fomit-frame-pointer execution test
FAIL: gfortran.dg/empty_format_1.f90 -O3 -fomit-frame-pointer -funroll-loops execution test
FAIL: gfortran.dg/empty_format_1.f90 -O3 -fomit-frame-pointer -funroll-all-loops -finline-functions execution test
FAIL: gfortran.dg/empty_format_1.f90 -O3 -g execution test
FAIL: gfortran.dg/empty_format_1.f90 -Os execution test
FAIL: gfortran.dg/endfile.f -O0 execution test
FAIL: gfortran.dg/endfile.f -O1 execution test
FAIL: gfortran.dg/endfile.f -O2 execution test
FAIL: gfortran.dg/endfile.f -O3 -fomit-frame-pointer execution test
FAIL: gfortran.dg/endfile.f -O3 -fomit-frame-pointer -funroll-loops execution test
FAIL: gfortran.dg/endfile.f -O3 -fomit-frame-pointer -funroll-all-loops -finline-functions execution test
FAIL: gfortran.dg/endfile.f -O3 -g execution test
FAIL: gfortran.dg/endfile.f -Os execution test
FAIL: gfortran.dg/endfile.f90 -O0 execution test
FAIL: gfortran.dg/endfile.f90 -O1 execution test
FAIL: gfortran.dg/endfile.f90 -O2 execution test
FAIL: gfortran.dg/endfile.f90 -O3 -fomit-frame-pointer execution test
FAIL: gfortran.dg/endfile.f90 -O3 -fomit-frame-pointer -funroll-loops execution test
FAIL: gfortran.dg/endfile.f90 -O3 -fomit-frame-pointer -funroll-all-loops -finline-functions execution test
FAIL: gfortran.dg/endfile.f90 -O3 -g execution test
FAIL: gfortran.dg/endfile.f90 -Os execution test
FAIL: gfortran.dg/eof_1.f90 -O0 execution test
FAIL: gfortran.dg/eof_1.f90 -O1 execution test
FAIL: gfortran.dg/eof_1.f90 -O2 execution test
FAIL: gfortran.dg/eof_1.f90 -O3 -fomit-frame-pointer execution test
FAIL: gfortran.dg/eof_1.f90 -O3 -fomit-frame-pointer -funroll-loops execution test
FAIL: gfortran.dg/eof_1.f90 -O3 -fomit-frame-pointer -funroll-all-loops -finline-functions execution test
FAIL: gfortran.dg/eof_1.f90 -O3 -g execution test
FAIL: gfortran.dg/eof_1.f90 -Os execution test
FAIL: gfortran.dg/eof_2.f90 -O0 execution test
FAIL: gfortran.dg/eof_2.f90 -O1 execution test
FAIL: gfortran.dg/eof_2.f90 -O2 execution test
FAIL: gfortran.dg/eof_2.f90 -O3 -fomit-frame-pointer execution test
FAIL: gfortran.dg/eof_2.f90 -O3 -fomit-frame-pointer -funroll-loops execution test
FAIL: gfortran.dg/eof_2.f90 -O3 -fomit-frame-pointer -funroll-all-loops -finline-functions execution test
FAIL: gfortran.dg/eof_2.f90 -O3 -g execution test
FAIL: gfortran.dg/eof_2.f90 -Os execution test
FAIL: gfortran.dg/eor_1.f90 -O0 execution test
FAIL: gfortran.dg/eor_1.f90 -O1 execution test
FAIL: gfortran.dg/eor_1.f90 -O2 execution test
FAIL: gfortran.dg/eor_1.f90 -O3 -fomit-frame-pointer execution test
FAIL: gfortran.dg/eor_1.f90 -O3 -fomit-frame-pointer -funroll-loops execution test
FAIL: gfortran.dg/eor_1.f90 -O3 -fomit-frame-pointer -funroll-all-loops -finline-functions execution test
FAIL: gfortran.dg/eor_1.f90 -O3 -g execution test
FAIL: gfortran.dg/eor_1.f90 -Os execution test
FAIL: gfortran.dg/eor_handling_1.f90 -O0 execution test
FAIL: gfortran.dg/eor_handling_1.f90 -O1 execution test
FAIL: gfortran.dg/eor_handling_1.f90 -O2 execution test
FAIL: gfortran.dg/eor_handling_1.f90 -O3 -fomit-frame-pointer execution test
FAIL: gfortran.dg/eor_handling_1.f90 -O3 -fomit-frame-pointer -funroll-loops execution test
FAIL: gfortran.dg/eor_handling_1.f90 -O3 -fomit-frame-pointer -funroll-all-loops -finline-functions execution test
FAIL: gfortran.dg/eor_handling_1.f90 -O3 -g execution test
FAIL: gfortran.dg/eor_handling_1.f90 -Os execution test
FAIL: gfortran.dg/eor_handling_2.f90 -O0 execution test
FAIL: gfortran.dg/eor_handling_2.f90 -O1 execution test
FAIL: gfortran.dg/eor_handling_2.f90 -O2 execution test
FAIL: gfortran.dg/eor_handling_2.f90 -O3 -fomit-frame-pointer execution test
FAIL: gfortran.dg/eor_handling_2.f90 -O3 -fomit-frame-pointer -funroll-loops execution test
FAIL: gfortran.dg/eor_handling_2.f90 -O3 -fomit-frame-pointer -funroll-all-loops -finline-functions execution test
FAIL: gfortran.dg/eor_handling_2.f90 -O3 -g execution test
FAIL: gfortran.dg/eor_handling_2.f90 -Os execution test
FAIL: gfortran.dg/eor_handling_3.f90 -O0 execution test
FAIL: gfortran.dg/eor_handling_3.f90 -O1 execution test
FAIL: gfortran.dg/eor_handling_3.f90 -O2 execution test
FAIL: gfortran.dg/eor_handling_3.f90 -O3 -fomit-frame-pointer execution test
FAIL: gfortran.dg/eor_handling_3.f90 -O3 -fomit-frame-pointer -funroll-loops execution test
FAIL: gfortran.dg/eor_handling_3.f90 -O3 -fomit-frame-pointer -funroll-all-loops -finline-functions execution test
FAIL: gfortran.dg/eor_handling_3.f90 -O3 -g execution test
FAIL: gfortran.dg/eor_handling_3.f90 -Os execution test
FAIL: gfortran.dg/eor_handling_4.f90 -O0 execution test
FAIL: gfortran.dg/eor_handling_4.f90 -O1 execution test
FAIL: gfortran.dg/eor_handling_4.f90 -O2 execution test
FAIL: gfortran.dg/eor_handling_4.f90 -O3 -fomit-frame-pointer execution test
FAIL: gfortran.dg/eor_handling_4.f90 -O3 -fomit-frame-pointer -funroll-loops execution test
FAIL: gfortran.dg/eor_handling_4.f90 -O3 -fomit-frame-pointer -funroll-all-loops -finline-functions execution test
FAIL: gfortran.dg/eor_handling_4.f90 -O3 -g execution test
FAIL: gfortran.dg/eor_handling_4.f90 -Os execution test
FAIL: gfortran.dg/eor_handling_5.f90 -O0 execution test
FAIL: gfortran.dg/eor_handling_5.f90 -O1 execution test
FAIL: gfortran.dg/eor_handling_5.f90 -O2 execution test
FAIL: gfortran.dg/eor_handling_5.f90 -O3 -fomit-frame-pointer execution test
FAIL: gfortran.dg/eor_handling_5.f90 -O3 -fomit-frame-pointer -funroll-loops execution test
FAIL: gfortran.dg/eor_handling_5.f90 -O3 -fomit-frame-pointer -funroll-all-loops -finline-functions execution test
FAIL: gfortran.dg/eor_handling_5.f90 -O3 -g execution test
FAIL: gfortran.dg/eor_handling_5.f90 -Os execution test
FAIL: gfortran.dg/error_format.f90 -O0 output pattern test, is At line 7 of file /n/12/rask/src/all/gcc/testsuite/gfortran.dg/error_format.f90 (unit = 99, file = '')
FAIL: gfortran.dg/error_format.f90 -O1 output pattern test, is At line 7 of file /n/12/rask/src/all/gcc/testsuite/gfortran.dg/error_format.f90 (unit = 99, file = '')
FAIL: gfortran.dg/error_format.f90 -O2 output pattern test, is At line 7 of file /n/12/rask/src/all/gcc/testsuite/gfortran.dg/error_format.f90 (unit = 99, file = '')
FAIL: gfortran.dg/error_format.f90 -O3 -fomit-frame-pointer output pattern test, is At line 7 of file /n/12/rask/src/all/gcc/testsuite/gfortran.dg/error_format.f90 (unit = 99, file = '')
FAIL: gfortran.dg/error_format.f90 -O3 -fomit-frame-pointer -funroll-loops output pattern test, is At line 7 of file /n/12/rask/src/all/gcc/testsuite/gfortran.dg/error_format.f90 (unit = 99, file = '')
FAIL: gfortran.dg/error_format.f90 -O3 -fomit-frame-pointer -funroll-all-loops -finline-functions output pattern test, is At line 7 of file /n/12/rask/src/all/gcc/testsuite/gfortran.dg/error_format.f90 (unit = 99, file = '')
FAIL: gfortran.dg/error_format.f90 -O3 -g output pattern test, is At line 7 of file /n/12/rask/src/all/gcc/testsuite/gfortran.dg/error_format.f90 (unit = 99, file = '')
FAIL: gfortran.dg/error_format.f90 -Os output pattern test, is At line 7 of file /n/12/rask/src/all/gcc/testsuite/gfortran.dg/error_format.f90 (unit = 99, file = '')
FAIL: gfortran.dg/fgetc_1.f90 -O0 execution test
FAIL: gfortran.dg/fgetc_1.f90 -O1 execution test
FAIL: gfortran.dg/fgetc_1.f90 -O2 execution test
FAIL: gfortran.dg/fgetc_1.f90 -O3 -fomit-frame-pointer execution test
FAIL: gfortran.dg/fgetc_1.f90 -O3 -fomit-frame-pointer -funroll-loops execution test
FAIL: gfortran.dg/fgetc_1.f90 -O3 -fomit-frame-pointer -funroll-all-loops -finline-functions execution test
FAIL: gfortran.dg/fgetc_1.f90 -O3 -g execution test
FAIL: gfortran.dg/fgetc_1.f90 -Os execution test
FAIL: gfortran.dg/fgetc_2.f90 -O0 execution test
FAIL: gfortran.dg/fgetc_2.f90 -O1 execution test
FAIL: gfortran.dg/fgetc_2.f90 -O2 execution test
FAIL: gfortran.dg/fgetc_2.f90 -O3 -fomit-frame-pointer execution test
FAIL: gfortran.dg/fgetc_2.f90 -O3 -fomit-frame-pointer -funroll-loops execution test
FAIL: gfortran.dg/fgetc_2.f90 -O3 -fomit-frame-pointer -funroll-all-loops -finline-functions execution test
FAIL: gfortran.dg/fgetc_2.f90 -O3 -g execution test
FAIL: gfortran.dg/fgetc_2.f90 -Os execution test
FAIL: gfortran.dg/flush_1.f90 -O0 execution test
FAIL: gfortran.dg/flush_1.f90 -O1 execution test
FAIL: gfortran.dg/flush_1.f90 -O2 execution test
FAIL: gfortran.dg/flush_1.f90 -O3 -fomit-frame-pointer execution test
FAIL: gfortran.dg/flush_1.f90 -O3 -fomit-frame-pointer -funroll-loops execution test
FAIL: gfortran.dg/flush_1.f90 -O3 -fomit-frame-pointer -funroll-all-loops -finline-functions execution test
FAIL: gfortran.dg/flush_1.f90 -O3 -g execution test
FAIL: gfortran.dg/flush_1.f90 -Os execution test
FAIL: gfortran.dg/fmt_huge.f90 -O0 execution test
FAIL: gfortran.dg/fmt_huge.f90 -O1 execution test
FAIL: gfortran.dg/fmt_huge.f90 -O2 execution test
FAIL: gfortran.dg/fmt_huge.f90 -O3 -fomit-frame-pointer execution test
FAIL: gfortran.dg/fmt_huge.f90 -O3 -fomit-frame-pointer -funroll-loops execution test
FAIL: gfortran.dg/fmt_huge.f90 -O3 -fomit-frame-pointer -funroll-all-loops -finline-functions execution test
FAIL: gfortran.dg/fmt_huge.f90 -O3 -g execution test
FAIL: gfortran.dg/fmt_huge.f90 -Os execution test
FAIL: gfortran.dg/fmt_l.f90 -O0 output pattern test, is At line 14 of file /n/12/rask/src/all/gcc/testsuite/gfortran.dg/fmt_l.f90
FAIL: gfortran.dg/fmt_l.f90 -O1 output pattern test, is At line 14 of file /n/12/rask/src/all/gcc/testsuite/gfortran.dg/fmt_l.f90
FAIL: gfortran.dg/fmt_l.f90 -O2 output pattern test, is At line 14 of file /n/12/rask/src/all/gcc/testsuite/gfortran.dg/fmt_l.f90
FAIL: gfortran.dg/fmt_l.f90 -O3 -fomit-frame-pointer output pattern test, is At line 14 of file /n/12/rask/src/all/gcc/testsuite/gfortran.dg/fmt_l.f90
FAIL: gfortran.dg/fmt_l.f90 -O3 -fomit-frame-pointer -funroll-loops output pattern test, is At line 14 of file /n/12/rask/src/all/gcc/testsuite/gfortran.dg/fmt_l.f90
FAIL: gfortran.dg/fmt_l.f90 -O3 -fomit-frame-pointer -funroll-all-loops -finline-functions output pattern test, is At line 14 of file /n/12/rask/src/all/gcc/testsuite/gfortran.dg/fmt_l.f90
FAIL: gfortran.dg/fmt_l.f90 -O3 -g output pattern test, is At line 14 of file /n/12/rask/src/all/gcc/testsuite/gfortran.dg/fmt_l.f90
FAIL: gfortran.dg/fmt_l.f90 -Os output pattern test, is At line 14 of file /n/12/rask/src/all/gcc/testsuite/gfortran.dg/fmt_l.f90
FAIL: gfortran.dg/fmt_read.f90 -O0 execution test
FAIL: gfortran.dg/fmt_read.f90 -O1 execution test
FAIL: gfortran.dg/fmt_read.f90 -O2 execution test
FAIL: gfortran.dg/fmt_read.f90 -O3 -fomit-frame-pointer execution test
FAIL: gfortran.dg/fmt_read.f90 -O3 -fomit-frame-pointer -funroll-loops execution test
FAIL: gfortran.dg/fmt_read.f90 -O3 -fomit-frame-pointer -funroll-all-loops -finline-functions execution test
FAIL: gfortran.dg/fmt_read.f90 -O3 -g execution test
FAIL: gfortran.dg/fmt_read.f90 -Os execution test
FAIL: gfortran.dg/fmt_t_1.f90 -O0 execution test
FAIL: gfortran.dg/fmt_t_1.f90 -O1 execution test
FAIL: gfortran.dg/fmt_t_1.f90 -O2 execution test
FAIL: gfortran.dg/fmt_t_1.f90 -O3 -fomit-frame-pointer execution test
FAIL: gfortran.dg/fmt_t_1.f90 -O3 -fomit-frame-pointer -funroll-loops execution test
FAIL: gfortran.dg/fmt_t_1.f90 -O3 -fomit-frame-pointer -funroll-all-loops -finline-functions execution test
FAIL: gfortran.dg/fmt_t_1.f90 -O3 -g execution test
FAIL: gfortran.dg/fmt_t_1.f90 -Os execution test
FAIL: gfortran.dg/fmt_t_2.f90 -O0 execution test
FAIL: gfortran.dg/fmt_t_2.f90 -O1 execution test
FAIL: gfortran.dg/fmt_t_2.f90 -O2 execution test
FAIL: gfortran.dg/fmt_t_2.f90 -O3 -fomit-frame-pointer execution test
FAIL: gfortran.dg/fmt_t_2.f90 -O3 -fomit-frame-pointer -funroll-loops execution test
FAIL: gfortran.dg/fmt_t_2.f90 -O3 -fomit-frame-pointer -funroll-all-loops -finline-functions execution test
FAIL: gfortran.dg/fmt_t_2.f90 -O3 -g execution test
FAIL: gfortran.dg/fmt_t_2.f90 -Os execution test
FAIL: gfortran.dg/fmt_t_3.f90 -O0 execution test
FAIL: gfortran.dg/fmt_t_3.f90 -O1 execution test
FAIL: gfortran.dg/fmt_t_3.f90 -O2 execution test
FAIL: gfortran.dg/fmt_t_3.f90 -O3 -fomit-frame-pointer execution test
FAIL: gfortran.dg/fmt_t_3.f90 -O3 -fomit-frame-pointer -funroll-loops execution test
FAIL: gfortran.dg/fmt_t_3.f90 -O3 -fomit-frame-pointer -funroll-all-loops -finline-functions execution test
FAIL: gfortran.dg/fmt_t_3.f90 -O3 -g execution test
FAIL: gfortran.dg/fmt_t_3.f90 -Os execution test
FAIL: gfortran.dg/fmt_t_4.f90 -O0 execution test
FAIL: gfortran.dg/fmt_t_4.f90 -O1 execution test
FAIL: gfortran.dg/fmt_t_4.f90 -O2 execution test
FAIL: gfortran.dg/fmt_t_4.f90 -O3 -fomit-frame-pointer execution test
FAIL: gfortran.dg/fmt_t_4.f90 -O3 -fomit-frame-pointer -funroll-loops execution test
FAIL: gfortran.dg/fmt_t_4.f90 -O3 -fomit-frame-pointer -funroll-all-loops -finline-functions execution test
FAIL: gfortran.dg/fmt_t_4.f90 -O3 -g execution test
FAIL: gfortran.dg/fmt_t_4.f90 -Os execution test
FAIL: gfortran.dg/fmt_t_5.f90 -O0 execution test
FAIL: gfortran.dg/fmt_t_5.f90 -O1 execution test
FAIL: gfortran.dg/fmt_t_5.f90 -O2 execution test
FAIL: gfortran.dg/fmt_t_5.f90 -O3 -fomit-frame-pointer execution test
FAIL: gfortran.dg/fmt_t_5.f90 -O3 -fomit-frame-pointer -funroll-loops execution test
FAIL: gfortran.dg/fmt_t_5.f90 -O3 -fomit-frame-pointer -funroll-all-loops -finline-functions execution test
FAIL: gfortran.dg/fmt_t_5.f90 -O3 -g execution test
FAIL: gfortran.dg/fmt_t_5.f90 -Os execution test
FAIL: gfortran.dg/fseek.f90 -O0 execution test
FAIL: gfortran.dg/fseek.f90 -O1 execution test
FAIL: gfortran.dg/fseek.f90 -O2 execution test
FAIL: gfortran.dg/fseek.f90 -O3 -fomit-frame-pointer execution test
FAIL: gfortran.dg/fseek.f90 -O3 -fomit-frame-pointer -funroll-loops execution test
FAIL: gfortran.dg/fseek.f90 -O3 -fomit-frame-pointer -funroll-all-loops -finline-functions execution test
FAIL: gfortran.dg/fseek.f90 -O3 -g execution test
FAIL: gfortran.dg/fseek.f90 -Os execution test
FAIL: gfortran.dg/ftell_1.f90 -O0 execution test
FAIL: gfortran.dg/ftell_1.f90 -O1 execution test
FAIL: gfortran.dg/ftell_1.f90 -O2 execution test
FAIL: gfortran.dg/ftell_1.f90 -O3 -fomit-frame-pointer execution test
FAIL: gfortran.dg/ftell_1.f90 -O3 -fomit-frame-pointer -funroll-loops execution test
FAIL: gfortran.dg/ftell_1.f90 -O3 -fomit-frame-pointer -funroll-all-loops -finline-functions execution test
FAIL: gfortran.dg/ftell_1.f90 -O3 -g execution test
FAIL: gfortran.dg/ftell_1.f90 -Os execution test
FAIL: gfortran.dg/ftell_2.f90 -O0 execution test
FAIL: gfortran.dg/ftell_2.f90 -O1 execution test
FAIL: gfortran.dg/ftell_2.f90 -O2 execution test
FAIL: gfortran.dg/ftell_2.f90 -O3 -fomit-frame-pointer execution test
FAIL: gfortran.dg/ftell_2.f90 -O3 -fomit-frame-pointer -funroll-loops execution test
FAIL: gfortran.dg/ftell_2.f90 -O3 -fomit-frame-pointer -funroll-all-loops -finline-functions execution test
FAIL: gfortran.dg/ftell_2.f90 -O3 -g execution test
FAIL: gfortran.dg/ftell_2.f90 -Os execution test
FAIL: gfortran.dg/func_derived_3.f90 -O0 execution test
FAIL: gfortran.dg/func_derived_3.f90 -O1 execution test
FAIL: gfortran.dg/func_derived_3.f90 -O2 execution test
FAIL: gfortran.dg/func_derived_3.f90 -O3 -fomit-frame-pointer execution test
FAIL: gfortran.dg/func_derived_3.f90 -O3 -fomit-frame-pointer -funroll-loops execution test
FAIL: gfortran.dg/func_derived_3.f90 -O3 -fomit-frame-pointer -funroll-all-loops -finline-functions execution test
FAIL: gfortran.dg/func_derived_3.f90 -O3 -g execution test
FAIL: gfortran.dg/func_derived_3.f90 -Os execution test
FAIL: gfortran.dg/inquire.f90 -O0 execution test
FAIL: gfortran.dg/inquire.f90 -O1 execution test
FAIL: gfortran.dg/inquire.f90 -O2 execution test
FAIL: gfortran.dg/inquire.f90 -O3 -fomit-frame-pointer execution test
FAIL: gfortran.dg/inquire.f90 -O3 -fomit-frame-pointer -funroll-loops execution test
FAIL: gfortran.dg/inquire.f90 -O3 -fomit-frame-pointer -funroll-all-loops -finline-functions execution test
FAIL: gfortran.dg/inquire.f90 -O3 -g execution test
FAIL: gfortran.dg/inquire.f90 -Os execution test
FAIL: gfortran.dg/inquire_5.f90 -O0 execution test
FAIL: gfortran.dg/inquire_5.f90 -O1 execution test
FAIL: gfortran.dg/inquire_5.f90 -O2 execution test
FAIL: gfortran.dg/inquire_5.f90 -O3 -fomit-frame-pointer execution test
FAIL: gfortran.dg/inquire_5.f90 -O3 -fomit-frame-pointer -funroll-loops execution test
FAIL: gfortran.dg/inquire_5.f90 -O3 -fomit-frame-pointer -funroll-all-loops -finline-functions execution test
FAIL: gfortran.dg/inquire_5.f90 -O3 -g execution test
FAIL: gfortran.dg/inquire_5.f90 -Os execution test
FAIL: gfortran.dg/inquire_6.f90 -O0 execution test
FAIL: gfortran.dg/inquire_6.f90 -O1 execution test
FAIL: gfortran.dg/inquire_6.f90 -O2 execution test
FAIL: gfortran.dg/inquire_6.f90 -O3 -fomit-frame-pointer execution test
FAIL: gfortran.dg/inquire_6.f90 -O3 -fomit-frame-pointer -funroll-loops execution test
FAIL: gfortran.dg/inquire_6.f90 -O3 -fomit-frame-pointer -funroll-all-loops -finline-functions execution test
FAIL: gfortran.dg/inquire_6.f90 -O3 -g execution test
FAIL: gfortran.dg/inquire_6.f90 -Os execution test
FAIL: gfortran.dg/inquire_7.f90 -O0 execution test
FAIL: gfortran.dg/inquire_7.f90 -O1 execution test
FAIL: gfortran.dg/inquire_7.f90 -O2 execution test
FAIL: gfortran.dg/inquire_7.f90 -O3 -fomit-frame-pointer execution test
FAIL: gfortran.dg/inquire_7.f90 -O3 -fomit-frame-pointer -funroll-loops execution test
FAIL: gfortran.dg/inquire_7.f90 -O3 -fomit-frame-pointer -funroll-all-loops -finline-functions execution test
FAIL: gfortran.dg/inquire_7.f90 -O3 -g execution test
FAIL: gfortran.dg/inquire_7.f90 -Os execution test
FAIL: gfortran.dg/iomsg_1.f90 -O0 execution test
FAIL: gfortran.dg/iomsg_1.f90 -O1 execution test
FAIL: gfortran.dg/iomsg_1.f90 -O2 execution test
FAIL: gfortran.dg/iomsg_1.f90 -O3 -fomit-frame-pointer execution test
FAIL: gfortran.dg/iomsg_1.f90 -O3 -fomit-frame-pointer -funroll-loops execution test
FAIL: gfortran.dg/iomsg_1.f90 -O3 -fomit-frame-pointer -funroll-all-loops -finline-functions execution test
FAIL: gfortran.dg/iomsg_1.f90 -O3 -g execution test
FAIL: gfortran.dg/iomsg_1.f90 -Os execution test
FAIL: gfortran.dg/iostat_1.f90 -O0 execution test
FAIL: gfortran.dg/iostat_1.f90 -O1 execution test
FAIL: gfortran.dg/iostat_1.f90 -O2 execution test
FAIL: gfortran.dg/iostat_1.f90 -O3 -fomit-frame-pointer execution test
FAIL: gfortran.dg/iostat_1.f90 -O3 -fomit-frame-pointer -funroll-loops execution test
FAIL: gfortran.dg/iostat_1.f90 -O3 -fomit-frame-pointer -funroll-all-loops -finline-functions execution test
FAIL: gfortran.dg/iostat_1.f90 -O3 -g execution test
FAIL: gfortran.dg/iostat_1.f90 -Os execution test
FAIL: gfortran.dg/ishft_1.f90 -O0 (test for excess errors)
FAIL: gfortran.dg/ishft_1.f90 -O1 (test for excess errors)
FAIL: gfortran.dg/ishft_1.f90 -O2 (test for excess errors)
FAIL: gfortran.dg/ishft_1.f90 -O3 -fomit-frame-pointer (test for excess errors)
FAIL: gfortran.dg/ishft_1.f90 -O3 -fomit-frame-pointer -funroll-loops (test for excess errors)
FAIL: gfortran.dg/ishft_1.f90 -O3 -fomit-frame-pointer -funroll-all-loops -finline-functions (test for excess errors)
FAIL: gfortran.dg/ishft_1.f90 -O3 -g (test for excess errors)
FAIL: gfortran.dg/ishft_1.f90 -Os (test for excess errors)
FAIL: gfortran.dg/largeequiv_1.f90 -O0 execution test
FAIL: gfortran.dg/largeequiv_1.f90 -O1 execution test
FAIL: gfortran.dg/largeequiv_1.f90 -O2 execution test
FAIL: gfortran.dg/largeequiv_1.f90 -O3 -fomit-frame-pointer execution test
FAIL: gfortran.dg/largeequiv_1.f90 -O3 -fomit-frame-pointer -funroll-loops execution test
FAIL: gfortran.dg/largeequiv_1.f90 -O3 -fomit-frame-pointer -funroll-all-loops -finline-functions execution test
FAIL: gfortran.dg/largeequiv_1.f90 -O3 -g execution test
FAIL: gfortran.dg/largeequiv_1.f90 -Os execution test
FAIL: gfortran.dg/list_read_1.f90 -O0 execution test
FAIL: gfortran.dg/list_read_1.f90 -O1 execution test
FAIL: gfortran.dg/list_read_1.f90 -O2 execution test
FAIL: gfortran.dg/list_read_1.f90 -O3 -fomit-frame-pointer execution test
FAIL: gfortran.dg/list_read_1.f90 -O3 -fomit-frame-pointer -funroll-loops execution test
FAIL: gfortran.dg/list_read_1.f90 -O3 -fomit-frame-pointer -funroll-all-loops -finline-functions execution test
FAIL: gfortran.dg/list_read_1.f90 -O3 -g execution test
FAIL: gfortran.dg/list_read_1.f90 -Os execution test
FAIL: gfortran.dg/list_read_4.f90 -O0 execution test
FAIL: gfortran.dg/list_read_4.f90 -O1 execution test
FAIL: gfortran.dg/list_read_4.f90 -O2 execution test
FAIL: gfortran.dg/list_read_4.f90 -O3 -fomit-frame-pointer execution test
FAIL: gfortran.dg/list_read_4.f90 -O3 -fomit-frame-pointer -funroll-loops execution test
FAIL: gfortran.dg/list_read_4.f90 -O3 -fomit-frame-pointer -funroll-all-loops -finline-functions execution test
FAIL: gfortran.dg/list_read_4.f90 -O3 -g execution test
FAIL: gfortran.dg/list_read_4.f90 -Os execution test
FAIL: gfortran.dg/list_read_5.f90 -O0 execution test
FAIL: gfortran.dg/list_read_5.f90 -O1 execution test
FAIL: gfortran.dg/list_read_5.f90 -O2 execution test
FAIL: gfortran.dg/list_read_5.f90 -O3 -fomit-frame-pointer execution test
FAIL: gfortran.dg/list_read_5.f90 -O3 -fomit-frame-pointer -funroll-loops execution test
FAIL: gfortran.dg/list_read_5.f90 -O3 -fomit-frame-pointer -funroll-all-loops -finline-functions execution test
FAIL: gfortran.dg/list_read_5.f90 -O3 -g execution test
FAIL: gfortran.dg/list_read_5.f90 -Os execution test
FAIL: gfortran.dg/list_read_6.f90 -O0 execution test
FAIL: gfortran.dg/list_read_6.f90 -O1 execution test
FAIL: gfortran.dg/list_read_6.f90 -O2 execution test
FAIL: gfortran.dg/list_read_6.f90 -O3 -fomit-frame-pointer execution test
FAIL: gfortran.dg/list_read_6.f90 -O3 -fomit-frame-pointer -funroll-loops execution test
FAIL: gfortran.dg/list_read_6.f90 -O3 -fomit-frame-pointer -funroll-all-loops -finline-functions execution test
FAIL: gfortran.dg/list_read_6.f90 -O3 -g execution test
FAIL: gfortran.dg/list_read_6.f90 -Os execution test
FAIL: gfortran.dg/list_read_7.f90 -O0 execution test
FAIL: gfortran.dg/list_read_7.f90 -O1 execution test
FAIL: gfortran.dg/list_read_7.f90 -O2 execution test
FAIL: gfortran.dg/list_read_7.f90 -O3 -fomit-frame-pointer execution test
FAIL: gfortran.dg/list_read_7.f90 -O3 -fomit-frame-pointer -funroll-loops execution test
FAIL: gfortran.dg/list_read_7.f90 -O3 -fomit-frame-pointer -funroll-all-loops -finline-functions execution test
FAIL: gfortran.dg/list_read_7.f90 -O3 -g execution test
FAIL: gfortran.dg/list_read_7.f90 -Os execution test
FAIL: gfortran.dg/mclock.f90 -O0 execution test
FAIL: gfortran.dg/mclock.f90 -O1 execution test
FAIL: gfortran.dg/mclock.f90 -O2 execution test
FAIL: gfortran.dg/mclock.f90 -O3 -fomit-frame-pointer execution test
FAIL: gfortran.dg/mclock.f90 -O3 -fomit-frame-pointer -funroll-loops execution test
FAIL: gfortran.dg/mclock.f90 -O3 -fomit-frame-pointer -funroll-all-loops -finline-functions execution test
FAIL: gfortran.dg/mclock.f90 -O3 -g execution test
FAIL: gfortran.dg/mclock.f90 -Os execution test
FAIL: gfortran.dg/namelist_11.f -O0 execution test
FAIL: gfortran.dg/namelist_11.f -O1 execution test
FAIL: gfortran.dg/namelist_11.f -O2 execution test
FAIL: gfortran.dg/namelist_11.f -O3 -fomit-frame-pointer execution test
FAIL: gfortran.dg/namelist_11.f -O3 -fomit-frame-pointer -funroll-loops execution test
FAIL: gfortran.dg/namelist_11.f -O3 -fomit-frame-pointer -funroll-all-loops -finline-functions execution test
FAIL: gfortran.dg/namelist_11.f -O3 -g execution test
FAIL: gfortran.dg/namelist_11.f -Os execution test
FAIL: gfortran.dg/namelist_12.f -O0 execution test
FAIL: gfortran.dg/namelist_12.f -O1 execution test
FAIL: gfortran.dg/namelist_12.f -O2 execution test
FAIL: gfortran.dg/namelist_12.f -O3 -fomit-frame-pointer execution test
FAIL: gfortran.dg/namelist_12.f -O3 -fomit-frame-pointer -funroll-loops execution test
FAIL: gfortran.dg/namelist_12.f -O3 -fomit-frame-pointer -funroll-all-loops -finline-functions execution test
FAIL: gfortran.dg/namelist_12.f -O3 -g execution test
FAIL: gfortran.dg/namelist_12.f -Os execution test
FAIL: gfortran.dg/namelist_13.f90 -O0 execution test
FAIL: gfortran.dg/namelist_13.f90 -O1 execution test
FAIL: gfortran.dg/namelist_13.f90 -O2 execution test
FAIL: gfortran.dg/namelist_13.f90 -O3 -fomit-frame-pointer execution test
FAIL: gfortran.dg/namelist_13.f90 -O3 -fomit-frame-pointer -funroll-loops execution test
FAIL: gfortran.dg/namelist_13.f90 -O3 -fomit-frame-pointer -funroll-all-loops -finline-functions execution test
FAIL: gfortran.dg/namelist_13.f90 -O3 -g execution test
FAIL: gfortran.dg/namelist_13.f90 -Os execution test
FAIL: gfortran.dg/namelist_14.f90 -O0 execution test
FAIL: gfortran.dg/namelist_14.f90 -O1 execution test
FAIL: gfortran.dg/namelist_14.f90 -O2 execution test
FAIL: gfortran.dg/namelist_14.f90 -O3 -fomit-frame-pointer execution test
FAIL: gfortran.dg/namelist_14.f90 -O3 -fomit-frame-pointer -funroll-loops execution test
FAIL: gfortran.dg/namelist_14.f90 -O3 -fomit-frame-pointer -funroll-all-loops -finline-functions execution test
FAIL: gfortran.dg/namelist_14.f90 -O3 -g execution test
FAIL: gfortran.dg/namelist_14.f90 -Os execution test
FAIL: gfortran.dg/namelist_15.f90 -O0 execution test
FAIL: gfortran.dg/namelist_15.f90 -O1 execution test
FAIL: gfortran.dg/namelist_15.f90 -O2 execution test
FAIL: gfortran.dg/namelist_15.f90 -O3 -fomit-frame-pointer execution test
FAIL: gfortran.dg/namelist_15.f90 -O3 -fomit-frame-pointer -funroll-loops execution test
FAIL: gfortran.dg/namelist_15.f90 -O3 -fomit-frame-pointer -funroll-all-loops -finline-functions execution test
FAIL: gfortran.dg/namelist_15.f90 -O3 -g execution test
FAIL: gfortran.dg/namelist_15.f90 -Os execution test
FAIL: gfortran.dg/namelist_16.f90 -O0 execution test
FAIL: gfortran.dg/namelist_16.f90 -O1 execution test
FAIL: gfortran.dg/namelist_16.f90 -O2 execution test
FAIL: gfortran.dg/namelist_16.f90 -O3 -fomit-frame-pointer execution test
FAIL: gfortran.dg/namelist_16.f90 -O3 -fomit-frame-pointer -funroll-loops execution test
FAIL: gfortran.dg/namelist_16.f90 -O3 -fomit-frame-pointer -funroll-all-loops -finline-functions execution test
FAIL: gfortran.dg/namelist_16.f90 -O3 -g execution test
FAIL: gfortran.dg/namelist_16.f90 -Os execution test
FAIL: gfortran.dg/namelist_17.f90 -O0 execution test
FAIL: gfortran.dg/namelist_17.f90 -O1 execution test
FAIL: gfortran.dg/namelist_17.f90 -O2 execution test
FAIL: gfortran.dg/namelist_17.f90 -O3 -fomit-frame-pointer execution test
FAIL: gfortran.dg/namelist_17.f90 -O3 -fomit-frame-pointer -funroll-loops execution test
FAIL: gfortran.dg/namelist_17.f90 -O3 -fomit-frame-pointer -funroll-all-loops -finline-functions execution test
FAIL: gfortran.dg/namelist_17.f90 -O3 -g execution test
FAIL: gfortran.dg/namelist_17.f90 -Os execution test
FAIL: gfortran.dg/namelist_18.f90 -O0 execution test
FAIL: gfortran.dg/namelist_18.f90 -O1 execution test
FAIL: gfortran.dg/namelist_18.f90 -O2 execution test
FAIL: gfortran.dg/namelist_18.f90 -O3 -fomit-frame-pointer execution test
FAIL: gfortran.dg/namelist_18.f90 -O3 -fomit-frame-pointer -funroll-loops execution test
FAIL: gfortran.dg/namelist_18.f90 -O3 -fomit-frame-pointer -funroll-all-loops -finline-functions execution test
FAIL: gfortran.dg/namelist_18.f90 -O3 -g execution test
FAIL: gfortran.dg/namelist_18.f90 -Os execution test
FAIL: gfortran.dg/namelist_19.f90 -O0 execution test
FAIL: gfortran.dg/namelist_19.f90 -O1 execution test
FAIL: gfortran.dg/namelist_19.f90 -O2 execution test
FAIL: gfortran.dg/namelist_19.f90 -O3 -fomit-frame-pointer execution test
FAIL: gfortran.dg/namelist_19.f90 -O3 -fomit-frame-pointer -funroll-loops execution test
FAIL: gfortran.dg/namelist_19.f90 -O3 -fomit-frame-pointer -funroll-all-loops -finline-functions execution test
FAIL: gfortran.dg/namelist_19.f90 -O3 -g execution test
FAIL: gfortran.dg/namelist_19.f90 -Os execution test
FAIL: gfortran.dg/namelist_20.f90 -O0 execution test
FAIL: gfortran.dg/namelist_20.f90 -O1 execution test
FAIL: gfortran.dg/namelist_20.f90 -O2 execution test
FAIL: gfortran.dg/namelist_20.f90 -O3 -fomit-frame-pointer execution test
FAIL: gfortran.dg/namelist_20.f90 -O3 -fomit-frame-pointer -funroll-loops execution test
FAIL: gfortran.dg/namelist_20.f90 -O3 -fomit-frame-pointer -funroll-all-loops -finline-functions execution test
FAIL: gfortran.dg/namelist_20.f90 -O3 -g execution test
FAIL: gfortran.dg/namelist_20.f90 -Os execution test
FAIL: gfortran.dg/namelist_21.f90 -O0 execution test
FAIL: gfortran.dg/namelist_21.f90 -O1 execution test
FAIL: gfortran.dg/namelist_21.f90 -O2 execution test
FAIL: gfortran.dg/namelist_21.f90 -O3 -fomit-frame-pointer execution test
FAIL: gfortran.dg/namelist_21.f90 -O3 -fomit-frame-pointer -funroll-loops execution test
FAIL: gfortran.dg/namelist_21.f90 -O3 -fomit-frame-pointer -funroll-all-loops -finline-functions execution test
FAIL: gfortran.dg/namelist_21.f90 -O3 -g execution test
FAIL: gfortran.dg/namelist_21.f90 -Os execution test
FAIL: gfortran.dg/namelist_22.f90 -O0 execution test
FAIL: gfortran.dg/namelist_22.f90 -O1 execution test
FAIL: gfortran.dg/namelist_22.f90 -O2 execution test
FAIL: gfortran.dg/namelist_22.f90 -O3 -fomit-frame-pointer execution test
FAIL: gfortran.dg/namelist_22.f90 -O3 -fomit-frame-pointer -funroll-loops execution test
FAIL: gfortran.dg/namelist_22.f90 -O3 -fomit-frame-pointer -funroll-all-loops -finline-functions execution test
FAIL: gfortran.dg/namelist_22.f90 -O3 -g execution test
FAIL: gfortran.dg/namelist_22.f90 -Os execution test
FAIL: gfortran.dg/namelist_23.f90 -O0 execution test
FAIL: gfortran.dg/namelist_23.f90 -O1 execution test
FAIL: gfortran.dg/namelist_23.f90 -O2 execution test
FAIL: gfortran.dg/namelist_23.f90 -O3 -fomit-frame-pointer execution test
FAIL: gfortran.dg/namelist_23.f90 -O3 -fomit-frame-pointer -funroll-loops execution test
FAIL: gfortran.dg/namelist_23.f90 -O3 -fomit-frame-pointer -funroll-all-loops -finline-functions execution test
FAIL: gfortran.dg/namelist_23.f90 -O3 -g execution test
FAIL: gfortran.dg/namelist_23.f90 -Os execution test
FAIL: gfortran.dg/namelist_24.f90 -O0 execution test
FAIL: gfortran.dg/namelist_24.f90 -O1 execution test
FAIL: gfortran.dg/namelist_24.f90 -O2 execution test
FAIL: gfortran.dg/namelist_24.f90 -O3 -fomit-frame-pointer execution test
FAIL: gfortran.dg/namelist_24.f90 -O3 -fomit-frame-pointer -funroll-loops execution test
FAIL: gfortran.dg/namelist_24.f90 -O3 -fomit-frame-pointer -funroll-all-loops -finline-functions execution test
FAIL: gfortran.dg/namelist_24.f90 -O3 -g execution test
FAIL: gfortran.dg/namelist_24.f90 -Os execution test
FAIL: gfortran.dg/namelist_26.f90 -O0 execution test
FAIL: gfortran.dg/namelist_26.f90 -O1 execution test
FAIL: gfortran.dg/namelist_26.f90 -O2 execution test
FAIL: gfortran.dg/namelist_26.f90 -O3 -fomit-frame-pointer execution test
FAIL: gfortran.dg/namelist_26.f90 -O3 -fomit-frame-pointer -funroll-loops execution test
FAIL: gfortran.dg/namelist_26.f90 -O3 -fomit-frame-pointer -funroll-all-loops -finline-functions execution test
FAIL: gfortran.dg/namelist_26.f90 -O3 -g execution test
FAIL: gfortran.dg/namelist_26.f90 -Os execution test
FAIL: gfortran.dg/namelist_27.f90 -O0 execution test
FAIL: gfortran.dg/namelist_27.f90 -O1 execution test
FAIL: gfortran.dg/namelist_27.f90 -O2 execution test
FAIL: gfortran.dg/namelist_27.f90 -O3 -fomit-frame-pointer execution test
FAIL: gfortran.dg/namelist_27.f90 -O3 -fomit-frame-pointer -funroll-loops execution test
FAIL: gfortran.dg/namelist_27.f90 -O3 -fomit-frame-pointer -funroll-all-loops -finline-functions execution test
FAIL: gfortran.dg/namelist_27.f90 -O3 -g execution test
FAIL: gfortran.dg/namelist_27.f90 -Os execution test
FAIL: gfortran.dg/namelist_28.f90 -O0 execution test
FAIL: gfortran.dg/namelist_28.f90 -O1 execution test
FAIL: gfortran.dg/namelist_28.f90 -O2 execution test
FAIL: gfortran.dg/namelist_28.f90 -O3 -fomit-frame-pointer execution test
FAIL: gfortran.dg/namelist_28.f90 -O3 -fomit-frame-pointer -funroll-loops execution test
FAIL: gfortran.dg/namelist_28.f90 -O3 -fomit-frame-pointer -funroll-all-loops -finline-functions execution test
FAIL: gfortran.dg/namelist_28.f90 -O3 -g execution test
FAIL: gfortran.dg/namelist_28.f90 -Os execution test
FAIL: gfortran.dg/namelist_37.f90 -O0 execution test
FAIL: gfortran.dg/namelist_37.f90 -O1 execution test
FAIL: gfortran.dg/namelist_37.f90 -O2 execution test
FAIL: gfortran.dg/namelist_37.f90 -O3 -fomit-frame-pointer execution test
FAIL: gfortran.dg/namelist_37.f90 -O3 -fomit-frame-pointer -funroll-loops execution test
FAIL: gfortran.dg/namelist_37.f90 -O3 -fomit-frame-pointer -funroll-all-loops -finline-functions execution test
FAIL: gfortran.dg/namelist_37.f90 -O3 -g execution test
FAIL: gfortran.dg/namelist_37.f90 -Os execution test
FAIL: gfortran.dg/namelist_38.f90 -O0 execution test
FAIL: gfortran.dg/namelist_38.f90 -O1 execution test
FAIL: gfortran.dg/namelist_38.f90 -O2 execution test
FAIL: gfortran.dg/namelist_38.f90 -O3 -fomit-frame-pointer execution test
FAIL: gfortran.dg/namelist_38.f90 -O3 -fomit-frame-pointer -funroll-loops execution test
FAIL: gfortran.dg/namelist_38.f90 -O3 -fomit-frame-pointer -funroll-all-loops -finline-functions execution test
FAIL: gfortran.dg/namelist_38.f90 -O3 -g execution test
FAIL: gfortran.dg/namelist_38.f90 -Os execution test
FAIL: gfortran.dg/namelist_39.f90 -O0 execution test
FAIL: gfortran.dg/namelist_39.f90 -O1 execution test
FAIL: gfortran.dg/namelist_39.f90 -O2 execution test
FAIL: gfortran.dg/namelist_39.f90 -O3 -fomit-frame-pointer execution test
FAIL: gfortran.dg/namelist_39.f90 -O3 -fomit-frame-pointer -funroll-loops execution test
FAIL: gfortran.dg/namelist_39.f90 -O3 -fomit-frame-pointer -funroll-all-loops -finline-functions execution test
FAIL: gfortran.dg/namelist_39.f90 -O3 -g execution test
FAIL: gfortran.dg/namelist_39.f90 -Os execution test
FAIL: gfortran.dg/namelist_40.f90 -O0 execution test
FAIL: gfortran.dg/namelist_40.f90 -O1 execution test
FAIL: gfortran.dg/namelist_40.f90 -O2 execution test
FAIL: gfortran.dg/namelist_40.f90 -O3 -fomit-frame-pointer execution test
FAIL: gfortran.dg/namelist_40.f90 -O3 -fomit-frame-pointer -funroll-loops execution test
FAIL: gfortran.dg/namelist_40.f90 -O3 -fomit-frame-pointer -funroll-all-loops -finline-functions execution test
FAIL: gfortran.dg/namelist_40.f90 -O3 -g execution test
FAIL: gfortran.dg/namelist_40.f90 -Os execution test
FAIL: gfortran.dg/namelist_41.f90 -O0 execution test
FAIL: gfortran.dg/namelist_41.f90 -O1 execution test
FAIL: gfortran.dg/namelist_41.f90 -O2 execution test
FAIL: gfortran.dg/namelist_41.f90 -O3 -fomit-frame-pointer execution test
FAIL: gfortran.dg/namelist_41.f90 -O3 -fomit-frame-pointer -funroll-loops execution test
FAIL: gfortran.dg/namelist_41.f90 -O3 -fomit-frame-pointer -funroll-all-loops -finline-functions execution test
FAIL: gfortran.dg/namelist_41.f90 -O3 -g execution test
FAIL: gfortran.dg/namelist_41.f90 -Os execution test
FAIL: gfortran.dg/namelist_char_only.f90 -O0 execution test
FAIL: gfortran.dg/namelist_char_only.f90 -O1 execution test
FAIL: gfortran.dg/namelist_char_only.f90 -O2 execution test
FAIL: gfortran.dg/namelist_char_only.f90 -O3 -fomit-frame-pointer execution test
FAIL: gfortran.dg/namelist_char_only.f90 -O3 -fomit-frame-pointer -funroll-loops execution test
FAIL: gfortran.dg/namelist_char_only.f90 -O3 -fomit-frame-pointer -funroll-all-loops -finline-functions execution test
FAIL: gfortran.dg/namelist_char_only.f90 -O3 -g execution test
FAIL: gfortran.dg/namelist_char_only.f90 -Os execution test
FAIL: gfortran.dg/namelist_use.f90 -O0 execution test
FAIL: gfortran.dg/namelist_use.f90 -O1 execution test
FAIL: gfortran.dg/namelist_use.f90 -O2 execution test
FAIL: gfortran.dg/namelist_use.f90 -O3 -fomit-frame-pointer execution test
FAIL: gfortran.dg/namelist_use.f90 -O3 -fomit-frame-pointer -funroll-loops execution test
FAIL: gfortran.dg/namelist_use.f90 -O3 -fomit-frame-pointer -funroll-all-loops -finline-functions execution test
FAIL: gfortran.dg/namelist_use.f90 -O3 -g execution test
FAIL: gfortran.dg/namelist_use.f90 -Os execution test
FAIL: gfortran.dg/namelist_use_only.f90 -O0 execution test
FAIL: gfortran.dg/namelist_use_only.f90 -O1 execution test
FAIL: gfortran.dg/namelist_use_only.f90 -O2 execution test
FAIL: gfortran.dg/namelist_use_only.f90 -O3 -fomit-frame-pointer execution test
FAIL: gfortran.dg/namelist_use_only.f90 -O3 -fomit-frame-pointer -funroll-loops execution test
FAIL: gfortran.dg/namelist_use_only.f90 -O3 -fomit-frame-pointer -funroll-all-loops -finline-functions execution test
FAIL: gfortran.dg/namelist_use_only.f90 -O3 -g execution test
FAIL: gfortran.dg/namelist_use_only.f90 -Os execution test
FAIL: gfortran.dg/noadv_size.f90 -O0 execution test
FAIL: gfortran.dg/noadv_size.f90 -O1 execution test
FAIL: gfortran.dg/noadv_size.f90 -O2 execution test
FAIL: gfortran.dg/noadv_size.f90 -O3 -fomit-frame-pointer execution test
FAIL: gfortran.dg/noadv_size.f90 -O3 -fomit-frame-pointer -funroll-loops execution test
FAIL: gfortran.dg/noadv_size.f90 -O3 -fomit-frame-pointer -funroll-all-loops -finline-functions execution test
FAIL: gfortran.dg/noadv_size.f90 -O3 -g execution test
FAIL: gfortran.dg/noadv_size.f90 -Os execution test
FAIL: gfortran.dg/open-options-blanks.f -O0 execution test
FAIL: gfortran.dg/open-options-blanks.f -O1 execution test
FAIL: gfortran.dg/open-options-blanks.f -O2 execution test
FAIL: gfortran.dg/open-options-blanks.f -O3 -fomit-frame-pointer execution test
FAIL: gfortran.dg/open-options-blanks.f -O3 -fomit-frame-pointer -funroll-loops execution test
FAIL: gfortran.dg/open-options-blanks.f -O3 -fomit-frame-pointer -funroll-all-loops -finline-functions execution test
FAIL: gfortran.dg/open-options-blanks.f -O3 -g execution test
FAIL: gfortran.dg/open-options-blanks.f -Os execution test
FAIL: gfortran.dg/open_access_append_1.f90 -O0 execution test
FAIL: gfortran.dg/open_access_append_1.f90 -O1 execution test
FAIL: gfortran.dg/open_access_append_1.f90 -O2 execution test
FAIL: gfortran.dg/open_access_append_1.f90 -O3 -fomit-frame-pointer execution test
FAIL: gfortran.dg/open_access_append_1.f90 -O3 -fomit-frame-pointer -funroll-loops execution test
FAIL: gfortran.dg/open_access_append_1.f90 -O3 -fomit-frame-pointer -funroll-all-loops -finline-functions execution test
FAIL: gfortran.dg/open_access_append_1.f90 -O3 -g execution test
FAIL: gfortran.dg/open_access_append_1.f90 -Os execution test
FAIL: gfortran.dg/open_errors.f90 -O0 (test for excess errors)
UNRESOLVED: gfortran.dg/open_errors.f90 -O0 compilation failed to produce executable
FAIL: gfortran.dg/open_errors.f90 -O1 (test for excess errors)
UNRESOLVED: gfortran.dg/open_errors.f90 -O1 compilation failed to produce executable
FAIL: gfortran.dg/open_errors.f90 -O2 (test for excess errors)
UNRESOLVED: gfortran.dg/open_errors.f90 -O2 compilation failed to produce executable
FAIL: gfortran.dg/open_errors.f90 -O3 -fomit-frame-pointer (test for excess errors)
UNRESOLVED: gfortran.dg/open_errors.f90 -O3 -fomit-frame-pointer compilation failed to produce executable
FAIL: gfortran.dg/open_errors.f90 -O3 -fomit-frame-pointer -funroll-loops (test for excess errors)
UNRESOLVED: gfortran.dg/open_errors.f90 -O3 -fomit-frame-pointer -funroll-loops compilation failed to produce executable
FAIL: gfortran.dg/open_errors.f90 -O3 -fomit-frame-pointer -funroll-all-loops -finline-functions (test for excess errors)
UNRESOLVED: gfortran.dg/open_errors.f90 -O3 -fomit-frame-pointer -funroll-all-loops -finline-functions compilation failed to produce executable
FAIL: gfortran.dg/open_errors.f90 -O3 -g (test for excess errors)
UNRESOLVED: gfortran.dg/open_errors.f90 -O3 -g compilation failed to produce executable
FAIL: gfortran.dg/open_errors.f90 -Os (test for excess errors)
UNRESOLVED: gfortran.dg/open_errors.f90 -Os compilation failed to produce executable
FAIL: gfortran.dg/open_status_3.f90 -O0 execution test
FAIL: gfortran.dg/open_status_3.f90 -O1 execution test
FAIL: gfortran.dg/open_status_3.f90 -O2 execution test
FAIL: gfortran.dg/open_status_3.f90 -O3 -fomit-frame-pointer execution test
FAIL: gfortran.dg/open_status_3.f90 -O3 -fomit-frame-pointer -funroll-loops execution test
FAIL: gfortran.dg/open_status_3.f90 -O3 -fomit-frame-pointer -funroll-all-loops -finline-functions execution test
FAIL: gfortran.dg/open_status_3.f90 -O3 -g execution test
FAIL: gfortran.dg/open_status_3.f90 -Os execution test
FAIL: gfortran.dg/overwrite_1.f -O0 execution test
FAIL: gfortran.dg/overwrite_1.f -O1 execution test
FAIL: gfortran.dg/overwrite_1.f -O2 execution test
FAIL: gfortran.dg/overwrite_1.f -O3 -fomit-frame-pointer execution test
FAIL: gfortran.dg/overwrite_1.f -O3 -fomit-frame-pointer -funroll-loops execution test
FAIL: gfortran.dg/overwrite_1.f -O3 -fomit-frame-pointer -funroll-all-loops -finline-functions execution test
FAIL: gfortran.dg/overwrite_1.f -O3 -g execution test
FAIL: gfortran.dg/overwrite_1.f -Os execution test
FAIL: gfortran.dg/pad_no.f90 -O0 execution test
FAIL: gfortran.dg/pad_no.f90 -O1 execution test
FAIL: gfortran.dg/pad_no.f90 -O2 execution test
FAIL: gfortran.dg/pad_no.f90 -O3 -fomit-frame-pointer execution test
FAIL: gfortran.dg/pad_no.f90 -O3 -fomit-frame-pointer -funroll-loops execution test
FAIL: gfortran.dg/pad_no.f90 -O3 -fomit-frame-pointer -funroll-all-loops -finline-functions execution test
FAIL: gfortran.dg/pad_no.f90 -O3 -g execution test
FAIL: gfortran.dg/pad_no.f90 -Os execution test
FAIL: gfortran.dg/pr12884.f -O0 execution test
FAIL: gfortran.dg/pr12884.f -O1 execution test
FAIL: gfortran.dg/pr12884.f -O2 execution test
FAIL: gfortran.dg/pr12884.f -O3 -fomit-frame-pointer execution test
FAIL: gfortran.dg/pr12884.f -O3 -fomit-frame-pointer -funroll-loops execution test
FAIL: gfortran.dg/pr12884.f -O3 -fomit-frame-pointer -funroll-all-loops -finline-functions execution test
FAIL: gfortran.dg/pr12884.f -O3 -g execution test
FAIL: gfortran.dg/pr12884.f -Os execution test
FAIL: gfortran.dg/pr16597.f90 -O0 execution test
FAIL: gfortran.dg/pr16597.f90 -O1 execution test
FAIL: gfortran.dg/pr16597.f90 -O2 execution test
FAIL: gfortran.dg/pr16597.f90 -O3 -fomit-frame-pointer execution test
FAIL: gfortran.dg/pr16597.f90 -O3 -fomit-frame-pointer -funroll-loops execution test
FAIL: gfortran.dg/pr16597.f90 -O3 -fomit-frame-pointer -funroll-all-loops -finline-functions execution test
FAIL: gfortran.dg/pr16597.f90 -O3 -g execution test
FAIL: gfortran.dg/pr16597.f90 -Os execution test
FAIL: gfortran.dg/pr17090.f90 -O0 execution test
FAIL: gfortran.dg/pr17090.f90 -O1 execution test
FAIL: gfortran.dg/pr17090.f90 -O2 execution test
FAIL: gfortran.dg/pr17090.f90 -O3 -fomit-frame-pointer execution test
FAIL: gfortran.dg/pr17090.f90 -O3 -fomit-frame-pointer -funroll-loops execution test
FAIL: gfortran.dg/pr17090.f90 -O3 -fomit-frame-pointer -funroll-all-loops -finline-functions execution test
FAIL: gfortran.dg/pr17090.f90 -O3 -g execution test
FAIL: gfortran.dg/pr17090.f90 -Os execution test
FAIL: gfortran.dg/pr17285.f90 -O0 execution test
FAIL: gfortran.dg/pr17285.f90 -O1 execution test
FAIL: gfortran.dg/pr17285.f90 -O2 execution test
FAIL: gfortran.dg/pr17285.f90 -O3 -fomit-frame-pointer execution test
FAIL: gfortran.dg/pr17285.f90 -O3 -fomit-frame-pointer -funroll-loops execution test
FAIL: gfortran.dg/pr17285.f90 -O3 -fomit-frame-pointer -funroll-all-loops -finline-functions execution test
FAIL: gfortran.dg/pr17285.f90 -O3 -g execution test
FAIL: gfortran.dg/pr17285.f90 -Os execution test
FAIL: gfortran.dg/pr17286.f90 -O0 execution test
FAIL: gfortran.dg/pr17286.f90 -O1 execution test
FAIL: gfortran.dg/pr17286.f90 -O2 execution test
FAIL: gfortran.dg/pr17286.f90 -O3 -fomit-frame-pointer execution test
FAIL: gfortran.dg/pr17286.f90 -O3 -fomit-frame-pointer -funroll-loops execution test
FAIL: gfortran.dg/pr17286.f90 -O3 -fomit-frame-pointer -funroll-all-loops -finline-functions execution test
FAIL: gfortran.dg/pr17286.f90 -O3 -g execution test
FAIL: gfortran.dg/pr17286.f90 -Os execution test
FAIL: gfortran.dg/pr18122.f90 -O0 execution test
FAIL: gfortran.dg/pr18122.f90 -O1 execution test
FAIL: gfortran.dg/pr18122.f90 -O2 execution test
FAIL: gfortran.dg/pr18122.f90 -O3 -fomit-frame-pointer execution test
FAIL: gfortran.dg/pr18122.f90 -O3 -fomit-frame-pointer -funroll-loops execution test
FAIL: gfortran.dg/pr18122.f90 -O3 -fomit-frame-pointer -funroll-all-loops -finline-functions execution test
FAIL: gfortran.dg/pr18122.f90 -O3 -g execution test
FAIL: gfortran.dg/pr18122.f90 -Os execution test
FAIL: gfortran.dg/pr18210.f90 -O0 execution test
FAIL: gfortran.dg/pr18210.f90 -O1 execution test
FAIL: gfortran.dg/pr18210.f90 -O2 execution test
FAIL: gfortran.dg/pr18210.f90 -O3 -fomit-frame-pointer execution test
FAIL: gfortran.dg/pr18210.f90 -O3 -fomit-frame-pointer -funroll-loops execution test
FAIL: gfortran.dg/pr18210.f90 -O3 -fomit-frame-pointer -funroll-all-loops -finline-functions execution test
FAIL: gfortran.dg/pr18210.f90 -O3 -g execution test
FAIL: gfortran.dg/pr18210.f90 -Os execution test
FAIL: gfortran.dg/pr18392.f90 -O0 execution test
FAIL: gfortran.dg/pr18392.f90 -O1 execution test
FAIL: gfortran.dg/pr18392.f90 -O2 execution test
FAIL: gfortran.dg/pr18392.f90 -O3 -fomit-frame-pointer execution test
FAIL: gfortran.dg/pr18392.f90 -O3 -fomit-frame-pointer -funroll-loops execution test
FAIL: gfortran.dg/pr18392.f90 -O3 -fomit-frame-pointer -funroll-all-loops -finline-functions execution test
FAIL: gfortran.dg/pr18392.f90 -O3 -g execution test
FAIL: gfortran.dg/pr18392.f90 -Os execution test
FAIL: gfortran.dg/pr19155.f -O0 execution test
FAIL: gfortran.dg/pr19155.f -O1 execution test
FAIL: gfortran.dg/pr19155.f -O2 execution test
FAIL: gfortran.dg/pr19155.f -O3 -fomit-frame-pointer execution test
FAIL: gfortran.dg/pr19155.f -O3 -fomit-frame-pointer -funroll-loops execution test
FAIL: gfortran.dg/pr19155.f -O3 -fomit-frame-pointer -funroll-all-loops -finline-functions execution test
FAIL: gfortran.dg/pr19155.f -O3 -g execution test
FAIL: gfortran.dg/pr19155.f -Os execution test
FAIL: gfortran.dg/pr19216.f -O0 execution test
FAIL: gfortran.dg/pr19216.f -O1 execution test
FAIL: gfortran.dg/pr19216.f -O2 execution test
FAIL: gfortran.dg/pr19216.f -O3 -fomit-frame-pointer execution test
FAIL: gfortran.dg/pr19216.f -O3 -fomit-frame-pointer -funroll-loops execution test
FAIL: gfortran.dg/pr19216.f -O3 -fomit-frame-pointer -funroll-all-loops -finline-functions execution test
FAIL: gfortran.dg/pr19216.f -O3 -g execution test
FAIL: gfortran.dg/pr19216.f -Os execution test
FAIL: gfortran.dg/pr19467.f90 -O0 execution test
FAIL: gfortran.dg/pr19467.f90 -O1 execution test
FAIL: gfortran.dg/pr19467.f90 -O2 execution test
FAIL: gfortran.dg/pr19467.f90 -O3 -fomit-frame-pointer execution test
FAIL: gfortran.dg/pr19467.f90 -O3 -fomit-frame-pointer -funroll-loops execution test
FAIL: gfortran.dg/pr19467.f90 -O3 -fomit-frame-pointer -funroll-all-loops -finline-functions execution test
FAIL: gfortran.dg/pr19467.f90 -O3 -g execution test
FAIL: gfortran.dg/pr19467.f90 -Os execution test
FAIL: gfortran.dg/pr19657.f -O0 execution test
FAIL: gfortran.dg/pr19657.f -O1 execution test
FAIL: gfortran.dg/pr19657.f -O2 execution test
FAIL: gfortran.dg/pr19657.f -O3 -fomit-frame-pointer execution test
FAIL: gfortran.dg/pr19657.f -O3 -fomit-frame-pointer -funroll-loops execution test
FAIL: gfortran.dg/pr19657.f -O3 -fomit-frame-pointer -funroll-all-loops -finline-functions execution test
FAIL: gfortran.dg/pr19657.f -O3 -g execution test
FAIL: gfortran.dg/pr19657.f -Os execution test
FAIL: gfortran.dg/pr20257.f90 -O0 execution test
FAIL: gfortran.dg/pr20257.f90 -O1 execution test
FAIL: gfortran.dg/pr20257.f90 -O2 execution test
FAIL: gfortran.dg/pr20257.f90 -O3 -fomit-frame-pointer execution test
FAIL: gfortran.dg/pr20257.f90 -O3 -fomit-frame-pointer -funroll-loops execution test
FAIL: gfortran.dg/pr20257.f90 -O3 -fomit-frame-pointer -funroll-all-loops -finline-functions execution test
FAIL: gfortran.dg/pr20257.f90 -O3 -g execution test
FAIL: gfortran.dg/pr20257.f90 -Os execution test
FAIL: gfortran.dg/pr29581.f90 -O3 -fomit-frame-pointer -funroll-loops (internal compiler error)
FAIL: gfortran.dg/pr29581.f90 -O3 -fomit-frame-pointer -funroll-loops (test for excess errors)
UNRESOLVED: gfortran.dg/pr29581.f90 -O3 -fomit-frame-pointer -funroll-loops compilation failed to produce executable
FAIL: gfortran.dg/pr29581.f90 -O3 -fomit-frame-pointer -funroll-all-loops -finline-functions (internal compiler error)
FAIL: gfortran.dg/pr29581.f90 -O3 -fomit-frame-pointer -funroll-all-loops -finline-functions (test for excess errors)
UNRESOLVED: gfortran.dg/pr29581.f90 -O3 -fomit-frame-pointer -funroll-all-loops -finline-functions compilation failed to produce executable
FAIL: gfortran.dg/read_bad_advance.f90 -O0 execution test
FAIL: gfortran.dg/read_bad_advance.f90 -O1 execution test
FAIL: gfortran.dg/read_bad_advance.f90 -O2 execution test
FAIL: gfortran.dg/read_bad_advance.f90 -O3 -fomit-frame-pointer execution test
FAIL: gfortran.dg/read_bad_advance.f90 -O3 -fomit-frame-pointer -funroll-loops execution test
FAIL: gfortran.dg/read_bad_advance.f90 -O3 -fomit-frame-pointer -funroll-all-loops -finline-functions execution test
FAIL: gfortran.dg/read_bad_advance.f90 -O3 -g execution test
FAIL: gfortran.dg/read_bad_advance.f90 -Os execution test
FAIL: gfortran.dg/read_comma.f -O0 execution test
FAIL: gfortran.dg/read_comma.f -O1 execution test
FAIL: gfortran.dg/read_comma.f -O2 execution test
FAIL: gfortran.dg/read_comma.f -O3 -fomit-frame-pointer execution test
FAIL: gfortran.dg/read_comma.f -O3 -fomit-frame-pointer -funroll-loops execution test
FAIL: gfortran.dg/read_comma.f -O3 -fomit-frame-pointer -funroll-all-loops -finline-functions execution test
FAIL: gfortran.dg/read_comma.f -O3 -g execution test
FAIL: gfortran.dg/read_comma.f -Os execution test
FAIL: gfortran.dg/read_eof_1.f90 -O0 execution test
FAIL: gfortran.dg/read_eof_1.f90 -O1 execution test
FAIL: gfortran.dg/read_eof_1.f90 -O2 execution test
FAIL: gfortran.dg/read_eof_1.f90 -O3 -fomit-frame-pointer execution test
FAIL: gfortran.dg/read_eof_1.f90 -O3 -fomit-frame-pointer -funroll-loops execution test
FAIL: gfortran.dg/read_eof_1.f90 -O3 -fomit-frame-pointer -funroll-all-loops -finline-functions execution test
FAIL: gfortran.dg/read_eof_1.f90 -O3 -g execution test
FAIL: gfortran.dg/read_eof_1.f90 -Os execution test
FAIL: gfortran.dg/read_eof_2.f90 -O0 execution test
FAIL: gfortran.dg/read_eof_2.f90 -O1 execution test
FAIL: gfortran.dg/read_eof_2.f90 -O2 execution test
FAIL: gfortran.dg/read_eof_2.f90 -O3 -fomit-frame-pointer execution test
FAIL: gfortran.dg/read_eof_2.f90 -O3 -fomit-frame-pointer -funroll-loops execution test
FAIL: gfortran.dg/read_eof_2.f90 -O3 -fomit-frame-pointer -funroll-all-loops -finline-functions execution test
FAIL: gfortran.dg/read_eof_2.f90 -O3 -g execution test
FAIL: gfortran.dg/read_eof_2.f90 -Os execution test
FAIL: gfortran.dg/read_eof_3.f90 -O0 execution test
FAIL: gfortran.dg/read_eof_3.f90 -O1 execution test
FAIL: gfortran.dg/read_eof_3.f90 -O2 execution test
FAIL: gfortran.dg/read_eof_3.f90 -O3 -fomit-frame-pointer execution test
FAIL: gfortran.dg/read_eof_3.f90 -O3 -fomit-frame-pointer -funroll-loops execution test
FAIL: gfortran.dg/read_eof_3.f90 -O3 -fomit-frame-pointer -funroll-all-loops -finline-functions execution test
FAIL: gfortran.dg/read_eof_3.f90 -O3 -g execution test
FAIL: gfortran.dg/read_eof_3.f90 -Os execution test
FAIL: gfortran.dg/read_eof_4.f90 -O0 execution test
FAIL: gfortran.dg/read_eof_4.f90 -O1 execution test
FAIL: gfortran.dg/read_eof_4.f90 -O2 execution test
FAIL: gfortran.dg/read_eof_4.f90 -O3 -fomit-frame-pointer execution test
FAIL: gfortran.dg/read_eof_4.f90 -O3 -fomit-frame-pointer -funroll-loops execution test
FAIL: gfortran.dg/read_eof_4.f90 -O3 -fomit-frame-pointer -funroll-all-loops -finline-functions execution test
FAIL: gfortran.dg/read_eof_4.f90 -O3 -g execution test
FAIL: gfortran.dg/read_eof_4.f90 -Os execution test
FAIL: gfortran.dg/read_many_1.f -O0 execution test
FAIL: gfortran.dg/read_many_1.f -O1 execution test
FAIL: gfortran.dg/read_many_1.f -O2 execution test
FAIL: gfortran.dg/read_many_1.f -O3 -fomit-frame-pointer execution test
FAIL: gfortran.dg/read_many_1.f -O3 -fomit-frame-pointer -funroll-loops execution test
FAIL: gfortran.dg/read_many_1.f -O3 -fomit-frame-pointer -funroll-all-loops -finline-functions execution test
FAIL: gfortran.dg/read_many_1.f -O3 -g execution test
FAIL: gfortran.dg/read_many_1.f -Os execution test
FAIL: gfortran.dg/read_noadvance.f90 -O0 execution test
FAIL: gfortran.dg/read_noadvance.f90 -O1 execution test
FAIL: gfortran.dg/read_noadvance.f90 -O2 execution test
FAIL: gfortran.dg/read_noadvance.f90 -O3 -fomit-frame-pointer execution test
FAIL: gfortran.dg/read_noadvance.f90 -O3 -fomit-frame-pointer -funroll-loops execution test
FAIL: gfortran.dg/read_noadvance.f90 -O3 -fomit-frame-pointer -funroll-all-loops -finline-functions execution test
FAIL: gfortran.dg/read_noadvance.f90 -O3 -g execution test
FAIL: gfortran.dg/read_noadvance.f90 -Os execution test
FAIL: gfortran.dg/read_size_noadvance.f90 -O0 execution test
FAIL: gfortran.dg/read_size_noadvance.f90 -O1 execution test
FAIL: gfortran.dg/read_size_noadvance.f90 -O2 execution test
FAIL: gfortran.dg/read_size_noadvance.f90 -O3 -fomit-frame-pointer execution test
FAIL: gfortran.dg/read_size_noadvance.f90 -O3 -fomit-frame-pointer -funroll-loops execution test
FAIL: gfortran.dg/read_size_noadvance.f90 -O3 -fomit-frame-pointer -funroll-all-loops -finline-functions execution test
FAIL: gfortran.dg/read_size_noadvance.f90 -O3 -g execution test
FAIL: gfortran.dg/read_size_noadvance.f90 -Os execution test
FAIL: gfortran.dg/read_x_past.f -O0 execution test
FAIL: gfortran.dg/read_x_past.f -O1 execution test
FAIL: gfortran.dg/read_x_past.f -O2 execution test
FAIL: gfortran.dg/read_x_past.f -O3 -fomit-frame-pointer execution test
FAIL: gfortran.dg/read_x_past.f -O3 -fomit-frame-pointer -funroll-loops execution test
FAIL: gfortran.dg/read_x_past.f -O3 -fomit-frame-pointer -funroll-all-loops -finline-functions execution test
FAIL: gfortran.dg/read_x_past.f -O3 -g execution test
FAIL: gfortran.dg/read_x_past.f -Os execution test
FAIL: gfortran.dg/record_marker_1.f90 -O0 execution test
FAIL: gfortran.dg/record_marker_1.f90 -O1 execution test
FAIL: gfortran.dg/record_marker_1.f90 -O2 execution test
FAIL: gfortran.dg/record_marker_1.f90 -O3 -fomit-frame-pointer execution test
FAIL: gfortran.dg/record_marker_1.f90 -O3 -fomit-frame-pointer -funroll-loops execution test
FAIL: gfortran.dg/record_marker_1.f90 -O3 -fomit-frame-pointer -funroll-all-loops -finline-functions execution test
FAIL: gfortran.dg/record_marker_1.f90 -O3 -g execution test
FAIL: gfortran.dg/record_marker_1.f90 -Os execution test
FAIL: gfortran.dg/record_marker_2.f -O0 execution test
FAIL: gfortran.dg/record_marker_2.f -O1 execution test
FAIL: gfortran.dg/record_marker_2.f -O2 execution test
FAIL: gfortran.dg/record_marker_2.f -O3 -fomit-frame-pointer execution test
FAIL: gfortran.dg/record_marker_2.f -O3 -fomit-frame-pointer -funroll-loops execution test
FAIL: gfortran.dg/record_marker_2.f -O3 -fomit-frame-pointer -funroll-all-loops -finline-functions execution test
FAIL: gfortran.dg/record_marker_2.f -O3 -g execution test
FAIL: gfortran.dg/record_marker_2.f -Os execution test
FAIL: gfortran.dg/record_marker_3.f90 -O0 execution test
FAIL: gfortran.dg/record_marker_3.f90 -O1 execution test
FAIL: gfortran.dg/record_marker_3.f90 -O2 execution test
FAIL: gfortran.dg/record_marker_3.f90 -O3 -fomit-frame-pointer execution test
FAIL: gfortran.dg/record_marker_3.f90 -O3 -fomit-frame-pointer -funroll-loops execution test
FAIL: gfortran.dg/record_marker_3.f90 -O3 -fomit-frame-pointer -funroll-all-loops -finline-functions execution test
FAIL: gfortran.dg/record_marker_3.f90 -O3 -g execution test
FAIL: gfortran.dg/record_marker_3.f90 -Os execution test
FAIL: gfortran.dg/rewind_1.f90 -O0 execution test
FAIL: gfortran.dg/rewind_1.f90 -O1 execution test
FAIL: gfortran.dg/rewind_1.f90 -O2 execution test
FAIL: gfortran.dg/rewind_1.f90 -O3 -fomit-frame-pointer execution test
FAIL: gfortran.dg/rewind_1.f90 -O3 -fomit-frame-pointer -funroll-loops execution test
FAIL: gfortran.dg/rewind_1.f90 -O3 -fomit-frame-pointer -funroll-all-loops -finline-functions execution test
FAIL: gfortran.dg/rewind_1.f90 -O3 -g execution test
FAIL: gfortran.dg/rewind_1.f90 -Os execution test
FAIL: gfortran.dg/runtime_warning_1.f90 -O0 execution test
FAIL: gfortran.dg/runtime_warning_1.f90 -O1 execution test
FAIL: gfortran.dg/runtime_warning_1.f90 -O2 execution test
FAIL: gfortran.dg/runtime_warning_1.f90 -O3 -fomit-frame-pointer execution test
FAIL: gfortran.dg/runtime_warning_1.f90 -O3 -fomit-frame-pointer -funroll-loops execution test
FAIL: gfortran.dg/runtime_warning_1.f90 -O3 -fomit-frame-pointer -funroll-all-loops -finline-functions execution test
FAIL: gfortran.dg/runtime_warning_1.f90 -O3 -g execution test
FAIL: gfortran.dg/runtime_warning_1.f90 -Os execution test
FAIL: gfortran.dg/slash_1.f90 -O0 execution test
FAIL: gfortran.dg/slash_1.f90 -O1 execution test
FAIL: gfortran.dg/slash_1.f90 -O2 execution test
FAIL: gfortran.dg/slash_1.f90 -O3 -fomit-frame-pointer execution test
FAIL: gfortran.dg/slash_1.f90 -O3 -fomit-frame-pointer -funroll-loops execution test
FAIL: gfortran.dg/slash_1.f90 -O3 -fomit-frame-pointer -funroll-all-loops -finline-functions execution test
FAIL: gfortran.dg/slash_1.f90 -O3 -g execution test
FAIL: gfortran.dg/slash_1.f90 -Os execution test
FAIL: gfortran.dg/stat_1.f90 -O0 (test for excess errors)
UNRESOLVED: gfortran.dg/stat_1.f90 -O0 compilation failed to produce executable
FAIL: gfortran.dg/stat_1.f90 -O1 (test for excess errors)
UNRESOLVED: gfortran.dg/stat_1.f90 -O1 compilation failed to produce executable
FAIL: gfortran.dg/stat_1.f90 -O2 (test for excess errors)
UNRESOLVED: gfortran.dg/stat_1.f90 -O2 compilation failed to produce executable
FAIL: gfortran.dg/stat_1.f90 -O3 -fomit-frame-pointer (test for excess errors)
UNRESOLVED: gfortran.dg/stat_1.f90 -O3 -fomit-frame-pointer compilation failed to produce executable
FAIL: gfortran.dg/stat_1.f90 -O3 -fomit-frame-pointer -funroll-loops (test for excess errors)
UNRESOLVED: gfortran.dg/stat_1.f90 -O3 -fomit-frame-pointer -funroll-loops compilation failed to produce executable
FAIL: gfortran.dg/stat_1.f90 -O3 -fomit-frame-pointer -funroll-all-loops -finline-functions (test for excess errors)
UNRESOLVED: gfortran.dg/stat_1.f90 -O3 -fomit-frame-pointer -funroll-all-loops -finline-functions compilation failed to produce executable
FAIL: gfortran.dg/stat_1.f90 -O3 -g (test for excess errors)
UNRESOLVED: gfortran.dg/stat_1.f90 -O3 -g compilation failed to produce executable
FAIL: gfortran.dg/stat_1.f90 -Os (test for excess errors)
UNRESOLVED: gfortran.dg/stat_1.f90 -Os compilation failed to produce executable
FAIL: gfortran.dg/stat_2.f90 -O0 (test for excess errors)
UNRESOLVED: gfortran.dg/stat_2.f90 -O0 compilation failed to produce executable
FAIL: gfortran.dg/stat_2.f90 -O1 (test for excess errors)
UNRESOLVED: gfortran.dg/stat_2.f90 -O1 compilation failed to produce executable
FAIL: gfortran.dg/stat_2.f90 -O2 (test for excess errors)
UNRESOLVED: gfortran.dg/stat_2.f90 -O2 compilation failed to produce executable
FAIL: gfortran.dg/stat_2.f90 -O3 -fomit-frame-pointer (test for excess errors)
UNRESOLVED: gfortran.dg/stat_2.f90 -O3 -fomit-frame-pointer compilation failed to produce executable
FAIL: gfortran.dg/stat_2.f90 -O3 -fomit-frame-pointer -funroll-loops (test for excess errors)
UNRESOLVED: gfortran.dg/stat_2.f90 -O3 -fomit-frame-pointer -funroll-loops compilation failed to produce executable
FAIL: gfortran.dg/stat_2.f90 -O3 -fomit-frame-pointer -funroll-all-loops -finline-functions (test for excess errors)
UNRESOLVED: gfortran.dg/stat_2.f90 -O3 -fomit-frame-pointer -funroll-all-loops -finline-functions compilation failed to produce executable
FAIL: gfortran.dg/stat_2.f90 -O3 -g (test for excess errors)
UNRESOLVED: gfortran.dg/stat_2.f90 -O3 -g compilation failed to produce executable
FAIL: gfortran.dg/stat_2.f90 -Os (test for excess errors)
UNRESOLVED: gfortran.dg/stat_2.f90 -Os compilation failed to produce executable
FAIL: gfortran.dg/streamio_1.f90 -O0 execution test
FAIL: gfortran.dg/streamio_1.f90 -O1 execution test
FAIL: gfortran.dg/streamio_1.f90 -O2 execution test
FAIL: gfortran.dg/streamio_1.f90 -O3 -fomit-frame-pointer execution test
FAIL: gfortran.dg/streamio_1.f90 -O3 -fomit-frame-pointer -funroll-loops execution test
FAIL: gfortran.dg/streamio_1.f90 -O3 -fomit-frame-pointer -funroll-all-loops -finline-functions execution test
FAIL: gfortran.dg/streamio_1.f90 -O3 -g execution test
FAIL: gfortran.dg/streamio_1.f90 -Os execution test
FAIL: gfortran.dg/streamio_10.f90 -O0 execution test
FAIL: gfortran.dg/streamio_10.f90 -O1 execution test
FAIL: gfortran.dg/streamio_10.f90 -O2 execution test
FAIL: gfortran.dg/streamio_10.f90 -O3 -fomit-frame-pointer execution test
FAIL: gfortran.dg/streamio_10.f90 -O3 -fomit-frame-pointer -funroll-loops execution test
FAIL: gfortran.dg/streamio_10.f90 -O3 -fomit-frame-pointer -funroll-all-loops -finline-functions execution test
FAIL: gfortran.dg/streamio_10.f90 -O3 -g execution test
FAIL: gfortran.dg/streamio_10.f90 -Os execution test
FAIL: gfortran.dg/streamio_11.f90 -O0 execution test
FAIL: gfortran.dg/streamio_11.f90 -O1 execution test
FAIL: gfortran.dg/streamio_11.f90 -O2 execution test
FAIL: gfortran.dg/streamio_11.f90 -O3 -fomit-frame-pointer execution test
FAIL: gfortran.dg/streamio_11.f90 -O3 -fomit-frame-pointer -funroll-loops execution test
FAIL: gfortran.dg/streamio_11.f90 -O3 -fomit-frame-pointer -funroll-all-loops -finline-functions execution test
FAIL: gfortran.dg/streamio_11.f90 -O3 -g execution test
FAIL: gfortran.dg/streamio_11.f90 -Os execution test
FAIL: gfortran.dg/streamio_12.f90 -O0 execution test
FAIL: gfortran.dg/streamio_12.f90 -O1 execution test
FAIL: gfortran.dg/streamio_12.f90 -O2 execution test
FAIL: gfortran.dg/streamio_12.f90 -O3 -fomit-frame-pointer execution test
FAIL: gfortran.dg/streamio_12.f90 -O3 -fomit-frame-pointer -funroll-loops execution test
FAIL: gfortran.dg/streamio_12.f90 -O3 -fomit-frame-pointer -funroll-all-loops -finline-functions execution test
FAIL: gfortran.dg/streamio_12.f90 -O3 -g execution test
FAIL: gfortran.dg/streamio_12.f90 -Os execution test
FAIL: gfortran.dg/streamio_2.f90 -O0 execution test
FAIL: gfortran.dg/streamio_2.f90 -O1 execution test
FAIL: gfortran.dg/streamio_2.f90 -O2 execution test
FAIL: gfortran.dg/streamio_2.f90 -O3 -fomit-frame-pointer execution test
FAIL: gfortran.dg/streamio_2.f90 -O3 -fomit-frame-pointer -funroll-loops execution test
FAIL: gfortran.dg/streamio_2.f90 -O3 -fomit-frame-pointer -funroll-all-loops -finline-functions execution test
FAIL: gfortran.dg/streamio_2.f90 -O3 -g execution test
FAIL: gfortran.dg/streamio_2.f90 -Os execution test
FAIL: gfortran.dg/streamio_3.f90 -O0 execution test
FAIL: gfortran.dg/streamio_3.f90 -O1 execution test
FAIL: gfortran.dg/streamio_3.f90 -O2 execution test
FAIL: gfortran.dg/streamio_3.f90 -O3 -fomit-frame-pointer execution test
FAIL: gfortran.dg/streamio_3.f90 -O3 -fomit-frame-pointer -funroll-loops execution test
FAIL: gfortran.dg/streamio_3.f90 -O3 -fomit-frame-pointer -funroll-all-loops -finline-functions execution test
FAIL: gfortran.dg/streamio_3.f90 -O3 -g execution test
FAIL: gfortran.dg/streamio_3.f90 -Os execution test
FAIL: gfortran.dg/streamio_4.f90 -O0 execution test
FAIL: gfortran.dg/streamio_4.f90 -O1 execution test
FAIL: gfortran.dg/streamio_4.f90 -O2 execution test
FAIL: gfortran.dg/streamio_4.f90 -O3 -fomit-frame-pointer execution test
FAIL: gfortran.dg/streamio_4.f90 -O3 -fomit-frame-pointer -funroll-loops execution test
FAIL: gfortran.dg/streamio_4.f90 -O3 -fomit-frame-pointer -funroll-all-loops -finline-functions execution test
FAIL: gfortran.dg/streamio_4.f90 -O3 -g execution test
FAIL: gfortran.dg/streamio_4.f90 -Os execution test
FAIL: gfortran.dg/streamio_6.f90 -O0 execution test
FAIL: gfortran.dg/streamio_6.f90 -O1 execution test
FAIL: gfortran.dg/streamio_6.f90 -O2 execution test
FAIL: gfortran.dg/streamio_6.f90 -O3 -fomit-frame-pointer execution test
FAIL: gfortran.dg/streamio_6.f90 -O3 -fomit-frame-pointer -funroll-loops execution test
FAIL: gfortran.dg/streamio_6.f90 -O3 -fomit-frame-pointer -funroll-all-loops -finline-functions execution test
FAIL: gfortran.dg/streamio_6.f90 -O3 -g execution test
FAIL: gfortran.dg/streamio_6.f90 -Os execution test
FAIL: gfortran.dg/streamio_7.f90 -O0 execution test
FAIL: gfortran.dg/streamio_7.f90 -O1 execution test
FAIL: gfortran.dg/streamio_7.f90 -O2 execution test
FAIL: gfortran.dg/streamio_7.f90 -O3 -fomit-frame-pointer execution test
FAIL: gfortran.dg/streamio_7.f90 -O3 -fomit-frame-pointer -funroll-loops execution test
FAIL: gfortran.dg/streamio_7.f90 -O3 -fomit-frame-pointer -funroll-all-loops -finline-functions execution test
FAIL: gfortran.dg/streamio_7.f90 -O3 -g execution test
FAIL: gfortran.dg/streamio_7.f90 -Os execution test
FAIL: gfortran.dg/streamio_8.f90 -O0 execution test
FAIL: gfortran.dg/streamio_8.f90 -O1 execution test
FAIL: gfortran.dg/streamio_8.f90 -O2 execution test
FAIL: gfortran.dg/streamio_8.f90 -O3 -fomit-frame-pointer execution test
FAIL: gfortran.dg/streamio_8.f90 -O3 -fomit-frame-pointer -funroll-loops execution test
FAIL: gfortran.dg/streamio_8.f90 -O3 -fomit-frame-pointer -funroll-all-loops -finline-functions execution test
FAIL: gfortran.dg/streamio_8.f90 -O3 -g execution test
FAIL: gfortran.dg/streamio_8.f90 -Os execution test
FAIL: gfortran.dg/streamio_9.f90 -O0 execution test
FAIL: gfortran.dg/streamio_9.f90 -O1 execution test
FAIL: gfortran.dg/streamio_9.f90 -O2 execution test
FAIL: gfortran.dg/streamio_9.f90 -O3 -fomit-frame-pointer execution test
FAIL: gfortran.dg/streamio_9.f90 -O3 -fomit-frame-pointer -funroll-loops execution test
FAIL: gfortran.dg/streamio_9.f90 -O3 -fomit-frame-pointer -funroll-all-loops -finline-functions execution test
FAIL: gfortran.dg/streamio_9.f90 -O3 -g execution test
FAIL: gfortran.dg/streamio_9.f90 -Os execution test
FAIL: gfortran.dg/tl_editing.f90 -O0 execution test
FAIL: gfortran.dg/tl_editing.f90 -O1 execution test
FAIL: gfortran.dg/tl_editing.f90 -O2 execution test
FAIL: gfortran.dg/tl_editing.f90 -O3 -fomit-frame-pointer execution test
FAIL: gfortran.dg/tl_editing.f90 -O3 -fomit-frame-pointer -funroll-loops execution test
FAIL: gfortran.dg/tl_editing.f90 -O3 -fomit-frame-pointer -funroll-all-loops -finline-functions execution test
FAIL: gfortran.dg/tl_editing.f90 -O3 -g execution test
FAIL: gfortran.dg/tl_editing.f90 -Os execution test
FAIL: gfortran.dg/unf_io_convert_1.f90 -O0 execution test
FAIL: gfortran.dg/unf_io_convert_1.f90 -O1 execution test
FAIL: gfortran.dg/unf_io_convert_1.f90 -O2 execution test
FAIL: gfortran.dg/unf_io_convert_1.f90 -O3 -fomit-frame-pointer execution test
FAIL: gfortran.dg/unf_io_convert_1.f90 -O3 -fomit-frame-pointer -funroll-loops execution test
FAIL: gfortran.dg/unf_io_convert_1.f90 -O3 -fomit-frame-pointer -funroll-all-loops -finline-functions execution test
FAIL: gfortran.dg/unf_io_convert_1.f90 -O3 -g execution test
FAIL: gfortran.dg/unf_io_convert_1.f90 -Os execution test
FAIL: gfortran.dg/unf_io_convert_2.f90 -O0 execution test
FAIL: gfortran.dg/unf_io_convert_2.f90 -O1 execution test
FAIL: gfortran.dg/unf_io_convert_2.f90 -O2 execution test
FAIL: gfortran.dg/unf_io_convert_2.f90 -O3 -fomit-frame-pointer execution test
FAIL: gfortran.dg/unf_io_convert_2.f90 -O3 -fomit-frame-pointer -funroll-loops execution test
FAIL: gfortran.dg/unf_io_convert_2.f90 -O3 -fomit-frame-pointer -funroll-all-loops -finline-functions execution test
FAIL: gfortran.dg/unf_io_convert_2.f90 -O3 -g execution test
FAIL: gfortran.dg/unf_io_convert_2.f90 -Os execution test
FAIL: gfortran.dg/unf_read_corrupted_1.f90 -O0 execution test
FAIL: gfortran.dg/unf_read_corrupted_1.f90 -O1 execution test
FAIL: gfortran.dg/unf_read_corrupted_1.f90 -O2 execution test
FAIL: gfortran.dg/unf_read_corrupted_1.f90 -O3 -fomit-frame-pointer execution test
FAIL: gfortran.dg/unf_read_corrupted_1.f90 -O3 -fomit-frame-pointer -funroll-loops execution test
FAIL: gfortran.dg/unf_read_corrupted_1.f90 -O3 -fomit-frame-pointer -funroll-all-loops -finline-functions execution test
FAIL: gfortran.dg/unf_read_corrupted_1.f90 -O3 -g execution test
FAIL: gfortran.dg/unf_read_corrupted_1.f90 -Os execution test
FAIL: gfortran.dg/unf_read_corrupted_2.f90 -O0 execution test
FAIL: gfortran.dg/unf_read_corrupted_2.f90 -O1 execution test
FAIL: gfortran.dg/unf_read_corrupted_2.f90 -O2 execution test
FAIL: gfortran.dg/unf_read_corrupted_2.f90 -O3 -fomit-frame-pointer execution test
FAIL: gfortran.dg/unf_read_corrupted_2.f90 -O3 -fomit-frame-pointer -funroll-loops execution test
FAIL: gfortran.dg/unf_read_corrupted_2.f90 -O3 -fomit-frame-pointer -funroll-all-loops -finline-functions execution test
FAIL: gfortran.dg/unf_read_corrupted_2.f90 -O3 -g execution test
FAIL: gfortran.dg/unf_read_corrupted_2.f90 -Os execution test
FAIL: gfortran.dg/unf_short_record_1.f90 -O0 execution test
FAIL: gfortran.dg/unf_short_record_1.f90 -O1 execution test
FAIL: gfortran.dg/unf_short_record_1.f90 -O2 execution test
FAIL: gfortran.dg/unf_short_record_1.f90 -O3 -fomit-frame-pointer execution test
FAIL: gfortran.dg/unf_short_record_1.f90 -O3 -fomit-frame-pointer -funroll-loops execution test
FAIL: gfortran.dg/unf_short_record_1.f90 -O3 -fomit-frame-pointer -funroll-all-loops -finline-functions execution test
FAIL: gfortran.dg/unf_short_record_1.f90 -O3 -g execution test
FAIL: gfortran.dg/unf_short_record_1.f90 -Os execution test
FAIL: gfortran.dg/unformatted_recl_1.f90 -O0 execution test
FAIL: gfortran.dg/unformatted_recl_1.f90 -O1 execution test
FAIL: gfortran.dg/unformatted_recl_1.f90 -O2 execution test
FAIL: gfortran.dg/unformatted_recl_1.f90 -O3 -fomit-frame-pointer execution test
FAIL: gfortran.dg/unformatted_recl_1.f90 -O3 -fomit-frame-pointer -funroll-loops execution test
FAIL: gfortran.dg/unformatted_recl_1.f90 -O3 -fomit-frame-pointer -funroll-all-loops -finline-functions execution test
FAIL: gfortran.dg/unformatted_recl_1.f90 -O3 -g execution test
FAIL: gfortran.dg/unformatted_recl_1.f90 -Os execution test
FAIL: gfortran.dg/unformatted_subrecord_1.f90 -O0 execution test
FAIL: gfortran.dg/unformatted_subrecord_1.f90 -O1 execution test
FAIL: gfortran.dg/unformatted_subrecord_1.f90 -O2 execution test
FAIL: gfortran.dg/unformatted_subrecord_1.f90 -O3 -fomit-frame-pointer execution test
FAIL: gfortran.dg/unformatted_subrecord_1.f90 -O3 -fomit-frame-pointer -funroll-loops execution test
FAIL: gfortran.dg/unformatted_subrecord_1.f90 -O3 -fomit-frame-pointer -funroll-all-loops -finline-functions execution test
FAIL: gfortran.dg/unformatted_subrecord_1.f90 -O3 -g execution test
FAIL: gfortran.dg/unformatted_subrecord_1.f90 -Os execution test
FAIL: gfortran.dg/write_back.f -O0 execution test
FAIL: gfortran.dg/write_back.f -O1 execution test
FAIL: gfortran.dg/write_back.f -O2 execution test
FAIL: gfortran.dg/write_back.f -O3 -fomit-frame-pointer execution test
FAIL: gfortran.dg/write_back.f -O3 -fomit-frame-pointer -funroll-loops execution test
FAIL: gfortran.dg/write_back.f -O3 -fomit-frame-pointer -funroll-all-loops -finline-functions execution test
FAIL: gfortran.dg/write_back.f -O3 -g execution test
FAIL: gfortran.dg/write_back.f -Os execution test
FAIL: gfortran.dg/write_rewind_1.f -O0 execution test
FAIL: gfortran.dg/write_rewind_1.f -O1 execution test
FAIL: gfortran.dg/write_rewind_1.f -O2 execution test
FAIL: gfortran.dg/write_rewind_1.f -O3 -fomit-frame-pointer execution test
FAIL: gfortran.dg/write_rewind_1.f -O3 -fomit-frame-pointer -funroll-loops execution test
FAIL: gfortran.dg/write_rewind_1.f -O3 -fomit-frame-pointer -funroll-all-loops -finline-functions execution test
FAIL: gfortran.dg/write_rewind_1.f -O3 -g execution test
FAIL: gfortran.dg/write_rewind_1.f -Os execution test
FAIL: gfortran.dg/write_rewind_2.f -O0 execution test
FAIL: gfortran.dg/write_rewind_2.f -O1 execution test
FAIL: gfortran.dg/write_rewind_2.f -O2 execution test
FAIL: gfortran.dg/write_rewind_2.f -O3 -fomit-frame-pointer execution test
FAIL: gfortran.dg/write_rewind_2.f -O3 -fomit-frame-pointer -funroll-loops execution test
FAIL: gfortran.dg/write_rewind_2.f -O3 -fomit-frame-pointer -funroll-all-loops -finline-functions execution test
FAIL: gfortran.dg/write_rewind_2.f -O3 -g execution test
FAIL: gfortran.dg/write_rewind_2.f -Os execution test
FAIL: gfortran.dg/x_slash_1.f -O0 execution test
FAIL: gfortran.dg/x_slash_1.f -O1 execution test
FAIL: gfortran.dg/x_slash_1.f -O2 execution test
FAIL: gfortran.dg/x_slash_1.f -O3 -fomit-frame-pointer execution test
FAIL: gfortran.dg/x_slash_1.f -O3 -fomit-frame-pointer -funroll-loops execution test
FAIL: gfortran.dg/x_slash_1.f -O3 -fomit-frame-pointer -funroll-all-loops -finline-functions execution test
FAIL: gfortran.dg/x_slash_1.f -O3 -g execution test
FAIL: gfortran.dg/x_slash_1.f -Os execution test
FAIL: gfortran.fortran-torture/execute/backspace.f90 execution, -O0
FAIL: gfortran.fortran-torture/execute/backspace.f90 execution, -O1
FAIL: gfortran.fortran-torture/execute/backspace.f90 execution, -O2
FAIL: gfortran.fortran-torture/execute/backspace.f90 execution, -O3 -fomit-frame-pointer
FAIL: gfortran.fortran-torture/execute/backspace.f90 execution, -O3 -fomit-frame-pointer -funroll-loops
FAIL: gfortran.fortran-torture/execute/backspace.f90 execution, -O3 -fomit-frame-pointer -funroll-all-loops -finline-functions
FAIL: gfortran.fortran-torture/execute/backspace.f90 execution, -O3 -g
FAIL: gfortran.fortran-torture/execute/backspace.f90 execution, -Os
FAIL: gfortran.fortran-torture/execute/direct_io.f90 execution, -O0
FAIL: gfortran.fortran-torture/execute/direct_io.f90 execution, -O1
FAIL: gfortran.fortran-torture/execute/direct_io.f90 execution, -O2
FAIL: gfortran.fortran-torture/execute/direct_io.f90 execution, -O3 -fomit-frame-pointer
FAIL: gfortran.fortran-torture/execute/direct_io.f90 execution, -O3 -fomit-frame-pointer -funroll-loops
FAIL: gfortran.fortran-torture/execute/direct_io.f90 execution, -O3 -fomit-frame-pointer -funroll-all-loops -finline-functions
FAIL: gfortran.fortran-torture/execute/direct_io.f90 execution, -O3 -g
FAIL: gfortran.fortran-torture/execute/direct_io.f90 execution, -Os
FAIL: gfortran.fortran-torture/execute/getarg_1.f90 execution, -O0
FAIL: gfortran.fortran-torture/execute/getarg_1.f90 execution, -O1
FAIL: gfortran.fortran-torture/execute/getarg_1.f90 execution, -O2
FAIL: gfortran.fortran-torture/execute/getarg_1.f90 execution, -O3 -fomit-frame-pointer
FAIL: gfortran.fortran-torture/execute/getarg_1.f90 execution, -O3 -fomit-frame-pointer -funroll-loops
FAIL: gfortran.fortran-torture/execute/getarg_1.f90 execution, -O3 -fomit-frame-pointer -funroll-all-loops -finline-functions
FAIL: gfortran.fortran-torture/execute/getarg_1.f90 execution, -O3 -g
FAIL: gfortran.fortran-torture/execute/getarg_1.f90 execution, -Os
FAIL: gfortran.fortran-torture/execute/inquire_2.f90 execution, -O0
FAIL: gfortran.fortran-torture/execute/inquire_2.f90 execution, -O1
FAIL: gfortran.fortran-torture/execute/inquire_2.f90 execution, -O2
FAIL: gfortran.fortran-torture/execute/inquire_2.f90 execution, -O3 -fomit-frame-pointer
FAIL: gfortran.fortran-torture/execute/inquire_2.f90 execution, -O3 -fomit-frame-pointer -funroll-loops
FAIL: gfortran.fortran-torture/execute/inquire_2.f90 execution, -O3 -fomit-frame-pointer -funroll-all-loops -finline-functions
FAIL: gfortran.fortran-torture/execute/inquire_2.f90 execution, -O3 -g
FAIL: gfortran.fortran-torture/execute/inquire_2.f90 execution, -Os
FAIL: gfortran.fortran-torture/execute/inquire_3.f90 execution, -O0
FAIL: gfortran.fortran-torture/execute/inquire_3.f90 execution, -O1
FAIL: gfortran.fortran-torture/execute/inquire_3.f90 execution, -O2
FAIL: gfortran.fortran-torture/execute/inquire_3.f90 execution, -O3 -fomit-frame-pointer
FAIL: gfortran.fortran-torture/execute/inquire_3.f90 execution, -O3 -fomit-frame-pointer -funroll-loops
FAIL: gfortran.fortran-torture/execute/inquire_3.f90 execution, -O3 -fomit-frame-pointer -funroll-all-loops -finline-functions
FAIL: gfortran.fortran-torture/execute/inquire_3.f90 execution, -O3 -g
FAIL: gfortran.fortran-torture/execute/inquire_3.f90 execution, -Os
FAIL: gfortran.fortran-torture/execute/inquire_5.f90 execution, -O0
FAIL: gfortran.fortran-torture/execute/inquire_5.f90 execution, -O1
FAIL: gfortran.fortran-torture/execute/inquire_5.f90 execution, -O2
FAIL: gfortran.fortran-torture/execute/inquire_5.f90 execution, -O3 -fomit-frame-pointer
FAIL: gfortran.fortran-torture/execute/inquire_5.f90 execution, -O3 -fomit-frame-pointer -funroll-loops
FAIL: gfortran.fortran-torture/execute/inquire_5.f90 execution, -O3 -fomit-frame-pointer -funroll-all-loops -finline-functions
FAIL: gfortran.fortran-torture/execute/inquire_5.f90 execution, -O3 -g
FAIL: gfortran.fortran-torture/execute/inquire_5.f90 execution, -Os
FAIL: gfortran.fortran-torture/execute/read_eof.f90 execution, -O0
FAIL: gfortran.fortran-torture/execute/read_eof.f90 execution, -O1
FAIL: gfortran.fortran-torture/execute/read_eof.f90 execution, -O2
FAIL: gfortran.fortran-torture/execute/read_eof.f90 execution, -O3 -fomit-frame-pointer
FAIL: gfortran.fortran-torture/execute/read_eof.f90 execution, -O3 -fomit-frame-pointer -funroll-loops
FAIL: gfortran.fortran-torture/execute/read_eof.f90 execution, -O3 -fomit-frame-pointer -funroll-all-loops -finline-functions
FAIL: gfortran.fortran-torture/execute/read_eof.f90 execution, -O3 -g
FAIL: gfortran.fortran-torture/execute/read_eof.f90 execution, -Os
FAIL: gfortran.fortran-torture/execute/read_null_string.f90 execution, -O0
FAIL: gfortran.fortran-torture/execute/read_null_string.f90 execution, -O1
FAIL: gfortran.fortran-torture/execute/read_null_string.f90 execution, -O2
FAIL: gfortran.fortran-torture/execute/read_null_string.f90 execution, -O3 -fomit-frame-pointer
FAIL: gfortran.fortran-torture/execute/read_null_string.f90 execution, -O3 -fomit-frame-pointer -funroll-loops
FAIL: gfortran.fortran-torture/execute/read_null_string.f90 execution, -O3 -fomit-frame-pointer -funroll-all-loops -finline-functions
FAIL: gfortran.fortran-torture/execute/read_null_string.f90 execution, -O3 -g
FAIL: gfortran.fortran-torture/execute/read_null_string.f90 execution, -Os
FAIL: gfortran.fortran-torture/execute/seq_io.f90 execution, -O0
FAIL: gfortran.fortran-torture/execute/seq_io.f90 execution, -O1
FAIL: gfortran.fortran-torture/execute/seq_io.f90 execution, -O2
FAIL: gfortran.fortran-torture/execute/seq_io.f90 execution, -O3 -fomit-frame-pointer
FAIL: gfortran.fortran-torture/execute/seq_io.f90 execution, -O3 -fomit-frame-pointer -funroll-loops
FAIL: gfortran.fortran-torture/execute/seq_io.f90 execution, -O3 -fomit-frame-pointer -funroll-all-loops -finline-functions
FAIL: gfortran.fortran-torture/execute/seq_io.f90 execution, -O3 -g
FAIL: gfortran.fortran-torture/execute/seq_io.f90 execution, -Os
FAIL: gfortran.fortran-torture/execute/stack_varsize.f90 execution, -O0
FAIL: gfortran.fortran-torture/execute/stack_varsize.f90 execution, -O1
FAIL: gfortran.fortran-torture/execute/stack_varsize.f90 execution, -O2
FAIL: gfortran.fortran-torture/execute/stack_varsize.f90 execution, -O3 -fomit-frame-pointer
FAIL: gfortran.fortran-torture/execute/stack_varsize.f90 execution, -O3 -fomit-frame-pointer -funroll-loops
FAIL: gfortran.fortran-torture/execute/stack_varsize.f90 execution, -O3 -fomit-frame-pointer -funroll-all-loops -finline-functions
FAIL: gfortran.fortran-torture/execute/stack_varsize.f90 execution, -O3 -g
FAIL: gfortran.fortran-torture/execute/stack_varsize.f90 execution, -Os
FAIL: gfortran.fortran-torture/execute/unopened_unit_1.f90 execution, -O0
FAIL: gfortran.fortran-torture/execute/unopened_unit_1.f90 execution, -O1
FAIL: gfortran.fortran-torture/execute/unopened_unit_1.f90 execution, -O2
FAIL: gfortran.fortran-torture/execute/unopened_unit_1.f90 execution, -O3 -fomit-frame-pointer
FAIL: gfortran.fortran-torture/execute/unopened_unit_1.f90 execution, -O3 -fomit-frame-pointer -funroll-loops
FAIL: gfortran.fortran-torture/execute/unopened_unit_1.f90 execution, -O3 -fomit-frame-pointer -funroll-all-loops -finline-functions
FAIL: gfortran.fortran-torture/execute/unopened_unit_1.f90 execution, -O3 -g
FAIL: gfortran.fortran-torture/execute/unopened_unit_1.f90 execution, -Os
=== gfortran Summary ===
# of expected passes 20753
# of unexpected failures 1359
# of expected failures 6
# of unresolved testcases 50
# of unsupported tests 116
/home/rask/build/gcc-v850-unknown-elf/gcc/testsuite/gfortran/../../gfortran version 4.3.0 20071207 (experimental) (GCC)
Host is x86_64-unknown-linux-gnu
=== g++ tests ===
Running target v850-sim
FAIL: g++.dg/bprob/g++-bprob-1.C execution: file g++-bprob-1.gcda does not exist, -g -fprofile-arcs
UNRESOLVED: g++.dg/bprob/g++-bprob-1.C compilation, -g -fbranch-probabilities
UNRESOLVED: g++.dg/bprob/g++-bprob-1.C execution, -g -fbranch-probabilities
FAIL: g++.dg/bprob/g++-bprob-1.C execution: file g++-bprob-1.gcda does not exist, -O0 -fprofile-arcs
UNRESOLVED: g++.dg/bprob/g++-bprob-1.C compilation, -O0 -fbranch-probabilities
UNRESOLVED: g++.dg/bprob/g++-bprob-1.C execution, -O0 -fbranch-probabilities
FAIL: g++.dg/bprob/g++-bprob-1.C execution: file g++-bprob-1.gcda does not exist, -O1 -fprofile-arcs
UNRESOLVED: g++.dg/bprob/g++-bprob-1.C compilation, -O1 -fbranch-probabilities
UNRESOLVED: g++.dg/bprob/g++-bprob-1.C execution, -O1 -fbranch-probabilities
FAIL: g++.dg/bprob/g++-bprob-1.C execution: file g++-bprob-1.gcda does not exist, -O2 -fprofile-arcs
UNRESOLVED: g++.dg/bprob/g++-bprob-1.C compilation, -O2 -fbranch-probabilities
UNRESOLVED: g++.dg/bprob/g++-bprob-1.C execution, -O2 -fbranch-probabilities
FAIL: g++.dg/bprob/g++-bprob-1.C execution: file g++-bprob-1.gcda does not exist, -O3 -fprofile-arcs
UNRESOLVED: g++.dg/bprob/g++-bprob-1.C compilation, -O3 -fbranch-probabilities
UNRESOLVED: g++.dg/bprob/g++-bprob-1.C execution, -O3 -fbranch-probabilities
FAIL: g++.dg/bprob/g++-bprob-1.C execution: file g++-bprob-1.gcda does not exist, -O3 -g -fprofile-arcs
UNRESOLVED: g++.dg/bprob/g++-bprob-1.C compilation, -O3 -g -fbranch-probabilities
UNRESOLVED: g++.dg/bprob/g++-bprob-1.C execution, -O3 -g -fbranch-probabilities
FAIL: g++.dg/bprob/g++-bprob-1.C execution: file g++-bprob-1.gcda does not exist, -Os -fprofile-arcs
UNRESOLVED: g++.dg/bprob/g++-bprob-1.C compilation, -Os -fbranch-probabilities
UNRESOLVED: g++.dg/bprob/g++-bprob-1.C execution, -Os -fbranch-probabilities
FAIL: g++.dg/bprob/g++-bprob-2.C execution: file g++-bprob-2.gcda does not exist, -g -fprofile-arcs
UNRESOLVED: g++.dg/bprob/g++-bprob-2.C compilation, -g -fbranch-probabilities
UNRESOLVED: g++.dg/bprob/g++-bprob-2.C execution, -g -fbranch-probabilities
FAIL: g++.dg/bprob/g++-bprob-2.C execution: file g++-bprob-2.gcda does not exist, -O0 -fprofile-arcs
UNRESOLVED: g++.dg/bprob/g++-bprob-2.C compilation, -O0 -fbranch-probabilities
UNRESOLVED: g++.dg/bprob/g++-bprob-2.C execution, -O0 -fbranch-probabilities
FAIL: g++.dg/bprob/g++-bprob-2.C execution: file g++-bprob-2.gcda does not exist, -O1 -fprofile-arcs
UNRESOLVED: g++.dg/bprob/g++-bprob-2.C compilation, -O1 -fbranch-probabilities
UNRESOLVED: g++.dg/bprob/g++-bprob-2.C execution, -O1 -fbranch-probabilities
FAIL: g++.dg/bprob/g++-bprob-2.C execution: file g++-bprob-2.gcda does not exist, -O2 -fprofile-arcs
UNRESOLVED: g++.dg/bprob/g++-bprob-2.C compilation, -O2 -fbranch-probabilities
UNRESOLVED: g++.dg/bprob/g++-bprob-2.C execution, -O2 -fbranch-probabilities
FAIL: g++.dg/bprob/g++-bprob-2.C execution: file g++-bprob-2.gcda does not exist, -O3 -fprofile-arcs
UNRESOLVED: g++.dg/bprob/g++-bprob-2.C compilation, -O3 -fbranch-probabilities
UNRESOLVED: g++.dg/bprob/g++-bprob-2.C execution, -O3 -fbranch-probabilities
FAIL: g++.dg/bprob/g++-bprob-2.C execution: file g++-bprob-2.gcda does not exist, -O3 -g -fprofile-arcs
UNRESOLVED: g++.dg/bprob/g++-bprob-2.C compilation, -O3 -g -fbranch-probabilities
UNRESOLVED: g++.dg/bprob/g++-bprob-2.C execution, -O3 -g -fbranch-probabilities
FAIL: g++.dg/bprob/g++-bprob-2.C execution: file g++-bprob-2.gcda does not exist, -Os -fprofile-arcs
UNRESOLVED: g++.dg/bprob/g++-bprob-2.C compilation, -Os -fbranch-probabilities
UNRESOLVED: g++.dg/bprob/g++-bprob-2.C execution, -Os -fbranch-probabilities
FAIL: tmpdir-g++.dg-struct-layout-1/t001 cp_compat_x_tst.o-cp_compat_y_tst.o execute
FAIL: tmpdir-g++.dg-struct-layout-1/t002 cp_compat_x_tst.o-cp_compat_y_tst.o execute
FAIL: tmpdir-g++.dg-struct-layout-1/t003 cp_compat_x_tst.o-cp_compat_y_tst.o execute
FAIL: tmpdir-g++.dg-struct-layout-1/t005 cp_compat_x_tst.o-cp_compat_y_tst.o execute
FAIL: tmpdir-g++.dg-struct-layout-1/t006 cp_compat_x_tst.o-cp_compat_y_tst.o execute
FAIL: tmpdir-g++.dg-struct-layout-1/t009 cp_compat_x_tst.o-cp_compat_y_tst.o execute
FAIL: tmpdir-g++.dg-struct-layout-1/t011 cp_compat_x_tst.o-cp_compat_y_tst.o execute
FAIL: tmpdir-g++.dg-struct-layout-1/t012 cp_compat_x_tst.o-cp_compat_y_tst.o execute
FAIL: tmpdir-g++.dg-struct-layout-1/t015 cp_compat_x_tst.o-cp_compat_y_tst.o execute
FAIL: tmpdir-g++.dg-struct-layout-1/t016 cp_compat_x_tst.o-cp_compat_y_tst.o execute
FAIL: tmpdir-g++.dg-struct-layout-1/t017 cp_compat_x_tst.o-cp_compat_y_tst.o execute
FAIL: tmpdir-g++.dg-struct-layout-1/t020 cp_compat_x_tst.o-cp_compat_y_tst.o execute
FAIL: tmpdir-g++.dg-struct-layout-1/t024 cp_compat_x_tst.o-cp_compat_y_tst.o execute
FAIL: tmpdir-g++.dg-struct-layout-1/t025 cp_compat_x_tst.o-cp_compat_y_tst.o execute
FAIL: tmpdir-g++.dg-struct-layout-1/t026 cp_compat_x_tst.o-cp_compat_y_tst.o execute
FAIL: tmpdir-g++.dg-struct-layout-1/t027 cp_compat_x_tst.o-cp_compat_y_tst.o execute
FAIL: tmpdir-g++.dg-struct-layout-1/t028 cp_compat_x_tst.o-cp_compat_y_tst.o execute
FAIL: g++.dg/cpp/_Pragma1.C (test for excess errors)
FAIL: g++.dg/eh/omit-frame-pointer.C (test for excess errors)
UNRESOLVED: g++.dg/eh/omit-frame-pointer.C compilation failed to produce executable
FAIL: g++.dg/expr/cast4.C (test for excess errors)
UNRESOLVED: g++.dg/expr/cast4.C compilation failed to produce executable
FAIL: g++.dg/ext/interface1.C (test for excess errors)
FAIL: g++.dg/init/aggr2.C (test for excess errors)
UNRESOLVED: g++.dg/init/aggr2.C compilation failed to produce executable
FAIL: g++.dg/init/array15.C execution test
FAIL: g++.dg/init/array16.C execution test
FAIL: g++.dg/init/dtor3.C (test for excess errors)
UNRESOLVED: g++.dg/init/dtor3.C compilation failed to produce executable
FAIL: g++.dg/init/ref15.C (test for excess errors)
UNRESOLVED: g++.dg/init/ref15.C compilation failed to produce executable
FAIL: g++.dg/opt/alias2.C (test for excess errors)
UNRESOLVED: g++.dg/opt/alias2.C compilation failed to produce executable
FAIL: g++.dg/opt/asm1.C double sized union element should be addressible (test for bogus messages, line 8)
FAIL: g++.dg/opt/covariant1.C (test for excess errors)
UNRESOLVED: g++.dg/opt/covariant1.C compilation failed to produce executable
FAIL: g++.dg/opt/pr23478.C (test for excess errors)
UNRESOLVED: g++.dg/opt/pr23478.C compilation failed to produce executable
FAIL: g++.dg/opt/thunk2.C (test for excess errors)
UNRESOLVED: g++.dg/opt/thunk2.C compilation failed to produce executable
FAIL: g++.dg/other/unused1.C scan-assembler (string|ascii?)z?[\\t ]"printer("|\\\\\\\\0)
FAIL: g++.dg/rtti/typeid4.C (test for excess errors)
UNRESOLVED: g++.dg/rtti/typeid4.C compilation failed to produce executable
FAIL: g++.dg/template/explicit1.C (test for excess errors)
FAIL: g++.dg/template/friend10.C (test for excess errors)
UNRESOLVED: g++.dg/template/friend10.C compilation failed to produce executable
FAIL: g++.dg/tree-ssa/ivopts-1.C scan-tree-dump-not ivopts "offset: (4294967292|0x0f+fc)"
FAIL: g++.dg/pch/externc-1.C -g assembly comparison
FAIL: g++.dg/pch/externc-1.C -O2 -g assembly comparison
FAIL: g++.dg/pch/static-1.C -g assembly comparison
FAIL: g++.dg/pch/static-1.C -O2 -g assembly comparison
FAIL: g++.dg/pch/system-1.C -g assembly comparison
FAIL: g++.dg/pch/system-1.C -O2 -g assembly comparison
FAIL: g++.dg/pch/system-2.C -g assembly comparison
FAIL: g++.dg/pch/system-2.C -O2 -g assembly comparison
FAIL: g++.dg/pch/uninst.C -g assembly comparison
FAIL: g++.dg/pch/uninst.C -O2 -g assembly comparison
FAIL: g++.dg/pch/wchar-1.C -g assembly comparison
FAIL: g++.dg/pch/wchar-1.C -O2 -g assembly comparison
FAIL: g++.dg/tree-prof/indir-call-prof.C compilation, -g -fprofile-generate
UNRESOLVED: g++.dg/tree-prof/indir-call-prof.C execution, -g -fprofile-generate
UNRESOLVED: g++.dg/tree-prof/indir-call-prof.C compilation, -g -fprofile-use
UNRESOLVED: g++.dg/tree-prof/indir-call-prof.C execution, -g -fprofile-use
FAIL: g++.dg/tree-prof/indir-call-prof.C compilation, -O0 -fprofile-generate
UNRESOLVED: g++.dg/tree-prof/indir-call-prof.C execution, -O0 -fprofile-generate
UNRESOLVED: g++.dg/tree-prof/indir-call-prof.C compilation, -O0 -fprofile-use
UNRESOLVED: g++.dg/tree-prof/indir-call-prof.C execution, -O0 -fprofile-use
FAIL: g++.dg/tree-prof/indir-call-prof.C compilation, -O1 -fprofile-generate
UNRESOLVED: g++.dg/tree-prof/indir-call-prof.C execution, -O1 -fprofile-generate
UNRESOLVED: g++.dg/tree-prof/indir-call-prof.C compilation, -O1 -fprofile-use
UNRESOLVED: g++.dg/tree-prof/indir-call-prof.C execution, -O1 -fprofile-use
FAIL: g++.dg/tree-prof/indir-call-prof.C compilation, -O2 -fprofile-generate
UNRESOLVED: g++.dg/tree-prof/indir-call-prof.C execution, -O2 -fprofile-generate
UNRESOLVED: g++.dg/tree-prof/indir-call-prof.C compilation, -O2 -fprofile-use
UNRESOLVED: g++.dg/tree-prof/indir-call-prof.C execution, -O2 -fprofile-use
FAIL: g++.dg/tree-prof/indir-call-prof.C compilation, -O3 -fprofile-generate
UNRESOLVED: g++.dg/tree-prof/indir-call-prof.C execution, -O3 -fprofile-generate
UNRESOLVED: g++.dg/tree-prof/indir-call-prof.C compilation, -O3 -fprofile-use
UNRESOLVED: g++.dg/tree-prof/indir-call-prof.C execution, -O3 -fprofile-use
FAIL: g++.dg/tree-prof/indir-call-prof.C compilation, -O3 -g -fprofile-generate
UNRESOLVED: g++.dg/tree-prof/indir-call-prof.C execution, -O3 -g -fprofile-generate
UNRESOLVED: g++.dg/tree-prof/indir-call-prof.C compilation, -O3 -g -fprofile-use
UNRESOLVED: g++.dg/tree-prof/indir-call-prof.C execution, -O3 -g -fprofile-use
FAIL: g++.dg/tree-prof/indir-call-prof.C compilation, -Os -fprofile-generate
UNRESOLVED: g++.dg/tree-prof/indir-call-prof.C execution, -Os -fprofile-generate
UNRESOLVED: g++.dg/tree-prof/indir-call-prof.C compilation, -Os -fprofile-use
UNRESOLVED: g++.dg/tree-prof/indir-call-prof.C execution, -Os -fprofile-use
FAIL: g++.old-deja/g++.benjamin/15071.C (test for excess errors)
UNRESOLVED: g++.old-deja/g++.benjamin/15071.C compilation failed to produce executable
FAIL: g++.old-deja/g++.brendan/copy9.C (test for excess errors)
UNRESOLVED: g++.old-deja/g++.brendan/copy9.C compilation failed to produce executable
FAIL: g++.old-deja/g++.brendan/nest21.C (test for excess errors)
UNRESOLVED: g++.old-deja/g++.brendan/nest21.C compilation failed to produce executable
FAIL: g++.old-deja/g++.brendan/ptolemy2.C (test for excess errors)
UNRESOLVED: g++.old-deja/g++.brendan/ptolemy2.C compilation failed to produce executable
FAIL: g++.old-deja/g++.jason/2371.C (test for excess errors)
UNRESOLVED: g++.old-deja/g++.jason/2371.C compilation failed to produce executable
FAIL: g++.old-deja/g++.jason/init3.C (test for excess errors)
UNRESOLVED: g++.old-deja/g++.jason/init3.C compilation failed to produce executable
FAIL: g++.old-deja/g++.jason/ref7.C (test for excess errors)
UNRESOLVED: g++.old-deja/g++.jason/ref7.C compilation failed to produce executable
FAIL: g++.old-deja/g++.jason/static1.C (test for excess errors)
UNRESOLVED: g++.old-deja/g++.jason/static1.C compilation failed to produce executable
FAIL: g++.old-deja/g++.jason/template24.C (test for excess errors)
UNRESOLVED: g++.old-deja/g++.jason/template24.C compilation failed to produce executable
FAIL: g++.old-deja/g++.jason/template31.C (test for excess errors)
UNRESOLVED: g++.old-deja/g++.jason/template31.C compilation failed to produce executable
FAIL: g++.old-deja/g++.jason/thunk3.C (test for excess errors)
UNRESOLVED: g++.old-deja/g++.jason/thunk3.C compilation failed to produce executable
FAIL: g++.old-deja/g++.law/arg8.C (test for excess errors)
UNRESOLVED: g++.old-deja/g++.law/arg8.C compilation failed to produce executable
FAIL: g++.old-deja/g++.law/code-gen5.C (test for excess errors)
UNRESOLVED: g++.old-deja/g++.law/code-gen5.C compilation failed to produce executable
FAIL: g++.old-deja/g++.law/ctors12.C (test for excess errors)
UNRESOLVED: g++.old-deja/g++.law/ctors12.C compilation failed to produce executable
FAIL: g++.old-deja/g++.law/cvt2.C (test for excess errors)
UNRESOLVED: g++.old-deja/g++.law/cvt2.C compilation failed to produce executable
FAIL: g++.old-deja/g++.law/profile1.C (test for excess errors)
UNRESOLVED: g++.old-deja/g++.law/profile1.C compilation failed to produce executable
FAIL: g++.old-deja/g++.law/virtual3.C (test for excess errors)
UNRESOLVED: g++.old-deja/g++.law/virtual3.C compilation failed to produce executable
FAIL: g++.old-deja/g++.mike/eh2.C (test for excess errors)
UNRESOLVED: g++.old-deja/g++.mike/eh2.C compilation failed to produce executable
FAIL: g++.old-deja/g++.mike/init1.C (test for excess errors)
UNRESOLVED: g++.old-deja/g++.mike/init1.C compilation failed to produce executable
FAIL: g++.old-deja/g++.mike/leak1.C (test for excess errors)
UNRESOLVED: g++.old-deja/g++.mike/leak1.C compilation failed to produce executable
FAIL: g++.old-deja/g++.mike/misc13.C (test for excess errors)
UNRESOLVED: g++.old-deja/g++.mike/misc13.C compilation failed to produce executable
FAIL: g++.old-deja/g++.mike/net34.C (test for excess errors)
UNRESOLVED: g++.old-deja/g++.mike/net34.C compilation failed to produce executable
FAIL: g++.old-deja/g++.mike/net46.C (test for excess errors)
UNRESOLVED: g++.old-deja/g++.mike/net46.C compilation failed to produce executable
FAIL: g++.old-deja/g++.mike/p2736.C (test for excess errors)
UNRESOLVED: g++.old-deja/g++.mike/p2736.C compilation failed to produce executable
FAIL: g++.old-deja/g++.mike/p658.C (test for excess errors)
UNRESOLVED: g++.old-deja/g++.mike/p658.C compilation failed to produce executable
FAIL: g++.old-deja/g++.mike/p783b.C (test for excess errors)
UNRESOLVED: g++.old-deja/g++.mike/p783b.C compilation failed to produce executable
FAIL: g++.old-deja/g++.mike/p9732b.C (test for excess errors)
UNRESOLVED: g++.old-deja/g++.mike/p9732b.C compilation failed to produce executable
FAIL: g++.old-deja/g++.mike/pmf2.C (test for excess errors)
UNRESOLVED: g++.old-deja/g++.mike/pmf2.C compilation failed to produce executable
FAIL: g++.old-deja/g++.mike/ref1.C (test for excess errors)
UNRESOLVED: g++.old-deja/g++.mike/ref1.C compilation failed to produce executable
FAIL: g++.old-deja/g++.mike/temp.C (test for excess errors)
UNRESOLVED: g++.old-deja/g++.mike/temp.C compilation failed to produce executable
FAIL: g++.old-deja/g++.other/dtor10.C (test for excess errors)
UNRESOLVED: g++.old-deja/g++.other/dtor10.C compilation failed to produce executable
FAIL: g++.old-deja/g++.other/dtor11.C (test for excess errors)
UNRESOLVED: g++.old-deja/g++.other/dtor11.C compilation failed to produce executable
FAIL: g++.old-deja/g++.other/dtor12.C (test for excess errors)
UNRESOLVED: g++.old-deja/g++.other/dtor12.C compilation failed to produce executable
FAIL: g++.old-deja/g++.other/headers1.C (test for excess errors)
UNRESOLVED: g++.old-deja/g++.other/headers1.C compilation failed to produce executable
FAIL: g++.old-deja/g++.other/init13.C (test for excess errors)
FAIL: g++.old-deja/g++.other/init19.C (test for excess errors)
UNRESOLVED: g++.old-deja/g++.other/init19.C compilation failed to produce executable
FAIL: g++.old-deja/g++.other/init5.C (test for excess errors)
UNRESOLVED: g++.old-deja/g++.other/init5.C compilation failed to produce executable
FAIL: g++.old-deja/g++.other/inline7.C (test for excess errors)
UNRESOLVED: g++.old-deja/g++.other/inline7.C compilation failed to produce executable
FAIL: g++.old-deja/g++.other/inline8.C (test for excess errors)
UNRESOLVED: g++.old-deja/g++.other/inline8.C compilation failed to produce executable
FAIL: g++.old-deja/g++.other/sibcall1.C (test for excess errors)
UNRESOLVED: g++.old-deja/g++.other/sibcall1.C compilation failed to produce executable
FAIL: g++.old-deja/g++.other/unchanging1.C (test for excess errors)
UNRESOLVED: g++.old-deja/g++.other/unchanging1.C compilation failed to produce executable
FAIL: g++.old-deja/g++.pt/deduct5.C execution test
FAIL: g++.old-deja/g++.pt/static11.C (test for excess errors)
UNRESOLVED: g++.old-deja/g++.pt/static11.C compilation failed to produce executable
FAIL: g++.old-deja/g++.robertl/eb115.C (test for excess errors)
UNRESOLVED: g++.old-deja/g++.robertl/eb115.C compilation failed to produce executable
FAIL: g++.old-deja/g++.robertl/eb21.C (test for excess errors)
UNRESOLVED: g++.old-deja/g++.robertl/eb21.C compilation failed to produce executable
FAIL: g++.old-deja/g++.robertl/eb31.C (test for excess errors)
UNRESOLVED: g++.old-deja/g++.robertl/eb31.C compilation failed to produce executable
FAIL: g++.old-deja/g++.robertl/eb41.C (test for excess errors)
UNRESOLVED: g++.old-deja/g++.robertl/eb41.C compilation failed to produce executable
FAIL: g++.old-deja/g++.robertl/eb46.C (test for excess errors)
UNRESOLVED: g++.old-deja/g++.robertl/eb46.C compilation failed to produce executable
FAIL: g++.old-deja/g++.robertl/eb54.C (test for excess errors)
UNRESOLVED: g++.old-deja/g++.robertl/eb54.C compilation failed to produce executable
FAIL: g++.old-deja/g++.robertl/eb66.C (test for excess errors)
UNRESOLVED: g++.old-deja/g++.robertl/eb66.C compilation failed to produce executable
FAIL: g++.old-deja/g++.robertl/eb73.C (test for excess errors)
UNRESOLVED: g++.old-deja/g++.robertl/eb73.C compilation failed to produce executable
FAIL: g++.old-deja/g++.robertl/eb77.C (test for excess errors)
UNRESOLVED: g++.old-deja/g++.robertl/eb77.C compilation failed to produce executable
=== g++ Summary ===
# of expected passes 16218
# of unexpected failures 121
# of expected failures 81
# of unresolved testcases 110
# of unsupported tests 201
/home/rask/build/gcc-v850-unknown-elf/gcc/testsuite/g++/../../g++ version 4.3.0 20071207 (experimental) (GCC)
Host is x86_64-unknown-linux-gnu
=== objc tests ===
Running target v850-sim
=== objc Summary ===
# of expected passes 1812
# of expected failures 7
# of unsupported tests 24
/home/rask/build/gcc-v850-unknown-elf/gcc/xgcc version 4.3.0 20071207 (experimental) (GCC)
Compiler version: 4.3.0 20071207 (experimental) (GCC)
Platform: v850-unknown-elf
configure flags: --target v850-unknown-elf --enable-checking=yes,rtl --with-newlib --enable-sim --disable-gdb --disable-nls
More information about the Gcc-testresults
mailing list