Results for 4.3.0 20071205 (experimental) [trunk revision 130635] (GCC) gcc testsuite on mips-unknown-elf
Mike Stein
mstein@phenix.rootshell.be
Thu Dec 6 22:50:00 GMT 2007
Debian 4 on x86_64
cross tool versions:
GNU assembler (GNU Binutils) 2.18.50.20071125
GNU gdb 6.7.50.20071124-cvs
GNU ld (GNU Binutils) 2.18.50.20071125
GNU Make 3.81
expect version 5.43.0
host gcc version: gcc (GCC) 4.3.0 20071205 (experimental) [trunk revision 130635]
LAST_UPDATED: Wed Dec 5 23:02:39 UTC 2007 (revision 130635)
Target is mips-unknown-elf
Host is x86_64-unknown-linux-gnu
=== gcc tests ===
Running target mips-sim
FAIL: gcc.c-torture/compile/limits-structnest.c -O2 (test for excess errors)
FAIL: gcc.c-torture/compile/limits-structnest.c -O3 -fomit-frame-pointer (test for excess errors)
FAIL: gcc.c-torture/compile/limits-structnest.c -O3 -g (test for excess errors)
FAIL: gcc.c-torture/compile/limits-structnest.c -Os (test for excess errors)
WARNING: Could not compile gcc.dg/compat/struct-layout-1 generator
FAIL: gcc.dg/torture/builtin-pow-mpfr-1.c -O0 scan-tree-dump original "pow"
FAIL: gcc.dg/torture/builtin-pow-mpfr-1.c -O1 scan-tree-dump original "pow"
FAIL: gcc.dg/torture/builtin-pow-mpfr-1.c -O2 scan-tree-dump original "pow"
FAIL: gcc.dg/torture/builtin-pow-mpfr-1.c -O3 -fomit-frame-pointer scan-tree-dump original "pow"
FAIL: gcc.dg/torture/builtin-pow-mpfr-1.c -O3 -g scan-tree-dump original "pow"
FAIL: gcc.dg/torture/builtin-pow-mpfr-1.c -Os scan-tree-dump original "pow"
=== gcc Summary ===
# of expected passes 45749
# of unexpected failures 10
# of expected failures 87
# of untested testcases 35
# of unsupported tests 350
/home/mstein/sim/mips-elf/build/gcc/xgcc version 4.3.0 20071205 (experimental) [trunk revision 130635] (GCC)
Compiler version: 4.3.0 20071205 (experimental) [trunk revision 130635] (GCC) gcc
Platform: mips-unknown-elf
configure flags: --target=mips-elf --prefix=/n/11/mstein/cross-local/mips-elf --enable-languages=c --disable-nls --disable-build-warnings --with-ld=/n/11/mstein/cross-local/mips-elf/bin/mips-elf-ld --with-as=/n/11/mstein/cross-local/mips-elf/bin/mips-elf-as --disable-libssp
More information about the Gcc-testresults
mailing list