Results for 4.3.0 20071201 (experimental) (GCC) testsuite on x86_64-unknown-linux-gnu
Rask Ingemann Lambertsen
rask@sygehus.dk
Sun Dec 2 15:04:00 GMT 2007
URL: svn://gcc.gnu.org/svn/gcc/trunk
Revision: 130561
LAST_UPDATED:
Native configuration is x86_64-unknown-linux-gnu
=== gcc tests ===
Running target unix
XPASS: gcc.dg/cpp/cmdlne-dI-M.c scan-file (^|\\\\n)cmdlne-dI-M.*:[^\\\\n]*cmdlne-dI-M.c
XPASS: gcc.dg/cpp/cmdlne-dM-M.c scan-file (^|\\\\n)cmdlne-dM-M[^\\\\n]*:[^\\\\n]*cmdlne-dM-M.c
FAIL: gcc.dg/torture/builtin-pow-mpfr-1.c -O0 scan-tree-dump original "pow"
FAIL: gcc.dg/torture/builtin-pow-mpfr-1.c -O1 scan-tree-dump original "pow"
FAIL: gcc.dg/torture/builtin-pow-mpfr-1.c -O2 scan-tree-dump original "pow"
FAIL: gcc.dg/torture/builtin-pow-mpfr-1.c -O3 -fomit-frame-pointer scan-tree-dump original "pow"
FAIL: gcc.dg/torture/builtin-pow-mpfr-1.c -O3 -g scan-tree-dump original "pow"
FAIL: gcc.dg/torture/builtin-pow-mpfr-1.c -Os scan-tree-dump original "pow"
FAIL: gcc.dg/tree-prof/bb-reorg.c compilation, -fprofile-use -D_PROFILE_USE
UNRESOLVED: gcc.dg/tree-prof/bb-reorg.c execution, -fprofile-use -D_PROFILE_USE
=== gcc Summary ===
# of expected passes 47975
# of unexpected failures 7
# of unexpected successes 2
# of expected failures 166
# of unresolved testcases 1
# of untested testcases 35
# of unsupported tests 380
/home/rask/build/gcc-x86_64-unknown-linux-gnu/gcc/xgcc version 4.3.0 20071201 (experimental) (GCC)
=== gfortran tests ===
Running target unix
=== gfortran Summary ===
# of expected passes 22423
# of expected failures 8
# of unsupported tests 18
/home/rask/build/gcc-x86_64-unknown-linux-gnu/gcc/testsuite/gfortran/../../gfortran version 4.3.0 20071201 (experimental) (GCC)
=== g++ tests ===
Running target unix
XPASS: g++.old-deja/g++.mike/empty.C suggest (test for bogus messages, line 19)
XPASS: g++.old-deja/g++.mike/empty.C suggest (test for bogus messages, line 20)
=== g++ Summary ===
# of expected passes 16988
# of unexpected successes 2
# of expected failures 83
# of unsupported tests 118
/home/rask/build/gcc-x86_64-unknown-linux-gnu/gcc/testsuite/g++/../../g++ version 4.3.0 20071201 (experimental) (GCC)
=== objc tests ===
Running target unix
=== objc Summary ===
# of expected passes 1812
# of expected failures 7
# of unsupported tests 24
/home/rask/build/gcc-x86_64-unknown-linux-gnu/gcc/xgcc version 4.3.0 20071201 (experimental) (GCC)
=== libffi tests ===
Running target unix
=== libffi Summary ===
# of expected passes 1116
# of unsupported tests 8
=== libgomp tests ===
Running target unix
=== libgomp Summary ===
# of expected passes 1655
=== libjava tests ===
Running target unix
=== libjava Summary ===
# of expected passes 2550
=== libmudflap tests ===
Running target unix
FAIL: libmudflap.c++/pass41-frag.cxx execution test
FAIL: libmudflap.c++/pass41-frag.cxx (-static) execution test
FAIL: libmudflap.c++/pass41-frag.cxx ( -O) execution test
FAIL: libmudflap.c++/pass41-frag.cxx (-O2) execution test
FAIL: libmudflap.c++/pass41-frag.cxx (-O3) execution test
=== libmudflap Summary ===
# of expected passes 1821
# of unexpected failures 5
=== libstdc++ tests ===
Running target unix
FAIL: abi_check
XPASS: 26_numerics/headers/cmath/c99_classification_macros_c.cc (test for excess errors)
XPASS: 27_io/fpos/14320-1.cc execution test
=== libstdc++ Summary ===
# of expected passes 4848
# of unexpected failures 1
# of unexpected successes 2
# of expected failures 56
# of unsupported tests 326
Compiler version: 4.3.0 20071201 (experimental) (GCC)
Platform: x86_64-unknown-linux-gnu
configure flags: --target x86_64-unknown-linux-gnu --enable-checking=yes,rtl --with-newlib --enable-sim --disable-gdb --disable-nls --without-newlib
More information about the Gcc-testresults
mailing list