Results for 4.3.0 20070829 (experimental) [trunk revision 127910] (GCC) testsuite on x86_64-pc-linux-gnu
Panagiotis Christopoulos
pxrist@gmail.com
Thu Aug 30 05:35:00 GMT 2007
LAST_UPDATED: Wed Aug 29 17:42:05 UTC 2007 (revision 127910)
Native configuration is x86_64-pc-linux-gnu
=== g++ tests ===
Running target unix
XPASS: g++.dg/tree-ssa/copyprop-1.C scan-tree-dump-not .* = [^>;]*;
XPASS: g++.dg/tree-ssa/ivopts-1.C scan-tree-dump-not offset: -4B
XPASS: g++.dg/tree-ssa/ivopts-1.C scan-tree-dump-not &x\\[5\\]
=== g++ Summary ===
# of expected passes 16453
# of unexpected successes 3
# of expected failures 87
# of unsupported tests 116
/opt/gcc/tmpdir/gcc/testsuite/g++/../../g++ version 4.3.0 20070829 (experimental) [trunk revision 127910] (GCC)
=== gcc tests ===
Running target unix
FAIL: gcc.c-torture/execute/mayalias-2.c compilation, -O3 -g (internal compiler error)
UNRESOLVED: gcc.c-torture/execute/mayalias-2.c execution, -O3 -g
FAIL: gcc.c-torture/execute/mayalias-3.c compilation, -O3 -g (internal compiler error)
UNRESOLVED: gcc.c-torture/execute/mayalias-3.c execution, -O3 -g
FAIL: gcc.dg/builtins-61.c scan-tree-dump return 0.0
XPASS: gcc.dg/tree-ssa/update-threading.c scan-tree-dump-times Invalid sum 0
=== gcc Summary ===
# of expected passes 46627
# of unexpected failures 3
# of unexpected successes 1
# of expected failures 167
# of unresolved testcases 2
# of untested testcases 35
# of unsupported tests 366
/opt/gcc/tmpdir/gcc/xgcc version 4.3.0 20070829 (experimental) [trunk revision 127910] (GCC)
=== gfortran tests ===
Running target unix
=== gfortran Summary ===
# of expected passes 20831
# of expected failures 8
# of unsupported tests 18
/opt/gcc/tmpdir/gcc/testsuite/gfortran/../../gfortran version 4.3.0 20070829 (experimental) [trunk revision 127910] (GCC)
=== obj-c++ tests ===
Running target unix
FAIL: obj-c++.dg/bitfield-1.mm (internal compiler error)
FAIL: obj-c++.dg/bitfield-1.mm (test for excess errors)
WARNING: obj-c++.dg/bitfield-1.mm compilation failed to produce executable
FAIL: obj-c++.dg/bitfield-4.mm (test for excess errors)
FAIL: obj-c++.dg/comp-types-10.mm (internal compiler error)
FAIL: obj-c++.dg/comp-types-10.mm (test for excess errors)
FAIL: obj-c++.dg/cxx-ivars-2.mm execution test
FAIL: obj-c++.dg/encode-2.mm scan-assembler {Vec<float>=ffi}
FAIL: obj-c++.dg/encode-2.mm scan-assembler {Vec<double>=ddi}
FAIL: obj-c++.dg/encode-3.mm execution test
FAIL: obj-c++.dg/encode-8.mm execution test
FAIL: obj-c++.dg/gnu-runtime-2.mm (test for excess errors)
FAIL: obj-c++.dg/isa-field-1.mm (test for excess errors)
FAIL: obj-c++.dg/layout-1.mm (test for excess errors)
FAIL: obj-c++.dg/lookup-2.mm (test for excess errors)
WARNING: obj-c++.dg/lookup-2.mm compilation failed to produce executable
FAIL: obj-c++.dg/try-catch-2.mm (test for excess errors)
WARNING: obj-c++.dg/try-catch-2.mm compilation failed to produce executable
FAIL: obj-c++.dg/try-catch-9.mm (internal compiler error)
FAIL: obj-c++.dg/try-catch-9.mm (test for excess errors)
WARNING: obj-c++.dg/try-catch-9.mm compilation failed to produce executable
=== obj-c++ Summary ===
# of expected passes 420
# of unexpected failures 17
# of unsupported tests 13
/opt/gcc/tmpdir/gcc/testsuite/obj-c++/../../g++ version 4.3.0 20070829 (experimental) [trunk revision 127910] (GCC)
=== objc tests ===
Running target unix
=== objc Summary ===
# of expected passes 1812
# of expected failures 7
# of unsupported tests 24
/opt/gcc/tmpdir/gcc/xgcc version 4.3.0 20070829 (experimental) [trunk revision 127910] (GCC)
=== treelang tests ===
Running target unix
=== treelang Summary ===
# of expected passes 52
=== libgomp tests ===
Running target unix
=== libgomp Summary ===
# of expected passes 1607
=== libmudflap tests ===
Running target unix
FAIL: libmudflap.c/fail8-frag.c (-static) output pattern test
FAIL: libmudflap.c/fail9-frag.c (-static) output pattern test
FAIL: libmudflap.c++/pass41-frag.cxx execution test
FAIL: libmudflap.c++/pass41-frag.cxx (-static) execution test
FAIL: libmudflap.c++/pass41-frag.cxx ( -O) execution test
FAIL: libmudflap.c++/pass41-frag.cxx (-O2) execution test
FAIL: libmudflap.c++/pass41-frag.cxx (-O3) execution test
=== libmudflap Summary ===
# of expected passes 1819
# of unexpected failures 7
=== libstdc++ tests ===
Running target unix
XPASS: 26_numerics/headers/cmath/c99_classification_macros_c.cc (test for excess errors)
XPASS: 27_io/fpos/14320-1.cc execution test
=== libstdc++ Summary ===
# of expected passes 4521
# of unexpected successes 2
# of expected failures 56
# of unsupported tests 316
Compiler version: 4.3.0 20070829 (experimental) [trunk revision 127910] (GCC)
Platform: x86_64-pc-linux-gnu
configure flags: --prefix=/opt/gcc/installdir/ -with-arch=nocona --host=x86_64-pc-linux-gnu --build=x86_64-pc-linux-gnu --disable-nls --with-system-zlib --enable-objc-gc --enable-libgomp --disable-multilib --enable-languages=c,c++,objc,obj-c++,fortran,treelang --with-gc=zone --enable-coverage=opt --enable-shared --enable-threads=posix --enable-clocale=gnu --enable-__cxa_atexit
More information about the Gcc-testresults
mailing list