Results for 4.3.0 20070828 (experimental) (GCC) testsuite on x86_64-unknown-linux-gnu
Toon Moene
toon@moene.indiv.nluug.nl
Tue Aug 28 14:58:00 GMT 2007
LAST_UPDATED: Tue Aug 28 08:24:30 UTC 2007 (revision 127848)
=== acats tests ===
FAIL: c41103a
FAIL: c41103b
FAIL: cd92001
FAIL: cxh1001
=== acats Summary ===
# of expected passes 2311
# of unexpected failures 4
Native configuration is x86_64-unknown-linux-gnu
=== gcc tests ===
Running target unix
FAIL: gcc.c-torture/execute/mayalias-2.c compilation, -O3 -g (internal compiler error)
UNRESOLVED: gcc.c-torture/execute/mayalias-2.c execution, -O3 -g
FAIL: gcc.c-torture/execute/mayalias-3.c compilation, -O3 -g (internal compiler error)
UNRESOLVED: gcc.c-torture/execute/mayalias-3.c execution, -O3 -g
FAIL: gcc.dg/builtins-61.c scan-tree-dump return 0.0
XPASS: gcc.dg/torture/builtin-math-4.c -O0 (test for excess errors)
XPASS: gcc.dg/torture/builtin-math-4.c -O1 (test for excess errors)
XPASS: gcc.dg/torture/builtin-math-4.c -O2 (test for excess errors)
XPASS: gcc.dg/torture/builtin-math-4.c -O3 -fomit-frame-pointer (test for excess errors)
XPASS: gcc.dg/torture/builtin-math-4.c -O3 -fomit-frame-pointer -funroll-loops (test for excess errors)
XPASS: gcc.dg/torture/builtin-math-4.c -O3 -fomit-frame-pointer -funroll-all-loops -finline-functions (test for excess errors)
XPASS: gcc.dg/torture/builtin-math-4.c -O3 -g (test for excess errors)
XPASS: gcc.dg/torture/builtin-math-4.c -Os (test for excess errors)
XPASS: gcc.dg/tree-ssa/update-threading.c scan-tree-dump-times Invalid sum 0
=== gcc Summary ===
# of expected passes 46609
# of unexpected failures 3
# of unexpected successes 9
# of expected failures 159
# of unresolved testcases 2
# of untested testcases 35
# of unsupported tests 366
/home/toon/compilers/obj-t/gcc/xgcc version 4.3.0 20070828 (experimental) (GCC)
=== gfortran tests ===
Running target unix
=== gfortran Summary ===
# of expected passes 20795
# of expected failures 8
# of unsupported tests 18
/home/toon/compilers/obj-t/gcc/testsuite/gfortran/../../gfortran version 4.3.0 20070828 (experimental) (GCC)
=== g++ tests ===
Running target unix
XPASS: g++.dg/tree-ssa/copyprop-1.C scan-tree-dump-not .* = [^>;]*;
XPASS: g++.dg/tree-ssa/ivopts-1.C scan-tree-dump-not offset: -4B
XPASS: g++.dg/tree-ssa/ivopts-1.C scan-tree-dump-not &x\\[5\\]
=== g++ Summary ===
# of expected passes 16388
# of unexpected successes 3
# of expected failures 87
# of unsupported tests 114
/home/toon/compilers/obj-t/gcc/testsuite/g++/../../g++ version 4.3.0 20070828 (experimental) (GCC)
=== gnat tests ===
Running target unix
FAIL: gnat.dg/addr2.adb execution test
FAIL: gnat.dg/controlled2.adb (test for excess errors)
FAIL: gnat.dg/frame_overflow.adb (test for errors, line 12)
FAIL: gnat.dg/frame_overflow.adb (test for errors, line 21)
FAIL: gnat.dg/specs/uc1.ads (test for excess errors)
=== gnat Summary ===
# of expected passes 266
# of unexpected failures 5
=== obj-c++ tests ===
Running target unix
FAIL: obj-c++.dg/bitfield-1.mm (internal compiler error)
FAIL: obj-c++.dg/bitfield-1.mm (test for excess errors)
UNRESOLVED: obj-c++.dg/bitfield-1.mm compilation failed to produce executable
FAIL: obj-c++.dg/bitfield-4.mm (test for excess errors)
FAIL: obj-c++.dg/comp-types-10.mm (internal compiler error)
FAIL: obj-c++.dg/comp-types-10.mm (test for excess errors)
FAIL: obj-c++.dg/cxx-ivars-2.mm execution test
FAIL: obj-c++.dg/encode-2.mm scan-assembler {Vec<float>=ffi}
FAIL: obj-c++.dg/encode-2.mm scan-assembler {Vec<double>=ddi}
FAIL: obj-c++.dg/encode-3.mm execution test
FAIL: obj-c++.dg/encode-8.mm execution test
FAIL: obj-c++.dg/gnu-runtime-2.mm (test for excess errors)
FAIL: obj-c++.dg/isa-field-1.mm (test for excess errors)
FAIL: obj-c++.dg/layout-1.mm (test for excess errors)
FAIL: obj-c++.dg/lookup-2.mm (test for excess errors)
UNRESOLVED: obj-c++.dg/lookup-2.mm compilation failed to produce executable
FAIL: obj-c++.dg/try-catch-2.mm (test for excess errors)
UNRESOLVED: obj-c++.dg/try-catch-2.mm compilation failed to produce executable
FAIL: obj-c++.dg/try-catch-9.mm (internal compiler error)
FAIL: obj-c++.dg/try-catch-9.mm (test for excess errors)
UNRESOLVED: obj-c++.dg/try-catch-9.mm compilation failed to produce executable
=== obj-c++ Summary ===
# of expected passes 420
# of unexpected failures 17
# of unresolved testcases 4
# of unsupported tests 13
/home/toon/compilers/obj-t/gcc/testsuite/obj-c++/../../g++ version 4.3.0 20070828 (experimental) (GCC)
=== objc tests ===
Running target unix
=== objc Summary ===
# of expected passes 1812
# of expected failures 7
# of unsupported tests 24
/home/toon/compilers/obj-t/gcc/xgcc version 4.3.0 20070828 (experimental) (GCC)
=== libffi tests ===
Running target unix
=== libffi Summary ===
# of expected passes 1108
# of unsupported tests 8
=== libgomp tests ===
Running target unix
=== libgomp Summary ===
# of expected passes 1607
=== libjava tests ===
Running target unix
FAIL: N19990310_02 -O3 output - source compiled test
FAIL: N19990310_02 -O3 -findirect-dispatch output - source compiled test
=== libjava Summary ===
# of expected passes 2536
# of unexpected failures 2
=== libmudflap tests ===
Running target unix
FAIL: libmudflap.c/fail8-frag.c (-static) output pattern test
FAIL: libmudflap.c/fail9-frag.c (-static) output pattern test
FAIL: libmudflap.c++/pass41-frag.cxx execution test
FAIL: libmudflap.c++/pass41-frag.cxx (-static) execution test
FAIL: libmudflap.c++/pass41-frag.cxx ( -O) execution test
FAIL: libmudflap.c++/pass41-frag.cxx (-O2) execution test
FAIL: libmudflap.c++/pass41-frag.cxx (-O3) execution test
=== libmudflap Summary ===
# of expected passes 1819
# of unexpected failures 7
=== libstdc++ tests ===
Running target unix
FAIL: abi_check
XPASS: 26_numerics/headers/cmath/c99_classification_macros_c.cc (test for excess errors)
XPASS: 27_io/fpos/14320-1.cc execution test
=== libstdc++ Summary ===
# of expected passes 4518
# of unexpected failures 1
# of unexpected successes 2
# of expected failures 56
# of unsupported tests 316
Compiler version: 4.3.0 20070828 (experimental) (GCC)
Platform: x86_64-unknown-linux-gnu
configure flags: --prefix=/usr/snp/ --disable-multilib --disable-nls --enable-languages=ada,c,c++,objc,obj-c++,java,fortran
More information about the Gcc-testresults
mailing list