Results for 4.3.0 20070824 (experimental) [trunk revision 127789] (GCC) testsuite on hppa2.0w-hp-hpux11.11
John David Anglin
dave@hiauly3.hia.nrc.ca
Sat Aug 25 16:38:00 GMT 2007
LAST_UPDATED: Fri Aug 24 22:58:18 UTC 2007 (revision 127789)
=== acats tests ===
FAIL: c452001
FAIL: c954a01
FAIL: cd92001
FAIL: cxh1001
=== acats Summary ===
# of expected passes 2311
# of unexpected failures 4
Native configuration is hppa2.0w-hp-hpux11.11
=== g++ tests ===
Running target unix
FAIL: g++.dg/other/first-global.C scan-assembler _GLOBAL__I_foobar
XPASS: g++.dg/tree-ssa/copyprop-1.C scan-tree-dump-not .* = [^>;]*;
XPASS: g++.dg/tree-ssa/ivopts-1.C scan-tree-dump-not offset: -4B
XPASS: g++.dg/tree-ssa/ivopts-1.C scan-tree-dump-not &x\\[5\\]
FAIL: g++.dg/special/conpr-2.C execution test
FAIL: g++.dg/special/conpr-4.C execution test
FAIL: g++.dg/special/initp1.C execution test
FAIL: g++.dg/special/initpri1.C execution test
=== g++ Summary ===
# of expected passes 15331
# of unexpected failures 5
# of unexpected successes 3
# of expected failures 90
# of unsupported tests 202
/test/gnu/gcc/objdir/gcc/testsuite/g++/../../g++ version 4.3.0 20070824 (experimental) [trunk revision 127789] (GCC)
=== gcc tests ===
Running target unix
XPASS: gcc.dg/cpp/cmdlne-dI-M.c scan-file (^|\\\\n)cmdlne-dI-M.*:[^\\\\n]*cmdlne-dI-M.c
XPASS: gcc.dg/cpp/cmdlne-dM-M.c scan-file (^|\\\\n)cmdlne-dM-M[^\\\\n]*:[^\\\\n]*cmdlne-dM-M.c
FAIL: gcc.dg/builtins-20.c (test for excess errors)
FAIL: gcc.dg/builtins-59.c scan-tree-dump __builtin_cexpi
FAIL: gcc.dg/builtins-59.c scan-tree-dump-not sincos
FAIL: gcc.dg/builtins-61.c scan-tree-dump cexpi
FAIL: gcc.dg/builtins-61.c scan-tree-dump sin
FAIL: gcc.dg/builtins-61.c scan-tree-dump cos
FAIL: gcc.dg/builtins-61.c scan-tree-dump return 0.0
FAIL: gcc.dg/builtins-62.c scan-tree-dump-times cexpi 3
FAIL: gcc.dg/c99-tgmath-2.c (test for excess errors)
FAIL: gcc.dg/c99-tgmath-3.c (test for excess errors)
FAIL: gcc.dg/c99-tgmath-4.c (test for excess errors)
FAIL: gcc.dg/initpri1.c execution test
XPASS: gcc.dg/tree-ssa/update-threading.c scan-tree-dump-times Invalid sum 0
=== gcc Summary ===
# of expected passes 42731
# of unexpected failures 12
# of unexpected successes 3
# of expected failures 97
# of untested testcases 35
# of unsupported tests 490
/test/gnu/gcc/objdir/gcc/xgcc version 4.3.0 20070824 (experimental) [trunk revision 127789] (GCC)
=== gfortran tests ===
Running target unix
FAIL: gfortran.dg/integer_exponentiation_2.f90 -O3 -fomit-frame-pointer -funroll-loops execution test
FAIL: gfortran.dg/integer_exponentiation_2.f90 -O3 -fomit-frame-pointer -funroll-all-loops -finline-functions execution test
FAIL: gfortran.dg/nint_2.f90 -O0 execution test
=== gfortran Summary ===
# of expected passes 20444
# of unexpected failures 3
# of expected failures 8
# of unsupported tests 114
/test/gnu/gcc/objdir/gcc/testsuite/gfortran/../../gfortran version 4.3.0 20070824 (experimental) [trunk revision 127789] (GCC)
=== gnat tests ===
Running target unix
FAIL: gnat.dg/controlled2.adb (test for excess errors)
=== gnat Summary ===
# of expected passes 270
# of unexpected failures 1
=== obj-c++ tests ===
Running target unix
FAIL: obj-c++.dg/bitfield-1.mm (internal compiler error)
FAIL: obj-c++.dg/bitfield-1.mm (test for excess errors)
WARNING: obj-c++.dg/bitfield-1.mm compilation failed to produce executable
FAIL: obj-c++.dg/comp-types-10.mm (test for excess errors)
FAIL: obj-c++.dg/cxx-ivars-2.mm execution test
FAIL: obj-c++.dg/encode-2.mm scan-assembler {Vec<float>=ffi}
FAIL: obj-c++.dg/encode-2.mm scan-assembler {Vec<double>=ddi}
FAIL: obj-c++.dg/encode-3.mm execution test
FAIL: obj-c++.dg/encode-8.mm execution test
FAIL: obj-c++.dg/gnu-runtime-2.mm (test for excess errors)
FAIL: obj-c++.dg/isa-field-1.mm (test for excess errors)
FAIL: obj-c++.dg/lookup-2.mm (test for excess errors)
WARNING: obj-c++.dg/lookup-2.mm compilation failed to produce executable
FAIL: obj-c++.dg/try-catch-2.mm (test for excess errors)
WARNING: obj-c++.dg/try-catch-2.mm compilation failed to produce executable
FAIL: obj-c++.dg/try-catch-9.mm (test for excess errors)
WARNING: obj-c++.dg/try-catch-9.mm compilation failed to produce executable
=== obj-c++ Summary ===
# of expected passes 420
# of unexpected failures 13
# of unsupported tests 14
/test/gnu/gcc/objdir/gcc/testsuite/obj-c++/../../g++ version 4.3.0 20070824 (experimental) [trunk revision 127789] (GCC)
=== objc tests ===
Running target unix
=== objc Summary ===
# of expected passes 1806
# of expected failures 7
# of unsupported tests 27
/test/gnu/gcc/objdir/gcc/xgcc version 4.3.0 20070824 (experimental) [trunk revision 127789] (GCC)
=== libffi tests ===
Running target unix
=== libffi Summary ===
# of expected passes 1108
# of unsupported tests 8
=== libgomp tests ===
Running target unix
FAIL: libgomp.c++/ctor-9.C -O3 -fomit-frame-pointer execution test
FAIL: libgomp.fortran/omp_parse3.f90 -O3 -g (test for excess errors)
WARNING: libgomp.fortran/omp_parse3.f90 -O3 -g compilation failed to produce executable
FAIL: libgomp.fortran/threadprivate1.f90 -Os execution test
FAIL: libgomp.fortran/threadprivate2.f90 -O3 -g (test for excess errors)
WARNING: libgomp.fortran/threadprivate2.f90 -O3 -g compilation failed to produce executable
FAIL: libgomp.fortran/threadprivate3.f90 -O3 -g (test for excess errors)
WARNING: libgomp.fortran/threadprivate3.f90 -O3 -g compilation failed to produce executable
FAIL: libgomp.fortran/vla6.f90 -O3 -fomit-frame-pointer execution test
=== libgomp Summary ===
# of expected passes 1582
# of unexpected failures 6
# of unsupported tests 9
=== libjava tests ===
Running target unix
FAIL: getstacktrace run
FAIL: getallthreads run
FAIL: LargeFile execution - source compiled test
FAIL: LargeFile -findirect-dispatch execution - source compiled test
FAIL: LargeFile -O3 execution - source compiled test
FAIL: LargeFile -O3 -findirect-dispatch execution - source compiled test
FAIL: N19990310_02 -O3 output - source compiled test
FAIL: N19990310_02 -O3 -findirect-dispatch output - source compiled test
FAIL: PR27908 execution - source compiled test
FAIL: PR27908 -O3 execution - source compiled test
FAIL: PR27908 -O3 -findirect-dispatch execution - source compiled test
FAIL: Thread_Monitor execution - source compiled test
FAIL: Thread_Monitor -findirect-dispatch execution - source compiled test
FAIL: Thread_Monitor -O3 execution - source compiled test
FAIL: Thread_Monitor -O3 -findirect-dispatch execution - source compiled test
FAIL: Thread_Wait_2 -O3 execution - source compiled test
FAIL: Thread_Wait_Interrupt -O3 execution - source compiled test
=== libjava Summary ===
# of expected passes 2508
# of unexpected failures 17
# of untested testcases 15
=== libstdc++ tests ===
Running target unix
FAIL: 23_containers/deque/check_construct_destroy.cc (test for excess errors)
WARNING: 23_containers/deque/check_construct_destroy.cc compilation failed to produce executable
FAIL: 23_containers/deque/cons/2.cc (test for excess errors)
WARNING: 23_containers/deque/cons/2.cc compilation failed to produce executable
FAIL: 23_containers/list/check_construct_destroy.cc (test for excess errors)
WARNING: 23_containers/list/check_construct_destroy.cc compilation failed to produce executable
FAIL: 23_containers/set/check_construct_destroy.cc (test for excess errors)
WARNING: 23_containers/set/check_construct_destroy.cc compilation failed to produce executable
FAIL: 23_containers/vector/capacity/2.cc (test for excess errors)
WARNING: 23_containers/vector/capacity/2.cc compilation failed to produce executable
FAIL: 23_containers/vector/check_construct_destroy.cc (test for excess errors)
WARNING: 23_containers/vector/check_construct_destroy.cc compilation failed to produce executable
FAIL: 23_containers/vector/cons/4.cc (test for excess errors)
WARNING: 23_containers/vector/cons/4.cc compilation failed to produce executable
FAIL: 25_algorithms/search_n/iterator.cc execution test
FAIL: 27_io/basic_istream/ignore/char/1.cc (test for excess errors)
WARNING: 27_io/basic_istream/ignore/char/1.cc compilation failed to produce executable
FAIL: 27_io/basic_istream/peek/char/1.cc (test for excess errors)
WARNING: 27_io/basic_istream/peek/char/1.cc compilation failed to produce executable
FAIL: 27_io/basic_istream/read/char/1.cc (test for excess errors)
WARNING: 27_io/basic_istream/read/char/1.cc compilation failed to produce executable
FAIL: ext/hash_set/check_construct_destroy.cc (test for excess errors)
WARNING: ext/hash_set/check_construct_destroy.cc compilation failed to produce executable
FAIL: ext/slist/check_construct_destroy.cc (test for excess errors)
WARNING: ext/slist/check_construct_destroy.cc compilation failed to produce executable
=== libstdc++ Summary ===
# of expected passes 4446
# of unexpected failures 13
# of expected failures 57
# of unsupported tests 340
Compiler version: 4.3.0 20070824 (experimental) [trunk revision 127789] (GCC)
Platform: hppa2.0w-hp-hpux11.11
configure flags: --with-gnu-as --with-as=/opt/gnu/bin/as --enable-shared --disable-nls --with-local-prefix=/opt/gnu --prefix=/opt/gnu/gcc/gcc-4.3.0 --enable-debug=no --enable-threads=posix --with-mpfr=/opt/gnu/gcc/gcc-4.3.0 --with-gmp=/opt/gnu/gcc/gcc-4.3.0 --disable-libmudflap --enable-languages=c,c++,objc,obj-c++,fortran,java,ada
More information about the Gcc-testresults
mailing list