Results for 4.3.0 20070813 (experimental) testsuite on i686-pc-linux-gnu
CodeSourcery Automatic Testing System
gcc@codesourcery.com
Mon Aug 13 15:44:00 GMT 2007
LAST_UPDATED: Mon Aug 13 07:12:43 UTC 2007 (/trunk revision 127391)
Native configuration is i686-pc-linux-gnu
=== g++ tests ===
Running target unix
XPASS: g++.dg/tree-ssa/copyprop-1.C scan-tree-dump-not .* = [^>;]*;
XPASS: g++.dg/tree-ssa/ivopts-1.C scan-tree-dump-not offset: -4B
XPASS: g++.dg/tree-ssa/ivopts-1.C scan-tree-dump-not &x\\[5\\]
=== g++ Summary ===
# of expected passes 16345
# of unexpected successes 3
# of expected failures 87
# of unsupported tests 83
/scratch/gcc/nightly-2007-08-13-mainline/i686-pc-linux-gnu/build_gcc/build/test-mainline-0-i686-pc-linux-gnu/host-i686-pc-linux-gnu/fsf-mainline/bin/i686-pc-linux-gnu-g++ version 4.3.0 20070813 (experimental)
=== gcc tests ===
Running target unix
FAIL: gcc.c-torture/execute/mayalias-2.c compilation, -O3 -g (internal compiler error)
UNRESOLVED: gcc.c-torture/execute/mayalias-2.c execution, -O3 -g
FAIL: gcc.c-torture/execute/mayalias-3.c compilation, -O3 -g (internal compiler error)
UNRESOLVED: gcc.c-torture/execute/mayalias-3.c execution, -O3 -g
FAIL: gcc.dg/builtins-61.c scan-tree-dump return 0.0
XPASS: gcc.dg/tree-ssa/update-threading.c scan-tree-dump-times Invalid sum 0
=== gcc Summary ===
# of expected passes 46519
# of unexpected failures 3
# of unexpected successes 1
# of expected failures 139
# of unresolved testcases 2
# of untested testcases 35
# of unsupported tests 300
/scratch/gcc/nightly-2007-08-13-mainline/i686-pc-linux-gnu/build_gcc/build/test-mainline-0-i686-pc-linux-gnu/host-i686-pc-linux-gnu/fsf-mainline/bin/i686-pc-linux-gnu-gcc version 4.3.0 20070813 (experimental)
=== libstdc++ tests ===
Running target unix
=== libstdc++ Summary ===
# of expected passes 5103
# of expected failures 55
# of unsupported tests 2
=== g++ tests ===
Running target unix/-m64
XPASS: g++.dg/tree-ssa/copyprop-1.C scan-tree-dump-not .* = [^>;]*;
XPASS: g++.dg/tree-ssa/ivopts-1.C scan-tree-dump-not offset: -4B
XPASS: g++.dg/tree-ssa/ivopts-1.C scan-tree-dump-not &x\\[5\\]
=== g++ Summary ===
# of expected passes 16259
# of unexpected successes 3
# of expected failures 87
# of unsupported tests 113
/scratch/gcc/nightly-2007-08-13-mainline/i686-pc-linux-gnu/build_gcc/build/test-mainline-0-i686-pc-linux-gnu/host-i686-pc-linux-gnu/fsf-mainline/bin/i686-pc-linux-gnu-g++ version 4.3.0 20070813 (experimental)
=== gcc tests ===
Running target unix/-m64
FAIL: gcc.c-torture/execute/mayalias-2.c compilation, -O3 -g (internal compiler error)
UNRESOLVED: gcc.c-torture/execute/mayalias-2.c execution, -O3 -g
FAIL: gcc.c-torture/execute/mayalias-3.c compilation, -O3 -g (internal compiler error)
UNRESOLVED: gcc.c-torture/execute/mayalias-3.c execution, -O3 -g
FAIL: gcc.dg/builtins-61.c scan-tree-dump return 0.0
XPASS: gcc.dg/tree-ssa/update-threading.c scan-tree-dump-times Invalid sum 0
=== gcc Summary ===
# of expected passes 46361
# of unexpected failures 3
# of unexpected successes 1
# of expected failures 138
# of unresolved testcases 2
# of untested testcases 35
# of unsupported tests 417
/scratch/gcc/nightly-2007-08-13-mainline/i686-pc-linux-gnu/build_gcc/build/test-mainline-0-i686-pc-linux-gnu/host-i686-pc-linux-gnu/fsf-mainline/bin/i686-pc-linux-gnu-gcc version 4.3.0 20070813 (experimental)
=== libstdc++ tests ===
Running target unix/-m64
FAIL: 25_algorithms/search_n/check_type.cc (test for excess errors)
XPASS: 27_io/fpos/14320-1.cc execution test
=== libstdc++ Summary ===
# of expected passes 5102
# of unexpected failures 1
# of unexpected successes 1
# of expected failures 54
# of unsupported tests 2
Compiler version: 4.3.0 20070813 (experimental)
Platform: i686-pc-linux-gnu
configure flags: --build=i686-pc-linux-gnu --host=i686-pc-linux-gnu --target=i686-pc-linux-gnu --enable-threads --disable-libmudflap --disable-libssp --disable-libgomp --disable-libstdcxx-pch --enable-targets=all --with-gnu-as --with-gnu-ld --enable-languages=c,c++ --enable-shared --disable-nls --prefix=/opt/codesourcery --with-gmp=/scratch/gcc/nightly-2007-08-13-mainline/i686-pc-linux-gnu/build_gcc/build/host-libs-mainline-0-i686-pc-linux-gnu-i686-pc-linux-gnu/usr --with-mpfr=/scratch/gcc/nightly-2007-08-13-mainline/i686-pc-linux-gnu/build_gcc/build/host-libs-mainline-0-i686-pc-linux-gnu-i686-pc-linux-gnu/usr --with-build-time-tools=/scratch/gcc/nightly-2007-08-13-mainline/i686-pc-linux-gnu/build_gcc/install/i686-pc-linux-gnu/bin --with-build-time-tools=/scratch/gcc/nightly-2007-08-13-mainline/i686-pc-linux-gnu/build_gcc/install/i686-pc-linux-gnu/bin
More information about the Gcc-testresults
mailing list