Results for 4.3.0 20070806 (experimental) [trunk revision 127260] testsuite on x86_64-unknown-linux-gnu

H.J. Lu hjl@lucon.org
Tue Aug 7 01:31:00 GMT 2007


LAST_UPDATED: Tue Aug  7 00:05:46 UTC 2007 (revision 127260)

Native configuration is x86_64-unknown-linux-gnu

		=== gcc tests ===


Running target unix/-m32
FAIL: gcc.c-torture/execute/mayalias-2.c compilation,  -O3 -g  (internal compiler error)
UNRESOLVED: gcc.c-torture/execute/mayalias-2.c execution,  -O3 -g 
FAIL: gcc.c-torture/execute/mayalias-3.c compilation,  -O3 -g  (internal compiler error)
UNRESOLVED: gcc.c-torture/execute/mayalias-3.c execution,  -O3 -g 
FAIL: gcc.dg/builtins-61.c scan-tree-dump return 0.0
XPASS: gcc.dg/tree-ssa/update-threading.c scan-tree-dump-times Invalid sum 0

		=== gcc Summary for unix/-m32 ===

# of expected passes		46493
# of unexpected failures	3
# of unexpected successes	1
# of expected failures		139
# of unresolved testcases	2
# of untested testcases		35
# of unsupported tests		305

Running target unix
FAIL: gcc.c-torture/execute/mayalias-2.c compilation,  -O3 -g  (internal compiler error)
UNRESOLVED: gcc.c-torture/execute/mayalias-2.c execution,  -O3 -g 
FAIL: gcc.c-torture/execute/mayalias-3.c compilation,  -O3 -g  (internal compiler error)
UNRESOLVED: gcc.c-torture/execute/mayalias-3.c execution,  -O3 -g 
FAIL: gcc.dg/builtins-61.c scan-tree-dump return 0.0
XPASS: gcc.dg/tree-ssa/update-threading.c scan-tree-dump-times Invalid sum 0

		=== gcc Summary for unix ===

# of expected passes		46355
# of unexpected failures	3
# of unexpected successes	1
# of expected failures		138
# of unresolved testcases	2
# of untested testcases		35
# of unsupported tests		411

		=== gcc Summary ===

# of expected passes		92848
# of unexpected failures	6
# of unexpected successes	2
# of expected failures		277
# of unresolved testcases	4
# of untested testcases		70
# of unsupported tests		716
/export/build/gnu/gcc/build-x86_64-linux/gcc/xgcc  version 4.3.0 20070806 (experimental) [trunk revision 127260]

		=== gfortran tests ===


Running target unix/-m32
FAIL: gfortran.dg/namelist_33.f90  -O   (test for errors, line 33)
FAIL: gfortran.dg/namelist_33.f90  -O   (test for errors, line 34)
FAIL: gfortran.dg/namelist_33.f90  -O  (test for excess errors)

		=== gfortran Summary for unix/-m32 ===

# of expected passes		20111
# of unexpected failures	3
# of expected failures		9
# of unsupported tests		16

Running target unix
FAIL: gfortran.dg/namelist_33.f90  -O   (test for errors, line 33)
FAIL: gfortran.dg/namelist_33.f90  -O   (test for errors, line 34)
FAIL: gfortran.dg/namelist_33.f90  -O  (test for excess errors)

		=== gfortran Summary for unix ===

# of expected passes		20109
# of unexpected failures	3
# of expected failures		9
# of unsupported tests		18

		=== gfortran Summary ===

# of expected passes		40220
# of unexpected failures	6
# of expected failures		18
# of unsupported tests		34
/export/build/gnu/gcc/build-x86_64-linux/gcc/testsuite/gfortran/../../gfortran  version 4.3.0 20070806 (experimental) [trunk revision 127260]

		=== g++ tests ===


Running target unix/-m32
XPASS: g++.dg/tree-ssa/copyprop-1.C scan-tree-dump-not .* = [^>;]*;
XPASS: g++.dg/tree-ssa/ivopts-1.C scan-tree-dump-not offset: -4B
XPASS: g++.dg/tree-ssa/ivopts-1.C scan-tree-dump-not &x\\[5\\]

		=== g++ Summary for unix/-m32 ===

# of expected passes		16336
# of unexpected successes	3
# of expected failures		87
# of unsupported tests		84

Running target unix
XPASS: g++.dg/tree-ssa/copyprop-1.C scan-tree-dump-not .* = [^>;]*;
XPASS: g++.dg/tree-ssa/ivopts-1.C scan-tree-dump-not offset: -4B
XPASS: g++.dg/tree-ssa/ivopts-1.C scan-tree-dump-not &x\\[5\\]

		=== g++ Summary for unix ===

# of expected passes		16251
# of unexpected successes	3
# of expected failures		87
# of unsupported tests		113

		=== g++ Summary ===

# of expected passes		32587
# of unexpected successes	6
# of expected failures		174
# of unsupported tests		197
/export/build/gnu/gcc/build-x86_64-linux/gcc/testsuite/g++/../../g++  version 4.3.0 20070806 (experimental) [trunk revision 127260]

		=== objc tests ===


Running target unix/-m32

		=== objc Summary for unix/-m32 ===

# of expected passes		1812
# of expected failures		7
# of unsupported tests		24

Running target unix

		=== objc Summary for unix ===

# of expected passes		1812
# of expected failures		7
# of unsupported tests		24

		=== objc Summary ===

# of expected passes		3624
# of expected failures		14
# of unsupported tests		48
/export/build/gnu/gcc/build-x86_64-linux/gcc/xgcc  version 4.3.0 20070806 (experimental) [trunk revision 127260]

		=== libffi tests ===


Running target unix/-m32

		=== libffi Summary for unix/-m32 ===

# of expected passes		1096
# of unsupported tests		8

Running target unix

		=== libffi Summary for unix ===

# of expected passes		1096
# of unsupported tests		8

		=== libffi Summary ===

# of expected passes		2192
# of unsupported tests		16
		=== libgomp tests ===


Running target unix/-m32

		=== libgomp Summary for unix/-m32 ===

# of expected passes		1607

Running target unix

		=== libgomp Summary for unix ===

# of expected passes		1607

		=== libgomp Summary ===

# of expected passes		3214
		=== libjava tests ===


Running target unix/-m32
FAIL: calls output - gij test
FAIL: virtual execution - gij test
FAIL: events output
FAIL: PR27908 -findirect-dispatch execution - source compiled test
FAIL: PR27908 -O3 execution - source compiled test
FAIL: PR27908 -O3 -findirect-dispatch execution - source compiled test

		=== libjava Summary for unix/-m32 ===

# of expected passes		2528
# of unexpected failures	6
# of untested testcases		4

Running target unix
FAIL: PR27908 -findirect-dispatch execution - source compiled test
FAIL: PR27908 -O3 execution - source compiled test
FAIL: PR27908 -O3 -findirect-dispatch execution - source compiled test

		=== libjava Summary for unix ===

# of expected passes		2532
# of unexpected failures	3
# of untested testcases		3

		=== libjava Summary ===

# of expected passes		5060
# of unexpected failures	9
# of untested testcases		7
		=== libmudflap tests ===


Running target unix/-m32
FAIL: libmudflap.c++/pass41-frag.cxx execution test
FAIL: libmudflap.c++/pass41-frag.cxx (-static) execution test
FAIL: libmudflap.c++/pass41-frag.cxx ( -O) execution test
FAIL: libmudflap.c++/pass41-frag.cxx (-O2) execution test
FAIL: libmudflap.c++/pass41-frag.cxx (-O3) execution test

		=== libmudflap Summary for unix/-m32 ===

# of expected passes		1821
# of unexpected failures	5

Running target unix
FAIL: libmudflap.c/fail8-frag.c (-static) output pattern test
FAIL: libmudflap.c/fail9-frag.c (-static) output pattern test
FAIL: libmudflap.c++/pass41-frag.cxx execution test
FAIL: libmudflap.c++/pass41-frag.cxx (-static) execution test
FAIL: libmudflap.c++/pass41-frag.cxx ( -O) execution test
FAIL: libmudflap.c++/pass41-frag.cxx (-O2) execution test
FAIL: libmudflap.c++/pass41-frag.cxx (-O3) execution test

		=== libmudflap Summary for unix ===

# of expected passes		1819
# of unexpected failures	7

		=== libmudflap Summary ===

# of expected passes		3640
# of unexpected failures	12
		=== libstdc++ tests ===


Running target unix/-m32
XPASS: 26_numerics/headers/cmath/c99_classification_macros_c.cc (test for excess errors)

		=== libstdc++ Summary for unix/-m32 ===

# of expected passes		5108
# of unexpected successes	1
# of expected failures		54

Running target unix
XPASS: 26_numerics/headers/cmath/c99_classification_macros_c.cc (test for excess errors)
XPASS: 27_io/fpos/14320-1.cc execution test

		=== libstdc++ Summary for unix ===

# of expected passes		5108
# of unexpected successes	2
# of expected failures		53

		=== libstdc++ Summary ===

# of expected passes		10216
# of unexpected successes	3
# of expected failures		107

Compiler version: 4.3.0 20070806 (experimental) [trunk revision 127260] 
Platform: x86_64-unknown-linux-gnu
configure flags: --enable-clocale=gnu --with-system-zlib --enable-decimal-float=bid --with-demangler-in-ld --enable-shared --enable-threads=posix --enable-haifa --enable-checking=assert --prefix=/usr/gcc-4.3 --with-local-prefix=/usr/local



More information about the Gcc-testresults mailing list