Results for 4.3.0 20070424 (experimental) testsuite on arm-none-linux-gnueabi

CodeSourcery Automatic Testing System gcc@codesourcery.com
Thu Apr 26 18:07:00 GMT 2007


LAST_UPDATED: Tue Apr 24 07:15:36 UTC 2007 (/trunk revision 124096)

Target is arm-none-linux-gnueabi
Host   is i686-pc-linux-gnu

		=== g++ tests ===


Running target qemu-system
XPASS: g++.dg/other/packed1.C execution test
FAIL: g++.dg/warn/multiple-overflow-warn-3.C  (test for warnings, line 8)
FAIL: g++.dg/gomp/pr27325.C (internal compiler error)
FAIL: g++.dg/gomp/pr27325.C (test for excess errors)
FAIL: g++.dg/gomp/pr27337-2.C (internal compiler error)
FAIL: g++.dg/gomp/pr27337-2.C (test for excess errors)
FAIL: g++.old-deja/g++.jason/enum6.C (test for excess errors)
FAIL: g++.old-deja/g++.law/enum9.C (test for excess errors)
FAIL: g++.old-deja/g++.other/enum4.C (test for excess errors)

		=== g++ Summary ===

# of expected passes		14782
# of unexpected failures	8
# of unexpected successes	1
# of expected failures		79
# of unsupported tests		135
/scratch/gcc/nightly-2007-04-25-mainline/arm-none-linux-gnueabi/build_gcc/build/test-mainline-0-arm-none-linux-gnueabi/host-i686-pc-linux-gnu/fsf-mainline/bin/arm-none-linux-gnueabi-g++  version 4.3.0 20070424 (experimental)

Host   is i686-pc-linux-gnu

		=== gcc tests ===


Running target qemu-system
FAIL: gcc.c-torture/execute/920501-2.c execution,  -O3 -fomit-frame-pointer 
FAIL: gcc.c-torture/execute/920501-2.c execution,  -O3 -fomit-frame-pointer -funroll-loops 
FAIL: gcc.c-torture/execute/920501-2.c execution,  -O3 -fomit-frame-pointer -funroll-all-loops -finline-functions 
FAIL: gcc.c-torture/execute/920501-2.c execution,  -O3 -g 
FAIL: gcc.c-torture/execute/mayalias-2.c compilation,  -O3 -g  (internal compiler error)
UNRESOLVED: gcc.c-torture/execute/mayalias-2.c execution,  -O3 -g 
FAIL: gcc.c-torture/execute/mayalias-3.c compilation,  -O3 -g  (internal compiler error)
UNRESOLVED: gcc.c-torture/execute/mayalias-3.c execution,  -O3 -g 
FAIL: gcc.dg/arm-g2.c scan-assembler mla[ \\t].*
WARNING: program timed out.
FAIL: gcc.dg/c99-intconst-1.c (test for excess errors)
FAIL: gcc.dg/memcpy-1.c scan-tree-dump-times nasty_local 0
FAIL: gcc.dg/var-expand1.c scan-rtl-dump Expanding Accumulator
XPASS: gcc.dg/tree-ssa/update-threading.c scan-tree-dump-times Invalid sum 0

		=== gcc Summary ===

# of expected passes		42339
# of unexpected failures	10
# of unexpected successes	1
# of expected failures		78
# of unresolved testcases	2
# of untested testcases		28
# of unsupported tests		418
/scratch/gcc/nightly-2007-04-25-mainline/arm-none-linux-gnueabi/build_gcc/build/test-mainline-0-arm-none-linux-gnueabi/host-i686-pc-linux-gnu/fsf-mainline/bin/arm-none-linux-gnueabi-gcc  version 4.3.0 20070424 (experimental)

Host   is i686-pc-linux-gnu

		=== libstdc++ tests ===


Running target qemu-system
ERROR: (DejaGnu) proc "-I/scratch/gcc/nightly-2007-04-25-mainline/arm-none-linux-gnueabi/build_gcc/build/test-mainline-0-arm-none-linux-gnueabi/host-i686-pc-linux-gnu/fsf-mainline/bin/../include/c++/4.3.0" does not exist.

		=== libstdc++ Summary ===

# of expected passes		2946
# of expected failures		21
# of unsupported tests		317
Host   is i686-pc-linux-gnu

		=== g++ tests ===


Running target qemu-system/-mthumb
XPASS: g++.dg/other/packed1.C execution test
FAIL: g++.dg/warn/multiple-overflow-warn-3.C  (test for warnings, line 8)
FAIL: g++.dg/gomp/pr27325.C (internal compiler error)
FAIL: g++.dg/gomp/pr27325.C (test for excess errors)
FAIL: g++.dg/gomp/pr27337-2.C (internal compiler error)
FAIL: g++.dg/gomp/pr27337-2.C (test for excess errors)
FAIL: g++.old-deja/g++.jason/enum6.C (test for excess errors)
FAIL: g++.old-deja/g++.law/enum9.C (test for excess errors)
FAIL: g++.old-deja/g++.other/enum4.C (test for excess errors)

		=== g++ Summary ===

# of expected passes		14778
# of unexpected failures	8
# of unexpected successes	1
# of expected failures		79
# of unsupported tests		137
/scratch/gcc/nightly-2007-04-25-mainline/arm-none-linux-gnueabi/build_gcc/build/test-mainline-0-arm-none-linux-gnueabi/host-i686-pc-linux-gnu/fsf-mainline/bin/arm-none-linux-gnueabi-g++  version 4.3.0 20070424 (experimental)

Host   is i686-pc-linux-gnu

		=== gcc tests ===


Running target qemu-system/-mthumb
XPASS: gcc.c-torture/execute/941014-1.c execution,  -O0 
FAIL: gcc.c-torture/execute/mayalias-2.c compilation,  -O3 -g  (internal compiler error)
UNRESOLVED: gcc.c-torture/execute/mayalias-2.c execution,  -O3 -g 
FAIL: gcc.c-torture/execute/mayalias-3.c compilation,  -O3 -g  (internal compiler error)
UNRESOLVED: gcc.c-torture/execute/mayalias-3.c execution,  -O3 -g 
FAIL: gcc.dg/memcpy-1.c scan-tree-dump-times nasty_local 0
FAIL: gcc.dg/nested-func-4.c (test for excess errors)
UNRESOLVED: gcc.dg/nested-func-4.c compilation failed to produce executable
FAIL: gcc.dg/sibcall-3.c execution test
FAIL: gcc.dg/sibcall-4.c execution test
FAIL: gcc.dg/var-expand1.c scan-rtl-dump Expanding Accumulator
XPASS: gcc.dg/tree-ssa/update-threading.c scan-tree-dump-times Invalid sum 0

		=== gcc Summary ===

# of expected passes		42281
# of unexpected failures	7
# of unexpected successes	2
# of expected failures		78
# of unresolved testcases	3
# of untested testcases		28
# of unsupported tests		428
/scratch/gcc/nightly-2007-04-25-mainline/arm-none-linux-gnueabi/build_gcc/build/test-mainline-0-arm-none-linux-gnueabi/host-i686-pc-linux-gnu/fsf-mainline/bin/arm-none-linux-gnueabi-gcc  version 4.3.0 20070424 (experimental)

Host   is i686-pc-linux-gnu

		=== libstdc++ tests ===


Running target qemu-system/-mthumb
ERROR: (DejaGnu) proc "-I/scratch/gcc/nightly-2007-04-25-mainline/arm-none-linux-gnueabi/build_gcc/build/test-mainline-0-arm-none-linux-gnueabi/host-i686-pc-linux-gnu/fsf-mainline/bin/../include/c++/4.3.0" does not exist.

		=== libstdc++ Summary ===

# of expected passes		2946
# of expected failures		21
# of unsupported tests		317

Compiler version: 4.3.0 20070424 (experimental) 
Platform: arm-none-linux-gnueabi
configure flags: --build=i686-pc-linux-gnu --host=i686-pc-linux-gnu --target=arm-none-linux-gnueabi --enable-shared --enable-threads --disable-libmudflap --disable-libssp --disable-libgomp --disable-libstdcxx-pch --with-gnu-as --with-gnu-ld --prefix=/opt/codesourcery --enable-languages=c,c++ --enable-symvers=gnu --enable-__cxa_atexit --disable-nls --with-sysroot=/opt/codesourcery/arm-none-linux-gnueabi/libc --with-build-sysroot=/scratch/gcc/nightly-2007-04-25-mainline/arm-none-linux-gnueabi/build_gcc/install/arm-none-linux-gnueabi/libc --with-gmp=/scratch/gcc/nightly-2007-04-25-mainline/arm-none-linux-gnueabi/build_gcc/build/host-libs-mainline-0-arm-none-linux-gnueabi-i686-pc-linux-gnu/usr --with-mpfr=/scratch/gcc/nightly-2007-04-25-mainline/arm-none-linux-gnueabi/build_gcc/build/host-libs-mainline-0-arm-none-linux-gnueabi-i686-pc-linux-gnu/usr --enable-poison-system-directories --with-build-time-tools=/scratch/gcc/nightly-2007-04-25-mainline/arm-none-linux-gnueabi/build_gcc!
 /install/arm-none-linux-gnueabi/bin --with-build-time-tools=/scratch/gcc/nightly-2007-04-25-mainline/arm-none-linux-gnueabi/build_gcc/install/arm-none-linux-gnueabi/bin



More information about the Gcc-testresults mailing list