Results for 4.3.0 20070421 (experimental) testsuite on i686-pc-linux-gnu
CodeSourcery Automatic Testing System
gcc@codesourcery.com
Sat Apr 21 15:15:00 GMT 2007
LAST_UPDATED: Sat Apr 21 07:14:48 UTC 2007 (/trunk revision 124015)
Native configuration is i686-pc-linux-gnu
=== g++ tests ===
Running target unix
XPASS: g++.dg/tree-ssa/ivopts-1.C scan-tree-dump-not offset: -4B
XPASS: g++.dg/tree-ssa/ivopts-1.C scan-tree-dump-not &x\\[5\\]
=== g++ Summary ===
# of expected passes 14885
# of unexpected successes 2
# of expected failures 79
# of unsupported tests 79
/scratch/gcc/nightly-2007-04-21-mainline/i686-pc-linux-gnu/build_gcc/build/test-mainline-0-i686-pc-linux-gnu/host-i686-pc-linux-gnu/fsf-mainline/bin/i686-pc-linux-gnu-g++ version 4.3.0 20070421 (experimental)
=== gcc tests ===
Running target unix
FAIL: gcc.c-torture/execute/mayalias-2.c compilation, -O3 -g (internal compiler error)
UNRESOLVED: gcc.c-torture/execute/mayalias-2.c execution, -O3 -g
FAIL: gcc.c-torture/execute/mayalias-3.c compilation, -O3 -g (internal compiler error)
UNRESOLVED: gcc.c-torture/execute/mayalias-3.c execution, -O3 -g
FAIL: gcc.dg/dfp/convert-bfp-fold.c (internal compiler error)
FAIL: gcc.dg/dfp/convert-bfp-fold.c (test for excess errors)
UNRESOLVED: gcc.dg/dfp/convert-bfp-fold.c compilation failed to produce executable
XPASS: gcc.dg/tree-ssa/update-threading.c scan-tree-dump-times Invalid sum 0
FAIL: gcc.target/i386/sse-vect-types.c (test for excess errors)
=== gcc Summary ===
# of expected passes 44851
# of unexpected failures 5
# of unexpected successes 1
# of expected failures 115
# of unresolved testcases 3
# of untested testcases 28
# of unsupported tests 303
/scratch/gcc/nightly-2007-04-21-mainline/i686-pc-linux-gnu/build_gcc/build/test-mainline-0-i686-pc-linux-gnu/host-i686-pc-linux-gnu/fsf-mainline/bin/i686-pc-linux-gnu-gcc version 4.3.0 20070421 (experimental)
=== libstdc++ tests ===
Running target unix
=== libstdc++ Summary ===
# of expected passes 4854
# of expected failures 29
# of unsupported tests 2
=== g++ tests ===
Running target unix/-m64
XPASS: g++.dg/tree-ssa/ivopts-1.C scan-tree-dump-not offset: -4B
XPASS: g++.dg/tree-ssa/ivopts-1.C scan-tree-dump-not &x\\[5\\]
FAIL: g++.old-deja/g++.other/vbase5.C execution test
=== g++ Summary ===
# of expected passes 14798
# of unexpected failures 1
# of unexpected successes 2
# of expected failures 79
# of unsupported tests 109
/scratch/gcc/nightly-2007-04-21-mainline/i686-pc-linux-gnu/build_gcc/build/test-mainline-0-i686-pc-linux-gnu/host-i686-pc-linux-gnu/fsf-mainline/bin/i686-pc-linux-gnu-g++ version 4.3.0 20070421 (experimental)
=== gcc tests ===
Running target unix/-m64
FAIL: gcc.c-torture/execute/mayalias-2.c compilation, -O3 -g (internal compiler error)
UNRESOLVED: gcc.c-torture/execute/mayalias-2.c execution, -O3 -g
FAIL: gcc.c-torture/execute/mayalias-3.c compilation, -O3 -g (internal compiler error)
UNRESOLVED: gcc.c-torture/execute/mayalias-3.c execution, -O3 -g
FAIL: gcc.dg/dfp/convert-bfp-fold.c (test for excess errors)
UNRESOLVED: gcc.dg/dfp/convert-bfp-fold.c compilation failed to produce executable
FAIL: gcc.dg/invalid-call-1.c non-compatible type (test for warnings, line 16)
FAIL: gcc.dg/invalid-call-1.c (test for excess errors)
UNRESOLVED: gcc.dg/torture/fp-int-convert-float128-timode.c -O0 compilation failed to produce executable
UNRESOLVED: gcc.dg/torture/fp-int-convert-float128-timode.c -O1 compilation failed to produce executable
UNRESOLVED: gcc.dg/torture/fp-int-convert-float128-timode.c -O2 compilation failed to produce executable
UNRESOLVED: gcc.dg/torture/fp-int-convert-float128-timode.c -O3 -fomit-frame-pointer compilation failed to produce executable
UNRESOLVED: gcc.dg/torture/fp-int-convert-float128-timode.c -O3 -g compilation failed to produce executable
UNRESOLVED: gcc.dg/torture/fp-int-convert-float128-timode.c -Os compilation failed to produce executable
UNRESOLVED: gcc.dg/torture/fp-int-convert-float128.c -O0 compilation failed to produce executable
UNRESOLVED: gcc.dg/torture/fp-int-convert-float128.c -O1 compilation failed to produce executable
UNRESOLVED: gcc.dg/torture/fp-int-convert-float128.c -O2 compilation failed to produce executable
UNRESOLVED: gcc.dg/torture/fp-int-convert-float128.c -O3 -fomit-frame-pointer compilation failed to produce executable
UNRESOLVED: gcc.dg/torture/fp-int-convert-float128.c -O3 -g compilation failed to produce executable
UNRESOLVED: gcc.dg/torture/fp-int-convert-float128.c -Os compilation failed to produce executable
XPASS: gcc.dg/tree-ssa/update-threading.c scan-tree-dump-times Invalid sum 0
FAIL: gcc.target/i386/sse-13.c (test for excess errors)
FAIL: gcc.target/i386/sse-14.c (test for excess errors)
FAIL: gcc.target/i386/sse-vect-types.c (test for excess errors)
=== gcc Summary ===
# of expected passes 44664
# of unexpected failures 8
# of unexpected successes 1
# of expected failures 126
# of unresolved testcases 15
# of untested testcases 28
# of unsupported tests 420
/scratch/gcc/nightly-2007-04-21-mainline/i686-pc-linux-gnu/build_gcc/build/test-mainline-0-i686-pc-linux-gnu/host-i686-pc-linux-gnu/fsf-mainline/bin/i686-pc-linux-gnu-gcc version 4.3.0 20070421 (experimental)
=== libstdc++ tests ===
Running target unix/-m64
XPASS: 27_io/fpos/14320-1.cc execution test
=== libstdc++ Summary ===
# of expected passes 4854
# of unexpected successes 1
# of expected failures 28
# of unsupported tests 2
Compiler version: 4.3.0 20070421 (experimental)
Platform: i686-pc-linux-gnu
configure flags: --build=i686-pc-linux-gnu --host=i686-pc-linux-gnu --target=i686-pc-linux-gnu --enable-shared --enable-threads --disable-libmudflap --disable-libssp --disable-libgomp --disable-libstdcxx-pch --enable-targets=all --with-gnu-as --with-gnu-ld --prefix=/opt/codesourcery --enable-languages=c,c++ --disable-nls --with-gmp=/scratch/gcc/nightly-2007-04-21-mainline/i686-pc-linux-gnu/build_gcc/build/host-libs-mainline-0-i686-pc-linux-gnu-i686-pc-linux-gnu/usr --with-mpfr=/scratch/gcc/nightly-2007-04-21-mainline/i686-pc-linux-gnu/build_gcc/build/host-libs-mainline-0-i686-pc-linux-gnu-i686-pc-linux-gnu/usr --with-build-time-tools=/scratch/gcc/nightly-2007-04-21-mainline/i686-pc-linux-gnu/build_gcc/install/i686-pc-linux-gnu/bin --with-build-time-tools=/scratch/gcc/nightly-2007-04-21-mainline/i686-pc-linux-gnu/build_gcc/install/i686-pc-linux-gnu/bin
More information about the Gcc-testresults
mailing list