Results for 4.2.0 20070419 (prerelease) testsuite on i686-pc-linux-gnu
Joe Buck
Joe.Buck@synopsys.com
Thu Apr 19 13:56:00 GMT 2007
This is a Red Hat Enterprise (GNU/)Linux WS release 3 system
(yes, horribly old) running on a dual 2.2 GHz Intel Xeon system.
boot compiler: gcc 3.4.2
kernel: 2.4.21-32.EL (from Red Hat)
glibc: 2.3.2-95.33 (from Red Hat)
binutils: 2.17 (FSF release)
MPFR: 2.2.1
Only C, C++, ObjC, and Fortran are tested (no Java).
LAST_UPDATED: Thu Apr 19 07:42:54 UTC 2007 (revision 123968)
Native configuration is i686-pc-linux-gnu
=== g++ tests ===
Running target unix
XPASS: g++.dg/tree-ssa/ivopts-1.C scan-tree-dump-not offset: -4B
XPASS: g++.dg/tree-ssa/ivopts-1.C scan-tree-dump-not &x\\[5\\]
=== g++ Summary ===
# of expected passes 13428
# of unexpected successes 2
# of expected failures 66
# of unsupported tests 74
/var/tmp/gccbuild/4_2_branch/gcc/testsuite/g++/../../g++ version 4.2.0 20070419 (prerelease)
=== gcc tests ===
Running target unix
UNRESOLVED: gcc.c-torture/execute/mayalias-2.c execution, -O3 -g
FAIL: gcc.target/i386/vectorize1.c (internal compiler error)
FAIL: gcc.target/i386/vectorize1.c (test for excess errors)
=== gcc Summary ===
# of expected passes 41965
# of unexpected failures 2
# of expected failures 116
# of unresolved testcases 1
# of untested testcases 28
# of unsupported tests 292
/var/tmp/gccbuild/4_2_branch/gcc/xgcc version 4.2.0 20070419 (prerelease)
=== gfortran tests ===
Running target unix
=== gfortran Summary ===
# of expected passes 16003
# of expected failures 15
# of unsupported tests 16
/var/tmp/gccbuild/4_2_branch/gcc/testsuite/gfortran/../../gfortran version 4.2.0 20070419 (prerelease)
=== objc tests ===
Running target unix
=== objc Summary ===
# of expected passes 1806
# of expected failures 7
# of unsupported tests 24
/var/tmp/gccbuild/4_2_branch/gcc/xgcc version 4.2.0 20070419 (prerelease)
=== libgomp tests ===
Running target unix
=== libgomp Summary ===
# of expected passes 1566
=== libmudflap tests ===
Running target unix
FAIL: libmudflap.cth/pass39-frag.c (-O2) (rerun 3) execution test
FAIL: libmudflap.cth/pass39-frag.c (-O2) (rerun 3) output pattern test
=== libmudflap Summary ===
# of expected passes 1812
# of unexpected failures 2
=== libstdc++ tests ===
Running target unix
XPASS: 26_numerics/cmath/c99_classification_macros_c.cc (test for excess errors)
=== libstdc++ Summary ===
# of expected passes 1739
# of unexpected successes 1
# of expected failures 8
Compiler version: 4.2.0 20070419 (prerelease)
Platform: i686-pc-linux-gnu
configure flags: --prefix=/usr/localdisk/gcc-cvs/4_2_branch --with-gnu-as --with-as=/remote/atg5/jbuck/binutils-2.17-linux/bin/as --with-gnu-ld --with-ld=/remote/atg5/jbuck/binutils-2.17-linux/bin/ld --with-mpfr=/remote/atg5/jbuck/mpfr-linux --enable-languages=c,c++,fortran,objc
More information about the Gcc-testresults
mailing list