Results for 4.3.0 20070415 (experimental) [trunk revision 123846] testsuite on x86_64-unknown-linux-gnu
H.J. Lu
hjl@lucon.org
Sun Apr 15 16:51:00 GMT 2007
LAST_UPDATED: Sun Apr 15 14:46:39 UTC 2007 (revision 123846)
Native configuration is x86_64-unknown-linux-gnu
=== gcc tests ===
Running target unix/-m32
FAIL: gcc.c-torture/execute/mayalias-2.c compilation, -O3 -g (internal compiler error)
UNRESOLVED: gcc.c-torture/execute/mayalias-2.c execution, -O3 -g
FAIL: gcc.c-torture/execute/mayalias-3.c compilation, -O3 -g (internal compiler error)
UNRESOLVED: gcc.c-torture/execute/mayalias-3.c execution, -O3 -g
FAIL: gcc.dg/dfp/convert-bfp-fold.c (internal compiler error)
FAIL: gcc.dg/dfp/convert-bfp-fold.c (test for excess errors)
WARNING: gcc.dg/dfp/convert-bfp-fold.c compilation failed to produce executable
FAIL: gcc.dg/gnu89-init-4.c (test for excess errors)
WARNING: gcc.dg/gnu89-init-4.c compilation failed to produce executable
XPASS: gcc.dg/tree-ssa/update-threading.c scan-tree-dump-times Invalid sum 0
FAIL: gcc.target/i386/sse-vect-types.c (test for excess errors)
=== gcc Summary for unix/-m32 ===
# of expected passes 44540
# of unexpected failures 6
# of unexpected successes 1
# of expected failures 115
# of unresolved testcases 2
# of untested testcases 28
# of unsupported tests 307
Running target unix
FAIL: gcc.c-torture/execute/mayalias-2.c compilation, -O3 -g (internal compiler error)
UNRESOLVED: gcc.c-torture/execute/mayalias-2.c execution, -O3 -g
FAIL: gcc.c-torture/execute/mayalias-3.c compilation, -O3 -g (internal compiler error)
UNRESOLVED: gcc.c-torture/execute/mayalias-3.c execution, -O3 -g
FAIL: gcc.dg/dfp/convert-bfp-fold.c (test for excess errors)
WARNING: gcc.dg/dfp/convert-bfp-fold.c compilation failed to produce executable
FAIL: gcc.dg/gnu89-init-4.c (test for excess errors)
WARNING: gcc.dg/gnu89-init-4.c compilation failed to produce executable
WARNING: gcc.dg/torture/fp-int-convert-float128-timode.c -O0 compilation failed to produce executable
WARNING: gcc.dg/torture/fp-int-convert-float128-timode.c -O1 compilation failed to produce executable
WARNING: gcc.dg/torture/fp-int-convert-float128-timode.c -O2 compilation failed to produce executable
WARNING: gcc.dg/torture/fp-int-convert-float128-timode.c -O3 -fomit-frame-pointer compilation failed to produce executable
WARNING: gcc.dg/torture/fp-int-convert-float128-timode.c -O3 -g compilation failed to produce executable
WARNING: gcc.dg/torture/fp-int-convert-float128-timode.c -Os compilation failed to produce executable
WARNING: gcc.dg/torture/fp-int-convert-float128.c -O0 compilation failed to produce executable
WARNING: gcc.dg/torture/fp-int-convert-float128.c -O1 compilation failed to produce executable
WARNING: gcc.dg/torture/fp-int-convert-float128.c -O2 compilation failed to produce executable
WARNING: gcc.dg/torture/fp-int-convert-float128.c -O3 -fomit-frame-pointer compilation failed to produce executable
WARNING: gcc.dg/torture/fp-int-convert-float128.c -O3 -g compilation failed to produce executable
WARNING: gcc.dg/torture/fp-int-convert-float128.c -Os compilation failed to produce executable
XPASS: gcc.dg/tree-ssa/update-threading.c scan-tree-dump-times Invalid sum 0
FAIL: gcc.target/i386/sse-13.c (test for excess errors)
FAIL: gcc.target/i386/sse-14.c (test for excess errors)
FAIL: gcc.target/i386/sse-vect-types.c (test for excess errors)
=== gcc Summary for unix ===
# of expected passes 44377
# of unexpected failures 7
# of unexpected successes 1
# of expected failures 126
# of unresolved testcases 2
# of untested testcases 28
# of unsupported tests 414
=== gcc Summary ===
# of expected passes 88917
# of unexpected failures 13
# of unexpected successes 2
# of expected failures 241
# of unresolved testcases 4
# of untested testcases 56
# of unsupported tests 721
/export/build/gnu/gcc/build-x86_64-linux/gcc/xgcc version 4.3.0 20070415 (experimental) [trunk revision 123846]
=== gfortran tests ===
Running target unix/-m32
FAIL: gfortran.dg/warnings_are_errors_1.f90 -O (test for warnings, line 8)
=== gfortran Summary for unix/-m32 ===
# of expected passes 17475
# of unexpected failures 1
# of expected failures 7
# of unsupported tests 16
Running target unix
FAIL: gfortran.dg/secnds.f -O3 -g execution test
FAIL: gfortran.dg/secnds.f -Os execution test
FAIL: gfortran.dg/warnings_are_errors_1.f90 -O (test for warnings, line 8)
=== gfortran Summary for unix ===
# of expected passes 17471
# of unexpected failures 3
# of expected failures 7
# of unsupported tests 18
=== gfortran Summary ===
# of expected passes 34946
# of unexpected failures 4
# of expected failures 14
# of unsupported tests 34
/export/build/gnu/gcc/build-x86_64-linux/gcc/testsuite/gfortran/../../gfortran version 4.3.0 20070415 (experimental) [trunk revision 123846]
=== g++ tests ===
Running target unix/-m32
XPASS: g++.dg/tree-ssa/ivopts-1.C scan-tree-dump-not offset: -4B
XPASS: g++.dg/tree-ssa/ivopts-1.C scan-tree-dump-not &x\\[5\\]
=== g++ Summary for unix/-m32 ===
# of expected passes 14482
# of unexpected successes 2
# of expected failures 79
# of unsupported tests 80
Running target unix
XPASS: g++.dg/tree-ssa/ivopts-1.C scan-tree-dump-not offset: -4B
XPASS: g++.dg/tree-ssa/ivopts-1.C scan-tree-dump-not &x\\[5\\]
=== g++ Summary for unix ===
# of expected passes 14397
# of unexpected successes 2
# of expected failures 79
# of unsupported tests 109
=== g++ Summary ===
# of expected passes 28879
# of unexpected successes 4
# of expected failures 158
# of unsupported tests 189
/export/build/gnu/gcc/build-x86_64-linux/gcc/testsuite/g++/../../g++ version 4.3.0 20070415 (experimental) [trunk revision 123846]
=== objc tests ===
Running target unix/-m32
=== objc Summary for unix/-m32 ===
# of expected passes 1812
# of expected failures 7
# of unsupported tests 24
Running target unix
=== objc Summary for unix ===
# of expected passes 1812
# of expected failures 7
# of unsupported tests 24
=== objc Summary ===
# of expected passes 3624
# of expected failures 14
# of unsupported tests 48
/export/build/gnu/gcc/build-x86_64-linux/gcc/xgcc version 4.3.0 20070415 (experimental) [trunk revision 123846]
=== libffi tests ===
Running target unix/-m32
=== libffi Summary for unix/-m32 ===
# of expected passes 1096
# of unsupported tests 8
Running target unix
=== libffi Summary for unix ===
# of expected passes 1096
# of unsupported tests 8
=== libffi Summary ===
# of expected passes 2192
# of unsupported tests 16
=== libgomp tests ===
Running target unix/-m32
=== libgomp Summary for unix/-m32 ===
# of expected passes 1566
Running target unix
=== libgomp Summary for unix ===
# of expected passes 1566
=== libgomp Summary ===
# of expected passes 3132
=== libjava tests ===
Running target unix/-m32
FAIL: events output
=== libjava Summary for unix/-m32 ===
# of expected passes 2535
# of unexpected failures 1
Running target unix
=== libjava Summary for unix ===
# of expected passes 2536
=== libjava Summary ===
# of expected passes 5071
# of unexpected failures 1
=== libmudflap tests ===
Running target unix/-m32
FAIL: libmudflap.c++/pass41-frag.cxx execution test
FAIL: libmudflap.c++/pass41-frag.cxx (-static) execution test
FAIL: libmudflap.c++/pass41-frag.cxx ( -O) execution test
FAIL: libmudflap.c++/pass41-frag.cxx (-O2) execution test
FAIL: libmudflap.c++/pass41-frag.cxx (-O3) execution test
=== libmudflap Summary for unix/-m32 ===
# of expected passes 1821
# of unexpected failures 5
Running target unix
FAIL: libmudflap.c/fail8-frag.c (-static) output pattern test
FAIL: libmudflap.c/fail9-frag.c (-static) output pattern test
FAIL: libmudflap.c++/pass41-frag.cxx execution test
FAIL: libmudflap.c++/pass41-frag.cxx (-static) execution test
FAIL: libmudflap.c++/pass41-frag.cxx ( -O) execution test
FAIL: libmudflap.c++/pass41-frag.cxx (-O2) execution test
FAIL: libmudflap.c++/pass41-frag.cxx (-O3) execution test
=== libmudflap Summary for unix ===
# of expected passes 1819
# of unexpected failures 7
=== libmudflap Summary ===
# of expected passes 3640
# of unexpected failures 12
=== libstdc++ tests ===
Running target unix/-m32
XPASS: 26_numerics/headers/cmath/c99_classification_macros_c.cc (test for excess errors)
=== libstdc++ Summary for unix/-m32 ===
# of expected passes 4859
# of unexpected successes 1
# of expected failures 28
Running target unix
XPASS: 26_numerics/headers/cmath/c99_classification_macros_c.cc (test for excess errors)
XPASS: 27_io/fpos/14320-1.cc execution test
=== libstdc++ Summary for unix ===
# of expected passes 4859
# of unexpected successes 2
# of expected failures 27
=== libstdc++ Summary ===
# of expected passes 9718
# of unexpected successes 3
# of expected failures 55
Compiler version: 4.3.0 20070415 (experimental) [trunk revision 123846]
Platform: x86_64-unknown-linux-gnu
configure flags: --enable-clocale=gnu --with-system-zlib --enable-decimal-float=yes --with-demangler-in-ld --enable-shared --enable-threads=posix --enable-haifa --enable-checking=assert --prefix=/usr/gcc-4.3 --with-local-prefix=/usr/local
More information about the Gcc-testresults
mailing list