Results for 4.3.0 20070407 (experimental) gcc testsuite on frv-unknown-elf
mstein
mstein@phenix.rootshell.be
Tue Apr 10 05:00:00 GMT 2007
Ubuntu 5 on pentium3-smp
cross tool versions:
GNU assembler (GNU Binutils) 2.17.50.20070407
GNU gdb 6.6.50.20070407-cvs
GNU ld (GNU Binutils) 2.17.50.20070407
GNU Make 3.80
expect version 5.42.1
host gcc version: gcc (GCC) 4.3.0 20070406 (experimental)
LAST_UPDATED: Sat Apr 7 22:03:21 UTC 2007 (revision 123647)
Target is frv-unknown-elf
Host is i686-pc-linux-gnu
=== gcc tests ===
Running target frv-sim
FAIL: gcc.c-torture/compile/920501-11.c -O0 (internal compiler error)
FAIL: gcc.c-torture/compile/920501-11.c -O0 (test for excess errors)
FAIL: gcc.c-torture/compile/920501-11.c -O1 (internal compiler error)
FAIL: gcc.c-torture/compile/920501-11.c -O1 (test for excess errors)
FAIL: gcc.c-torture/compile/920501-11.c -O2 (internal compiler error)
FAIL: gcc.c-torture/compile/920501-11.c -O2 (test for excess errors)
FAIL: gcc.c-torture/compile/920501-11.c -O3 -fomit-frame-pointer (internal compiler error)
FAIL: gcc.c-torture/compile/920501-11.c -O3 -fomit-frame-pointer (test for excess errors)
FAIL: gcc.c-torture/compile/920501-11.c -O3 -g (internal compiler error)
FAIL: gcc.c-torture/compile/920501-11.c -O3 -g (test for excess errors)
FAIL: gcc.c-torture/compile/920501-11.c -Os (internal compiler error)
FAIL: gcc.c-torture/compile/920501-11.c -Os (test for excess errors)
FAIL: gcc.c-torture/compile/init-1.c -O0 (internal compiler error)
FAIL: gcc.c-torture/compile/init-1.c -O0 (test for excess errors)
FAIL: gcc.c-torture/compile/init-1.c -O1 (internal compiler error)
FAIL: gcc.c-torture/compile/init-1.c -O1 (test for excess errors)
FAIL: gcc.c-torture/compile/init-1.c -O2 (internal compiler error)
FAIL: gcc.c-torture/compile/init-1.c -O2 (test for excess errors)
FAIL: gcc.c-torture/compile/init-1.c -O3 -fomit-frame-pointer (internal compiler error)
FAIL: gcc.c-torture/compile/init-1.c -O3 -fomit-frame-pointer (test for excess errors)
FAIL: gcc.c-torture/compile/init-1.c -O3 -g (internal compiler error)
FAIL: gcc.c-torture/compile/init-1.c -O3 -g (test for excess errors)
FAIL: gcc.c-torture/compile/init-1.c -Os (internal compiler error)
FAIL: gcc.c-torture/compile/init-1.c -Os (test for excess errors)
FAIL: gcc.c-torture/execute/20050929-1.c compilation, -O0 (internal compiler error)
UNRESOLVED: gcc.c-torture/execute/20050929-1.c execution, -O0
FAIL: gcc.c-torture/execute/20050929-1.c compilation, -O1 (internal compiler error)
UNRESOLVED: gcc.c-torture/execute/20050929-1.c execution, -O1
FAIL: gcc.c-torture/execute/20050929-1.c compilation, -O2 (internal compiler error)
UNRESOLVED: gcc.c-torture/execute/20050929-1.c execution, -O2
FAIL: gcc.c-torture/execute/20050929-1.c compilation, -O3 -fomit-frame-pointer (internal compiler error)
UNRESOLVED: gcc.c-torture/execute/20050929-1.c execution, -O3 -fomit-frame-pointer
FAIL: gcc.c-torture/execute/20050929-1.c compilation, -O3 -g (internal compiler error)
UNRESOLVED: gcc.c-torture/execute/20050929-1.c execution, -O3 -g
FAIL: gcc.c-torture/execute/20050929-1.c compilation, -Os (internal compiler error)
UNRESOLVED: gcc.c-torture/execute/20050929-1.c execution, -Os
FAIL: gcc.c-torture/execute/mayalias-2.c compilation, -O3 -g (internal compiler error)
UNRESOLVED: gcc.c-torture/execute/mayalias-2.c execution, -O3 -g
FAIL: gcc.c-torture/execute/mayalias-3.c compilation, -O3 -g (internal compiler error)
UNRESOLVED: gcc.c-torture/execute/mayalias-3.c execution, -O3 -g
FAIL: gcc.c-torture/execute/multi-ix.c execution, -O0
WARNING: Could not compile gcc.dg/compat/struct-layout-1 generator
FAIL: gcc.dg/cpp/_Pragma6.c (test for excess errors)
FAIL: gcc.dg/cpp/assert4.c (test for excess errors)
FAIL: gcc.dg/20020312-2.c (test for excess errors)
WARNING: gcc.dg/20020312-2.c compilation failed to produce executable
FAIL: gcc.dg/asm-4.c (internal compiler error)
FAIL: gcc.dg/asm-4.c (test for excess errors)
FAIL: gcc.dg/attr-weakref-1.c (test for excess errors)
WARNING: gcc.dg/attr-weakref-1.c compilation failed to produce executable
FAIL: gcc.dg/builtins-20.c (test for excess errors)
FAIL: gcc.dg/builtins-59.c scan-tree-dump __builtin_cexpi
FAIL: gcc.dg/builtins-59.c scan-tree-dump-not sincos
FAIL: gcc.dg/builtins-61.c scan-tree-dump cexpi
FAIL: gcc.dg/builtins-61.c scan-tree-dump sin
FAIL: gcc.dg/builtins-61.c scan-tree-dump cos
FAIL: gcc.dg/builtins-61.c scan-tree-dump return 0.0
FAIL: gcc.dg/builtins-62.c scan-tree-dump-times cexpi 3
FAIL: gcc.dg/c99-complit-1.c (internal compiler error)
FAIL: gcc.dg/c99-complit-1.c (test for excess errors)
WARNING: gcc.dg/c99-complit-1.c compilation failed to produce executable
FAIL: gcc.dg/c99-complit-2.c (internal compiler error)
FAIL: gcc.dg/c99-complit-2.c non-const (test for errors, line 42)
FAIL: gcc.dg/c99-complit-2.c non-const (test for errors, line 46)
FAIL: gcc.dg/c99-complit-2.c struct bad init (test for errors, line 51)
FAIL: gcc.dg/c99-complit-2.c union bad init (test for errors, line 53)
FAIL: gcc.dg/c99-complit-2.c array bad init (test for errors, line 58)
FAIL: gcc.dg/c99-complit-2.c array bad init (test for errors, line 66)
FAIL: gcc.dg/c99-complit-2.c (test for excess errors)
FAIL: gcc.dg/c99-init-4.c (internal compiler error)
FAIL: gcc.dg/c99-init-4.c (test for excess errors)
FAIL: gcc.dg/float-range-3.c (test for excess errors)
FAIL: gcc.dg/float-range-4.c (test for excess errors)
FAIL: gcc.dg/float-range-5.c (test for excess errors)
FAIL: gcc.dg/init-empty-1.c (internal compiler error)
FAIL: gcc.dg/init-empty-1.c (test for excess errors)
FAIL: gcc.dg/init-empty-2.c (internal compiler error)
FAIL: gcc.dg/init-empty-2.c (test for excess errors)
FAIL: gcc.dg/init-empty-3.c (internal compiler error)
FAIL: gcc.dg/init-empty-3.c (test for excess errors)
FAIL: gcc.dg/init-string-1.c (internal compiler error)
FAIL: gcc.dg/init-string-1.c paren array (test for errors, line 55)
FAIL: gcc.dg/init-string-1.c paren array (test for errors, line 58)
FAIL: gcc.dg/init-string-1.c (test for excess errors)
FAIL: gcc.dg/init-string-2.c (internal compiler error)
FAIL: gcc.dg/init-string-2.c (test for excess errors)
FAIL: gcc.dg/initpri1.c execution test
FAIL: gcc.dg/memcpy-1.c scan-tree-dump-times nasty_local 0
FAIL: gcc.dg/tls/alias-1.c (test for excess errors)
FAIL: gcc.dg/tls/opt-2.c (test for excess errors)
FAIL: gcc.dg/torture/builtin-pow-mpfr-1.c -O0 scan-tree-dump pow
FAIL: gcc.dg/torture/builtin-pow-mpfr-1.c -O1 scan-tree-dump pow
FAIL: gcc.dg/torture/builtin-pow-mpfr-1.c -O2 scan-tree-dump pow
FAIL: gcc.dg/torture/builtin-pow-mpfr-1.c -O3 -fomit-frame-pointer scan-tree-dump pow
FAIL: gcc.dg/torture/builtin-pow-mpfr-1.c -O3 -g scan-tree-dump pow
FAIL: gcc.dg/torture/builtin-pow-mpfr-1.c -Os scan-tree-dump pow
FAIL: gcc.dg/torture/builtin-sin-mpfr-1.c -O0 (test for excess errors)
FAIL: gcc.dg/torture/builtin-sin-mpfr-1.c -O1 (test for excess errors)
FAIL: gcc.dg/torture/builtin-sin-mpfr-1.c -O2 (test for excess errors)
FAIL: gcc.dg/torture/builtin-sin-mpfr-1.c -O3 -fomit-frame-pointer (test for excess errors)
FAIL: gcc.dg/torture/builtin-sin-mpfr-1.c -O3 -fomit-frame-pointer -funroll-loops (test for excess errors)
FAIL: gcc.dg/torture/builtin-sin-mpfr-1.c -O3 -fomit-frame-pointer -funroll-all-loops -finline-functions (test for excess errors)
FAIL: gcc.dg/torture/builtin-sin-mpfr-1.c -O3 -g (test for excess errors)
FAIL: gcc.dg/torture/builtin-sin-mpfr-1.c -Os (test for excess errors)
FAIL: gcc.dg/tree-prof/indir-call-prof.c compilation, -fprofile-generate -D_PROFILE_GENERATE
UNRESOLVED: gcc.dg/tree-prof/indir-call-prof.c execution, -fprofile-generate -D_PROFILE_GENERATE
UNRESOLVED: gcc.dg/tree-prof/indir-call-prof.c compilation, -fprofile-use -D_PROFILE_USE
UNRESOLVED: gcc.dg/tree-prof/indir-call-prof.c execution, -fprofile-use -D_PROFILE_USE
FAIL: gcc.dg/tree-prof/inliner-1.c compilation, -fprofile-generate -D_PROFILE_GENERATE
UNRESOLVED: gcc.dg/tree-prof/inliner-1.c execution, -fprofile-generate -D_PROFILE_GENERATE
UNRESOLVED: gcc.dg/tree-prof/inliner-1.c compilation, -fprofile-use -D_PROFILE_USE
UNRESOLVED: gcc.dg/tree-prof/inliner-1.c execution, -fprofile-use -D_PROFILE_USE
FAIL: gcc.dg/tree-prof/stringop-1.c compilation, -fprofile-generate -D_PROFILE_GENERATE
UNRESOLVED: gcc.dg/tree-prof/stringop-1.c execution, -fprofile-generate -D_PROFILE_GENERATE
UNRESOLVED: gcc.dg/tree-prof/stringop-1.c compilation, -fprofile-use -D_PROFILE_USE
UNRESOLVED: gcc.dg/tree-prof/stringop-1.c execution, -fprofile-use -D_PROFILE_USE
FAIL: gcc.dg/tree-prof/stringop-2.c compilation, -fprofile-generate -D_PROFILE_GENERATE
UNRESOLVED: gcc.dg/tree-prof/stringop-2.c execution, -fprofile-generate -D_PROFILE_GENERATE
UNRESOLVED: gcc.dg/tree-prof/stringop-2.c compilation, -fprofile-use -D_PROFILE_USE
UNRESOLVED: gcc.dg/tree-prof/stringop-2.c execution, -fprofile-use -D_PROFILE_USE
FAIL: gcc.dg/tree-prof/update-cunroll-2.c compilation, -fprofile-generate -D_PROFILE_GENERATE
UNRESOLVED: gcc.dg/tree-prof/update-cunroll-2.c execution, -fprofile-generate -D_PROFILE_GENERATE
UNRESOLVED: gcc.dg/tree-prof/update-cunroll-2.c compilation, -fprofile-use -D_PROFILE_USE
UNRESOLVED: gcc.dg/tree-prof/update-cunroll-2.c execution, -fprofile-use -D_PROFILE_USE
FAIL: gcc.dg/tree-prof/update-loopch.c compilation, -fprofile-generate -D_PROFILE_GENERATE
UNRESOLVED: gcc.dg/tree-prof/update-loopch.c execution, -fprofile-generate -D_PROFILE_GENERATE
UNRESOLVED: gcc.dg/tree-prof/update-loopch.c compilation, -fprofile-use -D_PROFILE_USE
UNRESOLVED: gcc.dg/tree-prof/update-loopch.c execution, -fprofile-use -D_PROFILE_USE
FAIL: gcc.dg/tree-prof/update-tailcall.c compilation, -fprofile-generate -D_PROFILE_GENERATE
UNRESOLVED: gcc.dg/tree-prof/update-tailcall.c execution, -fprofile-generate -D_PROFILE_GENERATE
UNRESOLVED: gcc.dg/tree-prof/update-tailcall.c compilation, -fprofile-use -D_PROFILE_USE
UNRESOLVED: gcc.dg/tree-prof/update-tailcall.c execution, -fprofile-use -D_PROFILE_USE
FAIL: gcc.dg/tree-prof/val-prof-1.c compilation, -fprofile-generate -D_PROFILE_GENERATE
UNRESOLVED: gcc.dg/tree-prof/val-prof-1.c execution, -fprofile-generate -D_PROFILE_GENERATE
UNRESOLVED: gcc.dg/tree-prof/val-prof-1.c compilation, -fprofile-use -D_PROFILE_USE
UNRESOLVED: gcc.dg/tree-prof/val-prof-1.c execution, -fprofile-use -D_PROFILE_USE
FAIL: gcc.dg/tree-prof/val-prof-2.c compilation, -fprofile-generate -D_PROFILE_GENERATE
UNRESOLVED: gcc.dg/tree-prof/val-prof-2.c execution, -fprofile-generate -D_PROFILE_GENERATE
UNRESOLVED: gcc.dg/tree-prof/val-prof-2.c compilation, -fprofile-use -D_PROFILE_USE
UNRESOLVED: gcc.dg/tree-prof/val-prof-2.c execution, -fprofile-use -D_PROFILE_USE
FAIL: gcc.dg/tree-prof/val-prof-3.c compilation, -fprofile-generate -D_PROFILE_GENERATE
UNRESOLVED: gcc.dg/tree-prof/val-prof-3.c execution, -fprofile-generate -D_PROFILE_GENERATE
UNRESOLVED: gcc.dg/tree-prof/val-prof-3.c compilation, -fprofile-use -D_PROFILE_USE
UNRESOLVED: gcc.dg/tree-prof/val-prof-3.c execution, -fprofile-use -D_PROFILE_USE
FAIL: gcc.dg/tree-prof/val-prof-4.c compilation, -fprofile-generate -D_PROFILE_GENERATE
UNRESOLVED: gcc.dg/tree-prof/val-prof-4.c execution, -fprofile-generate -D_PROFILE_GENERATE
UNRESOLVED: gcc.dg/tree-prof/val-prof-4.c compilation, -fprofile-use -D_PROFILE_USE
UNRESOLVED: gcc.dg/tree-prof/val-prof-4.c execution, -fprofile-use -D_PROFILE_USE
FAIL: gcc.dg/tree-prof/val-prof-5.c compilation, -fprofile-generate -D_PROFILE_GENERATE
UNRESOLVED: gcc.dg/tree-prof/val-prof-5.c execution, -fprofile-generate -D_PROFILE_GENERATE
UNRESOLVED: gcc.dg/tree-prof/val-prof-5.c compilation, -fprofile-use -D_PROFILE_USE
UNRESOLVED: gcc.dg/tree-prof/val-prof-5.c execution, -fprofile-use -D_PROFILE_USE
FAIL: gcc.dg/tree-prof/val-prof-6.c compilation, -fprofile-generate -D_PROFILE_GENERATE
UNRESOLVED: gcc.dg/tree-prof/val-prof-6.c execution, -fprofile-generate -D_PROFILE_GENERATE
UNRESOLVED: gcc.dg/tree-prof/val-prof-6.c compilation, -fprofile-use -D_PROFILE_USE
UNRESOLVED: gcc.dg/tree-prof/val-prof-6.c execution, -fprofile-use -D_PROFILE_USE
FAIL: gcc.dg/tree-prof/wcoverage-mismatch.c compilation, -fprofile-generate -D_PROFILE_GENERATE
UNRESOLVED: gcc.dg/tree-prof/wcoverage-mismatch.c execution, -fprofile-generate -D_PROFILE_GENERATE
UNRESOLVED: gcc.dg/tree-prof/wcoverage-mismatch.c compilation, -fprofile-use -D_PROFILE_USE
UNRESOLVED: gcc.dg/tree-prof/wcoverage-mismatch.c execution, -fprofile-use -D_PROFILE_USE
XPASS: gcc.dg/tree-ssa/20040204-1.c scan-tree-dump-times link_error 0
FAIL: gcc.dg/tree-ssa/loadpre1.c scan-tree-dump-times Eliminated: 1 1
XPASS: gcc.dg/tree-ssa/update-threading.c scan-tree-dump-times Invalid sum 0
FAIL: gcc.misc-tests/bprob-1.c execution: file bprob-1.gcda does not exist, -fprofile-arcs
UNRESOLVED: gcc.misc-tests/bprob-1.c compilation, -fbranch-probabilities
UNRESOLVED: gcc.misc-tests/bprob-1.c execution, -fbranch-probabilities
FAIL: gcc.misc-tests/bprob-2.c execution: file bprob-2.gcda does not exist, -fprofile-arcs
UNRESOLVED: gcc.misc-tests/bprob-2.c compilation, -fbranch-probabilities
UNRESOLVED: gcc.misc-tests/bprob-2.c execution, -fbranch-probabilities
=== gcc Summary ===
# of expected passes 41396
# of unexpected failures 109
# of unexpected successes 2
# of expected failures 71
# of unresolved testcases 54
# of untested testcases 28
# of unsupported tests 439
/home/mstein/sim/frv-elf/build/gcc/xgcc version 4.3.0 20070407 (experimental)
Compiler version: 4.3.0 20070407 (experimental) gcc
Platform: frv-unknown-elf
configure flags: --target=frv-elf --prefix=/n/07/mstein/cross-local/frv-elf --enable-languages=c --disable-nls --disable-build-warnings --with-ld=/n/07/mstein/cross-local/frv-elf/bin/frv-elf-ld --with-as=/n/07/mstein/cross-local/frv-elf/bin/frv-elf-as --disable-libssp
More information about the Gcc-testresults
mailing list