Results for 4.3.0 20070406 (experimental) testsuite on x86_64-pc-linux-gnu
Panagiotis Christopoulos
pxrist@gmail.com
Mon Apr 9 19:25:00 GMT 2007
(only fortran tests)
LAST_UPDATED: Obtained from SVN: trunk revision 123629
Native configuration is x86_64-pc-linux-gnu
=== gcc tests ===
Running target unix
FAIL: gcc.dg/dfp/Wtraditional-conversion-2.c (test for excess errors)
FAIL: gcc.dg/dfp/convert-int-max.c (test for excess errors)
WARNING: gcc.dg/dfp/convert-int-max.c compilation failed to produce executable
FAIL: gcc.dg/dfp/wtr-conversion-1.c (test for excess errors)
FAIL: gcc.dg/ssp-1.c (test for excess errors)
WARNING: gcc.dg/ssp-1.c compilation failed to produce executable
FAIL: gcc.dg/ssp-2.c (test for excess errors)
WARNING: gcc.dg/ssp-2.c compilation failed to produce executable
WARNING: gcc.dg/torture/fp-int-convert-float128-timode.c -O0 compilation
failed to produce executable
WARNING: gcc.dg/torture/fp-int-convert-float128-timode.c -O1 compilation
failed to produce executable
WARNING: gcc.dg/torture/fp-int-convert-float128-timode.c -O2 compilation
failed to produce executable
WARNING: gcc.dg/torture/fp-int-convert-float128-timode.c -O3
-fomit-frame-pointer compilation failed to produce executable
WARNING: gcc.dg/torture/fp-int-convert-float128-timode.c -O3 -g compilation
failed to produce executable
WARNING: gcc.dg/torture/fp-int-convert-float128-timode.c -Os compilation
failed to produce executable
WARNING: gcc.dg/torture/fp-int-convert-float128.c -O0 compilation failed to
produce executable
WARNING: gcc.dg/torture/fp-int-convert-float128.c -O1 compilation failed to
produce executable
WARNING: gcc.dg/torture/fp-int-convert-float128.c -O2 compilation failed to
produce executable
WARNING: gcc.dg/torture/fp-int-convert-float128.c -O3 -fomit-frame-pointer
compilation failed to produce executable
WARNING: gcc.dg/torture/fp-int-convert-float128.c -O3 -g compilation failed
to produce executable
WARNING: gcc.dg/torture/fp-int-convert-float128.c -Os compilation failed to
produce executable
FAIL: gcc.dg/tree-ssa/loadpre1.c scan-tree-dump-times Eliminated: 1 1
XPASS: gcc.dg/tree-ssa/update-threading.c scan-tree-dump-times Invalid sum 0
FAIL: gcc.target/i386/sse-13.c (test for excess errors)
FAIL: gcc.target/i386/sse-14.c (test for excess errors)
FAIL: gcc.target/i386/sse-vect-types.c (test for excess errors)
FAIL: gcc.target/i386/sse4a-extract.c (test for excess errors)
WARNING: gcc.target/i386/sse4a-extract.c compilation failed to produce
executable
FAIL: gcc.target/i386/sse4a-insert.c (test for excess errors)
WARNING: gcc.target/i386/sse4a-insert.c compilation failed to produce
executable
FAIL: gcc.target/i386/sse4a-montsd.c (test for excess errors)
WARNING: gcc.target/i386/sse4a-montsd.c compilation failed to produce
executable
FAIL: gcc.target/i386/sse4a-montss.c (test for excess errors)
WARNING: gcc.target/i386/sse4a-montss.c compilation failed to produce
executable
=== gcc Summary ===
# of expected passes 44331
# of unexpected failures 13
# of unexpected successes 1
# of expected failures 125
# of untested testcases 28
# of unsupported tests 414
/mnt/svn/gcc/objdir/gcc/xgcc version 4.3.0 20070406 (experimental)
=== gfortran tests ===
Running target unix
FAIL: gfortran.dg/open_errors.f90 -O0 execution test
FAIL: gfortran.dg/open_errors.f90 -O1 execution test
FAIL: gfortran.dg/open_errors.f90 -O2 execution test
FAIL: gfortran.dg/open_errors.f90 -O3 -fomit-frame-pointer execution test
FAIL: gfortran.dg/open_errors.f90 -O3 -fomit-frame-pointer -funroll-loops
execution test
FAIL: gfortran.dg/open_errors.f90 -O3 -fomit-frame-pointer -funroll-all-loops
-finline-functions execution test
FAIL: gfortran.dg/open_errors.f90 -O3 -g execution test
FAIL: gfortran.dg/open_errors.f90 -Os execution test
FAIL: gfortran.dg/repeat_2.f90 -O0 execution test
FAIL: gfortran.dg/repeat_2.f90 -O1 execution test
FAIL: gfortran.dg/repeat_2.f90 -O2 execution test
FAIL: gfortran.dg/repeat_2.f90 -O3 -fomit-frame-pointer execution test
FAIL: gfortran.dg/repeat_2.f90 -O3 -fomit-frame-pointer -funroll-loops
execution test
FAIL: gfortran.dg/repeat_2.f90 -O3 -fomit-frame-pointer -funroll-all-loops
-finline-functions execution test
FAIL: gfortran.dg/repeat_2.f90 -O3 -g execution test
FAIL: gfortran.dg/repeat_2.f90 -Os execution test
FAIL: gfortran.dg/secnds.f -O3 -fomit-frame-pointer -funroll-all-loops
-finline-functions execution test
=== gfortran Summary ===
# of expected passes 17190
# of unexpected failures 17
# of expected failures 7
# of unsupported tests 18
/mnt/svn/gcc/objdir/gcc/testsuite/gfortran/../../gfortran version 4.3.0
20070406 (experimental)
=== libgomp tests ===
Running target unix
=== libgomp Summary ===
# of expected passes 1229
Compiler version: 4.3.0 20070406 (experimental)
Platform: x86_64-pc-linux-gnu
configure flags: --prefix=/mnt/svn/gcc/installdir --with-arch=nocona
--host=x86_64-pc-linux-gnu --build=x86_64-pc-linux-gnu --disable-altivec
--disable-nls --with-system-zlib --disable-checking --disable-werror
--enable-secureplt --disable-libunwind-exceptions --disable-multilib
--disable-libmudflap --enable-libssp --enable-libgcj
--enable-languages=fortran --enable-shared --enable-threads=posix
--enable-__cxa_atexit --enable-clocale=gnu
More information about the Gcc-testresults
mailing list