Results for 4.3.0 20070408 (experimental) testsuite on hppa64-hp-hpux11.11
John David Anglin
dave@hiauly3.hia.nrc.ca
Mon Apr 9 14:13:00 GMT 2007
LAST_UPDATED: Sun Apr 8 17:10:34 UTC 2007 (revision 123662M)
Native configuration is hppa64-hp-hpux11.11
=== g++ tests ===
Running target unix
XPASS: g++.dg/eh/weak1.C execution test
XPASS: g++.dg/tree-ssa/ivopts-1.C scan-tree-dump-not offset: -4B
XPASS: g++.dg/tree-ssa/ivopts-1.C scan-tree-dump-not &x\\[5\\]
FAIL: g++.dg/warn/multiple-overflow-warn-3.C (test for warnings, line 8)
=== g++ Summary ===
# of expected passes 13535
# of unexpected failures 1
# of unexpected successes 3
# of expected failures 81
# of unsupported tests 160
/test/gnu/gcc/objdir/gcc/testsuite/g++/../../g++ version 4.3.0 20070408 (experimental)
=== gcc tests ===
Running target unix
FAIL: gcc.c-torture/execute/20040709-2.c execution, -O1
FAIL: gcc.c-torture/execute/20040709-2.c execution, -O2
FAIL: gcc.c-torture/execute/20040709-2.c execution, -O3 -fomit-frame-pointer
FAIL: gcc.c-torture/execute/20040709-2.c execution, -O3 -fomit-frame-pointer -funroll-loops
FAIL: gcc.c-torture/execute/20040709-2.c execution, -O3 -fomit-frame-pointer -funroll-all-loops -finline-functions
FAIL: gcc.c-torture/execute/20040709-2.c execution, -O3 -g
FAIL: gcc.c-torture/execute/20040709-2.c execution, -Os
FAIL: gcc.c-torture/execute/991118-1.c execution, -O3 -fomit-frame-pointer
FAIL: gcc.c-torture/execute/991118-1.c execution, -O3 -g
FAIL: gcc.c-torture/execute/991118-1.c execution, -Os
FAIL: gcc.c-torture/execute/bf64-1.c execution, -O3 -fomit-frame-pointer
FAIL: gcc.c-torture/execute/bf64-1.c execution, -O3 -g
FAIL: gcc.c-torture/execute/bf64-1.c execution, -Os
FAIL: gcc.c-torture/execute/mayalias-2.c compilation, -O3 -g (internal compiler error)
UNRESOLVED: gcc.c-torture/execute/mayalias-2.c execution, -O3 -g
FAIL: gcc.c-torture/execute/mayalias-3.c compilation, -O3 -g (internal compiler error)
UNRESOLVED: gcc.c-torture/execute/mayalias-3.c execution, -O3 -g
XPASS: gcc.dg/cpp/cmdlne-dI-M.c scan-file (^|\\\\n)cmdlne-dI-M.*:[^\\\\n]*cmdlne-dI-M.c
XPASS: gcc.dg/cpp/cmdlne-dM-M.c scan-file (^|\\\\n)cmdlne-dM-M[^\\\\n]*:[^\\\\n]*cmdlne-dM-M.c
FAIL: gcc.dg/builtins-20.c (test for excess errors)
FAIL: gcc.dg/builtins-59.c scan-tree-dump __builtin_cexpi
FAIL: gcc.dg/builtins-59.c scan-tree-dump-not sincos
FAIL: gcc.dg/builtins-61.c scan-tree-dump cexpi
FAIL: gcc.dg/builtins-61.c scan-tree-dump sin
FAIL: gcc.dg/builtins-61.c scan-tree-dump cos
FAIL: gcc.dg/builtins-61.c scan-tree-dump return 0.0
FAIL: gcc.dg/builtins-62.c scan-tree-dump-times cexpi 3
FAIL: gcc.dg/float-range-3.c (test for excess errors)
FAIL: gcc.dg/float-range-4.c (test for excess errors)
FAIL: gcc.dg/float-range-5.c (test for excess errors)
XPASS: gcc.dg/funcorder.c scan-assembler-not link_error,%r
FAIL: gcc.dg/tree-ssa/loadpre1.c scan-tree-dump-times Eliminated: 1 1
XPASS: gcc.dg/tree-ssa/update-threading.c scan-tree-dump-times Invalid sum 0
=== gcc Summary ===
# of expected passes 41166
# of unexpected failures 27
# of unexpected successes 4
# of expected failures 77
# of unresolved testcases 2
# of untested testcases 28
# of unsupported tests 449
/test/gnu/gcc/objdir/gcc/xgcc version 4.3.0 20070408 (experimental)
=== gfortran tests ===
Running target unix
FAIL: gfortran.dg/assumed_charlen_function_5.f90 -O (test for excess errors)
FAIL: gfortran.dg/c_by_val_1.f -O0 (test for excess errors)
WARNING: gfortran.dg/c_by_val_1.f -O0 compilation failed to produce executable
FAIL: gfortran.dg/c_by_val_1.f -O1 (test for excess errors)
WARNING: gfortran.dg/c_by_val_1.f -O1 compilation failed to produce executable
FAIL: gfortran.dg/c_by_val_1.f -O2 (test for excess errors)
WARNING: gfortran.dg/c_by_val_1.f -O2 compilation failed to produce executable
FAIL: gfortran.dg/c_by_val_1.f -O3 -fomit-frame-pointer (test for excess errors)
WARNING: gfortran.dg/c_by_val_1.f -O3 -fomit-frame-pointer compilation failed to produce executable
FAIL: gfortran.dg/c_by_val_1.f -O3 -fomit-frame-pointer -funroll-loops (test for excess errors)
WARNING: gfortran.dg/c_by_val_1.f -O3 -fomit-frame-pointer -funroll-loops compilation failed to produce executable
FAIL: gfortran.dg/c_by_val_1.f -O3 -fomit-frame-pointer -funroll-all-loops -finline-functions (test for excess errors)
WARNING: gfortran.dg/c_by_val_1.f -O3 -fomit-frame-pointer -funroll-all-loops -finline-functions compilation failed to produce executable
FAIL: gfortran.dg/c_by_val_1.f -O3 -g (test for excess errors)
WARNING: gfortran.dg/c_by_val_1.f -O3 -g compilation failed to produce executable
FAIL: gfortran.dg/c_by_val_1.f -Os (test for excess errors)
WARNING: gfortran.dg/c_by_val_1.f -Os compilation failed to produce executable
FAIL: gfortran.dg/char_result_7.f90 -O0 (test for excess errors)
WARNING: gfortran.dg/char_result_7.f90 -O0 compilation failed to produce executable
FAIL: gfortran.dg/char_result_7.f90 -O1 (test for excess errors)
WARNING: gfortran.dg/char_result_7.f90 -O1 compilation failed to produce executable
FAIL: gfortran.dg/char_result_7.f90 -O2 (test for excess errors)
WARNING: gfortran.dg/char_result_7.f90 -O2 compilation failed to produce executable
FAIL: gfortran.dg/char_result_7.f90 -O3 -fomit-frame-pointer (test for excess errors)
WARNING: gfortran.dg/char_result_7.f90 -O3 -fomit-frame-pointer compilation failed to produce executable
FAIL: gfortran.dg/char_result_7.f90 -O3 -fomit-frame-pointer -funroll-loops (test for excess errors)
WARNING: gfortran.dg/char_result_7.f90 -O3 -fomit-frame-pointer -funroll-loops compilation failed to produce executable
FAIL: gfortran.dg/char_result_7.f90 -O3 -fomit-frame-pointer -funroll-all-loops -finline-functions (test for excess errors)
WARNING: gfortran.dg/char_result_7.f90 -O3 -fomit-frame-pointer -funroll-all-loops -finline-functions compilation failed to produce executable
FAIL: gfortran.dg/char_result_7.f90 -O3 -g (test for excess errors)
WARNING: gfortran.dg/char_result_7.f90 -O3 -g compilation failed to produce executable
FAIL: gfortran.dg/char_result_7.f90 -Os (test for excess errors)
WARNING: gfortran.dg/char_result_7.f90 -Os compilation failed to produce executable
FAIL: gfortran.dg/dummy_functions_1.f90 -O (test for excess errors)
FAIL: gfortran.dg/dummy_procedure_1.f90 -O (test for errors, line 36)
FAIL: gfortran.dg/dummy_procedure_1.f90 -O (test for errors, line 40)
FAIL: gfortran.dg/dummy_procedure_1.f90 -O (test for excess errors)
FAIL: gfortran.dg/dummy_procedure_2.f90 -O (test for errors, line 27)
FAIL: gfortran.dg/dummy_procedure_2.f90 -O (test for excess errors)
FAIL: gfortran.dg/entry_1.f90 -O0 (test for excess errors)
WARNING: gfortran.dg/entry_1.f90 -O0 compilation failed to produce executable
FAIL: gfortran.dg/entry_1.f90 -O1 (test for excess errors)
WARNING: gfortran.dg/entry_1.f90 -O1 compilation failed to produce executable
FAIL: gfortran.dg/entry_1.f90 -O2 (test for excess errors)
WARNING: gfortran.dg/entry_1.f90 -O2 compilation failed to produce executable
FAIL: gfortran.dg/entry_1.f90 -O3 -fomit-frame-pointer (test for excess errors)
WARNING: gfortran.dg/entry_1.f90 -O3 -fomit-frame-pointer compilation failed to produce executable
FAIL: gfortran.dg/entry_1.f90 -O3 -fomit-frame-pointer -funroll-loops (test for excess errors)
WARNING: gfortran.dg/entry_1.f90 -O3 -fomit-frame-pointer -funroll-loops compilation failed to produce executable
FAIL: gfortran.dg/entry_1.f90 -O3 -fomit-frame-pointer -funroll-all-loops -finline-functions (test for excess errors)
WARNING: gfortran.dg/entry_1.f90 -O3 -fomit-frame-pointer -funroll-all-loops -finline-functions compilation failed to produce executable
FAIL: gfortran.dg/entry_1.f90 -O3 -g (test for excess errors)
WARNING: gfortran.dg/entry_1.f90 -O3 -g compilation failed to produce executable
FAIL: gfortran.dg/entry_1.f90 -Os (test for excess errors)
WARNING: gfortran.dg/entry_1.f90 -Os compilation failed to produce executable
FAIL: gfortran.dg/external_procedures_2.f90 -O (test for excess errors)
FAIL: gfortran.dg/generic_13.f90 -O (test for excess errors)
FAIL: gfortran.dg/impure_actual_1.f90 -O (test for errors, line 21)
FAIL: gfortran.dg/impure_actual_1.f90 -O (test for excess errors)
FAIL: gfortran.dg/integer_exponentiation_2.f90 -O1 execution test
FAIL: gfortran.dg/integer_exponentiation_2.f90 -O2 execution test
FAIL: gfortran.dg/integer_exponentiation_2.f90 -O3 -fomit-frame-pointer execution test
FAIL: gfortran.dg/integer_exponentiation_2.f90 -O3 -fomit-frame-pointer -funroll-loops execution test
FAIL: gfortran.dg/integer_exponentiation_2.f90 -O3 -fomit-frame-pointer -funroll-all-loops -finline-functions execution test
FAIL: gfortran.dg/integer_exponentiation_2.f90 -O3 -g execution test
FAIL: gfortran.dg/integer_exponentiation_2.f90 -Os execution test
FAIL: gfortran.dg/integer_exponentiation_3.F90 -O0 execution test
FAIL: gfortran.dg/integer_exponentiation_3.F90 -O1 execution test
FAIL: gfortran.dg/integer_exponentiation_3.F90 -O2 execution test
FAIL: gfortran.dg/integer_exponentiation_3.F90 -O3 -fomit-frame-pointer execution test
FAIL: gfortran.dg/integer_exponentiation_3.F90 -O3 -fomit-frame-pointer -funroll-loops execution test
FAIL: gfortran.dg/integer_exponentiation_3.F90 -O3 -fomit-frame-pointer -funroll-all-loops -finline-functions execution test
FAIL: gfortran.dg/integer_exponentiation_3.F90 -O3 -g execution test
FAIL: gfortran.dg/integer_exponentiation_3.F90 -Os execution test
FAIL: gfortran.dg/internal_dummy_1.f90 -O (test for excess errors)
FAIL: gfortran.dg/module_proc_external_dummy.f90 -O (test for excess errors)
FAIL: gfortran.dg/pointer_function_actual_1.f90 -O0 (test for excess errors)
WARNING: gfortran.dg/pointer_function_actual_1.f90 -O0 compilation failed to produce executable
FAIL: gfortran.dg/pointer_function_actual_1.f90 -O1 (test for excess errors)
WARNING: gfortran.dg/pointer_function_actual_1.f90 -O1 compilation failed to produce executable
FAIL: gfortran.dg/pointer_function_actual_1.f90 -O2 (test for excess errors)
WARNING: gfortran.dg/pointer_function_actual_1.f90 -O2 compilation failed to produce executable
FAIL: gfortran.dg/pointer_function_actual_1.f90 -O3 -fomit-frame-pointer (test for excess errors)
WARNING: gfortran.dg/pointer_function_actual_1.f90 -O3 -fomit-frame-pointer compilation failed to produce executable
FAIL: gfortran.dg/pointer_function_actual_1.f90 -O3 -fomit-frame-pointer -funroll-loops (test for excess errors)
WARNING: gfortran.dg/pointer_function_actual_1.f90 -O3 -fomit-frame-pointer -funroll-loops compilation failed to produce executable
FAIL: gfortran.dg/pointer_function_actual_1.f90 -O3 -fomit-frame-pointer -funroll-all-loops -finline-functions (test for excess errors)
WARNING: gfortran.dg/pointer_function_actual_1.f90 -O3 -fomit-frame-pointer -funroll-all-loops -finline-functions compilation failed to produce executable
FAIL: gfortran.dg/pointer_function_actual_1.f90 -O3 -g (test for excess errors)
WARNING: gfortran.dg/pointer_function_actual_1.f90 -O3 -g compilation failed to produce executable
FAIL: gfortran.dg/pointer_function_actual_1.f90 -Os (test for excess errors)
WARNING: gfortran.dg/pointer_function_actual_1.f90 -Os compilation failed to produce executable
FAIL: gfortran.dg/result_in_spec_1.f90 -O0 execution test
FAIL: gfortran.dg/result_in_spec_1.f90 -O1 execution test
FAIL: gfortran.dg/result_in_spec_1.f90 -O2 execution test
FAIL: gfortran.dg/result_in_spec_1.f90 -O3 -fomit-frame-pointer execution test
FAIL: gfortran.dg/result_in_spec_1.f90 -O3 -fomit-frame-pointer -funroll-loops execution test
FAIL: gfortran.dg/result_in_spec_1.f90 -O3 -fomit-frame-pointer -funroll-all-loops -finline-functions execution test
FAIL: gfortran.dg/result_in_spec_1.f90 -O3 -g execution test
FAIL: gfortran.dg/result_in_spec_1.f90 -Os execution test
FAIL: gfortran.dg/sibling_dummy_procedure_1.f90 -O (test for excess errors)
FAIL: gfortran.dg/sibling_dummy_procedure_2.f90 -O (test for excess errors)
FAIL: gfortran.fortran-torture/compile/actual.f90, "-O"
=== gfortran Summary ===
# of expected passes 16934
# of unexpected failures 71
# of expected failures 6
# of unsupported tests 90
/test/gnu/gcc/objdir/gcc/testsuite/gfortran/../../gfortran version 4.3.0 20070408 (experimental)
=== objc tests ===
Running target unix
=== objc Summary ===
# of expected passes 1810
# of expected failures 7
# of unsupported tests 25
/test/gnu/gcc/objdir/gcc/xgcc version 4.3.0 20070408 (experimental)
=== libgomp tests ===
Running target unix
FAIL: libgomp.c++/ctor-8.C -O1 execution test
FAIL: libgomp.c++/ctor-8.C -O2 execution test
FAIL: libgomp.c++/ctor-9.C -O0 execution test
FAIL: libgomp.c++/ctor-9.C -O2 execution test
FAIL: libgomp.c++/ctor-9.C -O3 -fomit-frame-pointer -funroll-loops execution test
FAIL: libgomp.c++/ctor-9.C -O3 -fomit-frame-pointer -funroll-all-loops -finline-functions execution test
FAIL: libgomp.c++/ctor-9.C -Os execution test
FAIL: libgomp.fortran/threadprivate1.f90 -O0 execution test
FAIL: libgomp.fortran/threadprivate1.f90 -O1 execution test
FAIL: libgomp.fortran/threadprivate1.f90 -O3 -fomit-frame-pointer -funroll-loops execution test
FAIL: libgomp.fortran/threadprivate1.f90 -Os execution test
FAIL: libgomp.fortran/threadprivate2.f90 -O3 -fomit-frame-pointer execution test
FAIL: libgomp.fortran/threadprivate3.f90 -O2 execution test
=== libgomp Summary ===
# of expected passes 1537
# of unexpected failures 13
# of unsupported tests 9
=== libstdc++ tests ===
Running target unix
FAIL: 17_intro/headers/c++200x/all.cc (test for excess errors)
FAIL: 17_intro/headers/c++200x/all_multiple_inclusion.cc (test for excess errors)
FAIL: 27_io/basic_istream/extractors_arithmetic/char/12.cc execution test
FAIL: 27_io/basic_istream/extractors_arithmetic/wchar_t/12.cc execution test
=== libstdc++ Summary ===
# of expected passes 4165
# of unexpected failures 4
# of expected failures 28
# of unsupported tests 340
Compiler version: 4.3.0 20070408 (experimental)
Platform: hppa64-hp-hpux11.11
configure flags: --with-gnu-as --with-as=/opt/gnu64/bin/as --with-ld=/usr/ccs/bin/ld --enable-shared --disable-nls --with-local-prefix=/opt/gnu64 --prefix=/opt/gnu64/gcc/gcc-4.3.0 --host=hppa64-hp-hpux11.11 --enable-threads=posix --disable-libmudflap --with-gmp=/opt/gnu64/gcc/gcc-4.3.0 --enable-languages=c,c++,fortran,objc,java
More information about the Gcc-testresults
mailing list