Results for 4.3.0 20070330 (experimental) testsuite on i686-pc-cygwin (P4)
Timothy C Prince
tprince@myrealbox.com
Wed Apr 4 15:42:00 GMT 2007
gfortran tests better on P4 than on Centrino
gcc, objc, treelang same on P4 and Centrino
build/test killed by Microsoft patch push
LAST_UPDATED: Obtained from SVN: trunk revision 123370
Native configuration is i686-pc-cygwin
=== g++ tests ===
Running target unix
=== gcc tests ===
Running target unix
FAIL: gcc.c-torture/compile/20001226-1.c (test for excess errors)
FAIL: gcc.dg/cpp/trigraphs.c (test for excess errors)
WARNING: gcc.dg/cpp/trigraphs.c compilation failed to produce executable
FAIL: gcc.dg/builtins-20.c (test for excess errors)
FAIL: gcc.dg/builtins-59.c scan-tree-dump __builtin_cexpi
FAIL: gcc.dg/builtins-59.c scan-tree-dump-not sincos
FAIL: gcc.dg/builtins-61.c scan-tree-dump cexpi
FAIL: gcc.dg/builtins-61.c scan-tree-dump sin
FAIL: gcc.dg/builtins-61.c scan-tree-dump cos
FAIL: gcc.dg/builtins-61.c scan-tree-dump return 0.0
FAIL: gcc.dg/builtins-62.c scan-tree-dump-times cexpi 3
FAIL: gcc.dg/float-range-3.c (test for excess errors)
FAIL: gcc.dg/float-range-4.c (test for excess errors)
FAIL: gcc.dg/float-range-5.c (test for excess errors)
FAIL: gcc.dg/pr25993.c (test for excess errors)
FAIL: gcc.dg/setjmp-3.c (test for excess errors)
WARNING: gcc.dg/setjmp-3.c compilation failed to produce executable
FAIL: gcc.dg/setjmp-4.c (test for excess errors)
WARNING: gcc.dg/setjmp-4.c compilation failed to produce executable
FAIL: gcc.dg/ssp-2.c (test for excess errors)
WARNING: gcc.dg/ssp-2.c compilation failed to produce executable
FAIL: largefile.c (test for excess errors)
FAIL: largefile.c (test for excess errors)
FAIL: largefile.c (test for excess errors)
FAIL: largefile.c (test for excess errors)
FAIL: largefile.c (test for excess errors)
FAIL: largefile.c (test for excess errors)
FAIL: largefile.c (test for excess errors)
FAIL: gcc.dg/tree-ssa/loadpre1.c scan-tree-dump-times Eliminated: 1 1
FAIL: gcc.dg/tree-ssa/loop-1.c scan-assembler-times foo 5
FAIL: gcc.dg/tree-ssa/pr27781.c scan-tree-dump func \\(\\);
XPASS: gcc.dg/tree-ssa/update-threading.c scan-tree-dump-times Invalid sum 0
FAIL: gcc.dg/vect/pr31041.c (test for excess errors)
FAIL: compiler driver --coverage option(s) (compiler options)
FAIL: gcc.target/i386/pic-1.c (test for errors, line 11)
FAIL: gcc.target/i386/sse-vect-types.c (test for excess errors)
=== gcc Summary ===
# of expected passes 45396
# of unexpected failures 31
# of unexpected successes 1
# of expected failures 113
# of untested testcases 35
# of unsupported tests 354
/cygdrive/e/gnu/gcc-4.3-20070330/xp/gcc/xgcc version 4.3.0 20070330 (experimental)
=== gfortran tests ===
Running target unix
FAIL: gfortran.dg/c_by_val_1.f (test for excess errors)
WARNING: gfortran.dg/c_by_val_1.f compilation failed to produce executable
FAIL: gfortran.dg/c_by_val_1.f (test for excess errors)
WARNING: gfortran.dg/c_by_val_1.f compilation failed to produce executable
FAIL: gfortran.dg/c_by_val_1.f (test for excess errors)
WARNING: gfortran.dg/c_by_val_1.f compilation failed to produce executable
FAIL: gfortran.dg/c_by_val_1.f (test for excess errors)
WARNING: gfortran.dg/c_by_val_1.f compilation failed to produce executable
FAIL: gfortran.dg/c_by_val_1.f (test for excess errors)
WARNING: gfortran.dg/c_by_val_1.f compilation failed to produce executable
FAIL: gfortran.dg/c_by_val_1.f (test for excess errors)
WARNING: gfortran.dg/c_by_val_1.f compilation failed to produce executable
FAIL: gfortran.dg/c_by_val_1.f (test for excess errors)
WARNING: gfortran.dg/c_by_val_1.f compilation failed to produce executable
FAIL: gfortran.dg/c_by_val_1.f (test for excess errors)
WARNING: gfortran.dg/c_by_val_1.f compilation failed to produce executable
FAIL: gfortran.dg/fmt_t_3.f90 execution test
FAIL: gfortran.dg/fmt_t_3.f90 execution test
FAIL: gfortran.dg/fmt_t_3.f90 execution test
FAIL: gfortran.dg/fmt_t_3.f90 execution test
FAIL: gfortran.dg/fmt_t_3.f90 execution test
FAIL: gfortran.dg/fmt_t_3.f90 execution test
FAIL: gfortran.dg/fmt_t_3.f90 execution test
FAIL: gfortran.dg/fmt_t_3.f90 execution test
FAIL: gfortran.dg/fmt_t_4.f90 execution test
FAIL: gfortran.dg/fmt_t_4.f90 execution test
FAIL: gfortran.dg/fmt_t_4.f90 execution test
FAIL: gfortran.dg/fmt_t_4.f90 execution test
FAIL: gfortran.dg/fmt_t_4.f90 execution test
FAIL: gfortran.dg/fmt_t_4.f90 execution test
FAIL: gfortran.dg/fmt_t_4.f90 execution test
FAIL: gfortran.dg/fmt_t_4.f90 execution test
WARNING: program timed out.
FAIL: gfortran.dg/integer_exponentiation_1.f90 execution test
WARNING: program timed out.
FAIL: gfortran.dg/integer_exponentiation_3.F90 execution test
WARNING: program timed out.
FAIL: gfortran.dg/integer_exponentiation_3.F90 execution test
WARNING: program timed out.
FAIL: gfortran.dg/integer_exponentiation_3.F90 execution test
WARNING: program timed out.
FAIL: gfortran.dg/integer_exponentiation_3.F90 execution test
WARNING: program timed out.
FAIL: gfortran.dg/integer_exponentiation_3.F90 execution test
WARNING: program timed out.
FAIL: gfortran.dg/integer_exponentiation_3.F90 execution test
WARNING: program timed out.
FAIL: gfortran.dg/integer_exponentiation_3.F90 execution test
WARNING: program timed out.
FAIL: gfortran.dg/integer_exponentiation_3.F90 execution test
WARNING: program timed out.
FAIL: gfortran.dg/integer_exponentiation_5.F90 execution test
WARNING: program timed out.
FAIL: gfortran.dg/integer_exponentiation_5.F90 execution test
WARNING: program timed out.
FAIL: gfortran.dg/integer_exponentiation_5.F90 execution test
WARNING: program timed out.
FAIL: gfortran.dg/integer_exponentiation_5.F90 execution test
WARNING: program timed out.
FAIL: gfortran.dg/integer_exponentiation_5.F90 execution test
WARNING: program timed out.
FAIL: gfortran.dg/integer_exponentiation_5.F90 execution test
WARNING: program timed out.
FAIL: gfortran.dg/integer_exponentiation_5.F90 execution test
WARNING: program timed out.
FAIL: gfortran.dg/integer_exponentiation_5.F90 execution test
FAIL: gfortran.dg/intrinsic_intkinds_1.f90 (test for excess errors)
WARNING: gfortran.dg/intrinsic_intkinds_1.f90 compilation failed to produce executable
FAIL: gfortran.dg/intrinsic_intkinds_1.f90 (test for excess errors)
WARNING: gfortran.dg/intrinsic_intkinds_1.f90 compilation failed to produce executable
FAIL: gfortran.dg/intrinsic_intkinds_1.f90 (test for excess errors)
WARNING: gfortran.dg/intrinsic_intkinds_1.f90 compilation failed to produce executable
FAIL: gfortran.dg/intrinsic_intkinds_1.f90 (test for excess errors)
WARNING: gfortran.dg/intrinsic_intkinds_1.f90 compilation failed to produce executable
FAIL: gfortran.dg/intrinsic_intkinds_1.f90 (test for excess errors)
WARNING: gfortran.dg/intrinsic_intkinds_1.f90 compilation failed to produce executable
FAIL: gfortran.dg/intrinsic_intkinds_1.f90 (test for excess errors)
WARNING: gfortran.dg/intrinsic_intkinds_1.f90 compilation failed to produce executable
FAIL: gfortran.dg/intrinsic_intkinds_1.f90 (test for excess errors)
WARNING: gfortran.dg/intrinsic_intkinds_1.f90 compilation failed to produce executable
FAIL: gfortran.dg/intrinsic_intkinds_1.f90 (test for excess errors)
WARNING: gfortran.dg/intrinsic_intkinds_1.f90 compilation failed to produce executable
FAIL: gfortran.dg/minmaxloc_integer_kinds_1.f90 (test for excess errors)
FAIL: gfortran.dg/namelist_26.f90 execution test
FAIL: gfortran.dg/namelist_26.f90 execution test
FAIL: gfortran.dg/namelist_26.f90 execution test
FAIL: gfortran.dg/namelist_26.f90 execution test
FAIL: gfortran.dg/namelist_26.f90 execution test
FAIL: gfortran.dg/namelist_26.f90 execution test
FAIL: gfortran.dg/namelist_26.f90 execution test
FAIL: gfortran.dg/namelist_26.f90 execution test
FAIL: gfortran.dg/reshape_transpose_1.f90 execution test
FAIL: gfortran.dg/reshape_transpose_1.f90 execution test
FAIL: gfortran.dg/reshape_transpose_1.f90 execution test
FAIL: gfortran.dg/reshape_transpose_1.f90 execution test
FAIL: gfortran.dg/reshape_transpose_1.f90 execution test
FAIL: gfortran.dg/reshape_transpose_1.f90 execution test
FAIL: gfortran.dg/reshape_transpose_1.f90 execution test
FAIL: gfortran.dg/reshape_transpose_1.f90 execution test
FAIL: gfortran.dg/secnds.f execution test
FAIL: gfortran.dg/unformatted_recl_1.f90 execution test
FAIL: gfortran.dg/unformatted_recl_1.f90 execution test
FAIL: gfortran.dg/unformatted_recl_1.f90 execution test
FAIL: gfortran.dg/unformatted_recl_1.f90 execution test
FAIL: gfortran.dg/unformatted_recl_1.f90 execution test
FAIL: gfortran.dg/unformatted_recl_1.f90 execution test
FAIL: gfortran.dg/unformatted_recl_1.f90 execution test
FAIL: gfortran.dg/unformatted_recl_1.f90 execution test
FAIL: gfortran.dg/zero_sized_3.f90 execution test
FAIL: gfortran.dg/zero_sized_3.f90 execution test
FAIL: gfortran.dg/zero_sized_3.f90 execution test
FAIL: gfortran.dg/zero_sized_3.f90 execution test
FAIL: gfortran.dg/zero_sized_3.f90 execution test
FAIL: gfortran.dg/zero_sized_3.f90 execution test
FAIL: gfortran.dg/zero_sized_3.f90 execution test
FAIL: gfortran.dg/zero_sized_3.f90 execution test
=== gfortran Summary ===
# of expected passes 16774
# of unexpected failures 83
# of expected failures 7
# of unsupported tests 86
/cygdrive/e/gnu/gcc-4.3-20070330/xp/gcc/testsuite/gfortran/../../gfortran version 4.3.0 20070330 (experimental)
=== objc tests ===
Running target unix
=== objc Summary ===
# of expected passes 1860
# of expected failures 7
# of unsupported tests 24
/cygdrive/e/gnu/gcc-4.3-20070330/xp/gcc/xgcc version 4.3.0 20070330 (experimental)
=== treelang tests ===
Running target unix
ERROR: tcl error sourcing /cygdrive/e/gnu/gcc-4.3-20070330/gcc/testsuite/treelang/output/output.exp.
ERROR: rm: cannot remove \`treelang/output-1': No such file or directory
=== treelang Summary ===
# of expected passes 52
Compiler version: 4.3.0 20070330 (experimental)
Platform: i686-pc-cygwin
configure flags: --enable-threads=posix --enable-sjlj-exceptions --disable-libmudflap --disable-shared --enable-maintainer-mode --prefix=/usr/local/gcc43 --enable-bootstrap --enable-languages=c,c++,fortran,objc,treelang
EOF
Mail -s "" &&
Tim Prince
More information about the Gcc-testresults
mailing list