Results for 4.2.0 20070404 (prerelease) testsuite on i686-pc-linux-gnu
Weidong Cui
mason.cui@gmail.com
Wed Apr 4 14:33:00 GMT 2007
LAST_UPDATED: Wed Apr 4 10:55:10 UTC 2007 (revision 123493)
Native configuration is i686-pc-linux-gnu
=== gcc tests ===
Running target unix
UNRESOLVED: gcc.c-torture/execute/mayalias-2.c execution, -O3 -g
FAIL: gcc.dg/tree-ssa/loadpre1.c scan-tree-dump-times Eliminated: 1 1
FAIL: gcc.dg/tree-ssa/loadpre14.c scan-tree-dump-times Eliminated: 1 1
FAIL: gcc.dg/tree-ssa/loadpre15.c scan-tree-dump-times Eliminated: 1 1
FAIL: gcc.target/i386/vectorize1.c (internal compiler error)
FAIL: gcc.target/i386/vectorize1.c (test for excess errors)
=== gcc Summary ===
# of expected passes 41964
# of unexpected failures 5
# of expected failures 113
# of unresolved testcases 1
# of untested testcases 28
# of unsupported tests 292
/home/cuiwd/gcc420/build/gcc/xgcc version 4.2.0 20070404 (prerelease)
=== gfortran tests ===
Running target unix
XPASS: gfortran.dg/csqrt_2.f -O0 execution test
XPASS: gfortran.dg/csqrt_2.f -O1 execution test
XPASS: gfortran.dg/csqrt_2.f -O2 execution test
XPASS: gfortran.dg/csqrt_2.f -O3 -fomit-frame-pointer execution test
XPASS: gfortran.dg/csqrt_2.f -O3 -fomit-frame-pointer -funroll-loops execution test
XPASS: gfortran.dg/csqrt_2.f -O3 -fomit-frame-pointer -funroll-all-loops -finline-functions execution test
XPASS: gfortran.dg/csqrt_2.f -O3 -g execution test
XPASS: gfortran.dg/csqrt_2.f -Os execution test
=== gfortran Summary ===
# of expected passes 15987
# of unexpected successes 8
# of expected failures 7
# of unsupported tests 16
/home/cuiwd/gcc420/build/gcc/testsuite/gfortran/../../gfortran version 4.2.0 20070404 (prerelease)
=== g++ tests ===
Running target unix
FAIL: g++.dg/eh/ctor3.C (test for excess errors)
XPASS: g++.dg/tree-ssa/ivopts-1.C scan-tree-dump-not offset: -4B
XPASS: g++.dg/tree-ssa/ivopts-1.C scan-tree-dump-not &x\\[5\\]
FAIL: g++.dg/tree-ssa/pr29585.C (test for excess errors)
FAIL: g++.old-deja/g++.mike/p4736b.C (internal compiler error)
FAIL: g++.old-deja/g++.mike/p4736b.C (test for excess errors)
UNRESOLVED: g++.old-deja/g++.mike/p4736b.C compilation failed to produce executable
FAIL: g++.old-deja/g++.mike/p700.C (test for excess errors)
=== g++ Summary ===
# of expected passes 13415
# of unexpected failures 5
# of unexpected successes 2
# of expected failures 66
# of unresolved testcases 1
# of unsupported tests 74
/home/cuiwd/gcc420/build/gcc/testsuite/g++/../../g++ version 4.2.0 20070404 (prerelease)
=== objc tests ===
Running target unix
=== objc Summary ===
# of expected passes 1806
# of expected failures 7
# of unsupported tests 24
/home/cuiwd/gcc420/build/gcc/xgcc version 4.2.0 20070404 (prerelease)
=== libffi tests ===
Running target unix
FAIL: libffi.call/return_fl2.c -O0 -W -Wall execution test
FAIL: libffi.call/return_fl2.c -O2 execution test
FAIL: libffi.call/return_fl2.c -O3 execution test
FAIL: libffi.call/return_fl2.c -Os execution test
=== libffi Summary ===
# of expected passes 1080
# of unexpected failures 4
# of unsupported tests 8
=== libgomp tests ===
Running target unix
=== libgomp Summary ===
# of expected passes 1566
=== libjava tests ===
Running target unix
=== libjava Summary ===
# of expected passes 7006
# of expected failures 12
# of untested testcases 8
=== libmudflap tests ===
Running target unix
=== libmudflap Summary ===
# of expected passes 1814
=== libstdc++ tests ===
Running target unix
FAIL: 21_strings/basic_string/find/char/4.cc execution test
FAIL: 21_strings/basic_string/find/wchar_t/4.cc execution test
FAIL: 22_locale/messages/members/char/1.cc execution test
FAIL: 22_locale/messages/members/char/2.cc execution test
FAIL: 22_locale/messages/members/char/wrapped_env.cc execution test
FAIL: 22_locale/messages/members/char/wrapped_locale.cc execution test
FAIL: 22_locale/messages_byname/named_equivalence.cc execution test
FAIL: 22_locale/time_get/get_date/wchar_t/4.cc execution test
XPASS: 26_numerics/cmath/c99_classification_macros_c.cc (test for excess errors)
=== libstdc++ Summary ===
# of expected passes 4462
# of unexpected failures 8
# of unexpected successes 1
# of expected failures 15
Compiler version: 4.2.0 20070404 (prerelease)
Platform: i686-pc-linux-gnu
configure flags: --prefix=/home/cuiwd/gcc420/ins --with-gnu-as --with-as=/home/cuiwd/binutils-217/bin/as --with-gnu-ld --with-ld=/home/cuiwd/binutils-217/bin/ld --with-mpfr=/home/cuiwd/mpfr221 --with-gmp=/usr/local --enable-clocale=gnu --enable-threads=posix --enable-_cxa_atexit --enable-languages=c,c++,fortran,java,objc
More information about the Gcc-testresults
mailing list