Results for 4.0.4 20060930 (prerelease) testsuite on x86_64-suse-linux-gnu
Eric Botcazou
ebotcazou@libertysurf.fr
Sat Sep 30 19:49:00 GMT 2006
LAST_UPDATED: Sat Sep 30 17:13:52 UTC 2006 (revision 117331)
=== acats tests ===
=== acats Summary ===
# of expected passes 2320
# of unexpected failures 0
Native configuration is x86_64-suse-linux-gnu
=== gcc tests ===
Running target unix
XPASS: gcc.dg/vect/vect-22.c scan-tree-dump-times vectorized 3 loops 1
=== gcc Summary ===
# of expected passes 35442
# of unexpected successes 1
# of expected failures 98
# of untested testcases 28
# of unsupported tests 413
/home/eric/build/gcc-4_0-branch/native/gcc/xgcc version 4.0.4 20060930 (prerelease)
=== gfortran tests ===
Running target unix
FAIL: gfortran.dg/actual_array_constructor_2.f90 -O0 (test for excess errors)
WARNING: gfortran.dg/actual_array_constructor_2.f90 -O0 compilation failed to produce executable
FAIL: gfortran.dg/actual_array_constructor_2.f90 -O1 (test for excess errors)
WARNING: gfortran.dg/actual_array_constructor_2.f90 -O1 compilation failed to produce executable
FAIL: gfortran.dg/actual_array_constructor_2.f90 -O2 (test for excess errors)
WARNING: gfortran.dg/actual_array_constructor_2.f90 -O2 compilation failed to produce executable
FAIL: gfortran.dg/actual_array_constructor_2.f90 -O3 -fomit-frame-pointer (test for excess errors)
WARNING: gfortran.dg/actual_array_constructor_2.f90 -O3 -fomit-frame-pointer compilation failed to produce executable
FAIL: gfortran.dg/actual_array_constructor_2.f90 -O3 -fomit-frame-pointer -funroll-loops (test for excess errors)
WARNING: gfortran.dg/actual_array_constructor_2.f90 -O3 -fomit-frame-pointer -funroll-loops compilation failed to produce executable
FAIL: gfortran.dg/actual_array_constructor_2.f90 -O3 -fomit-frame-pointer -funroll-all-loops -finline-functions (test for excess errors)
WARNING: gfortran.dg/actual_array_constructor_2.f90 -O3 -fomit-frame-pointer -funroll-all-loops -finline-functions compilation failed to produce executable
FAIL: gfortran.dg/actual_array_constructor_2.f90 -O3 -g (test for excess errors)
WARNING: gfortran.dg/actual_array_constructor_2.f90 -O3 -g compilation failed to produce executable
FAIL: gfortran.dg/actual_array_constructor_2.f90 -Os (test for excess errors)
WARNING: gfortran.dg/actual_array_constructor_2.f90 -Os compilation failed to produce executable
FAIL: gfortran.dg/actual_array_substr_2.f90 -O0 (test for excess errors)
WARNING: gfortran.dg/actual_array_substr_2.f90 -O0 compilation failed to produce executable
FAIL: gfortran.dg/actual_array_substr_2.f90 -O1 (test for excess errors)
WARNING: gfortran.dg/actual_array_substr_2.f90 -O1 compilation failed to produce executable
FAIL: gfortran.dg/actual_array_substr_2.f90 -O2 (test for excess errors)
WARNING: gfortran.dg/actual_array_substr_2.f90 -O2 compilation failed to produce executable
FAIL: gfortran.dg/actual_array_substr_2.f90 -O3 -fomit-frame-pointer (test for excess errors)
WARNING: gfortran.dg/actual_array_substr_2.f90 -O3 -fomit-frame-pointer compilation failed to produce executable
FAIL: gfortran.dg/actual_array_substr_2.f90 -O3 -fomit-frame-pointer -funroll-loops (test for excess errors)
WARNING: gfortran.dg/actual_array_substr_2.f90 -O3 -fomit-frame-pointer -funroll-loops compilation failed to produce executable
FAIL: gfortran.dg/actual_array_substr_2.f90 -O3 -fomit-frame-pointer -funroll-all-loops -finline-functions (test for excess errors)
WARNING: gfortran.dg/actual_array_substr_2.f90 -O3 -fomit-frame-pointer -funroll-all-loops -finline-functions compilation failed to produce executable
FAIL: gfortran.dg/actual_array_substr_2.f90 -O3 -g (test for excess errors)
WARNING: gfortran.dg/actual_array_substr_2.f90 -O3 -g compilation failed to produce executable
FAIL: gfortran.dg/actual_array_substr_2.f90 -Os (test for excess errors)
WARNING: gfortran.dg/actual_array_substr_2.f90 -Os compilation failed to produce executable
=== gfortran Summary ===
# of expected passes 8826
# of unexpected failures 16
# of expected failures 1
# of unsupported tests 16
/home/eric/build/gcc-4_0-branch/native/gcc/testsuite/gfortran/../../gfortran version 4.0.4 20060930 (prerelease)
=== g++ tests ===
Running target unix
XPASS: g++.old-deja/g++.other/init5.C execution test
=== g++ Summary ===
# of expected passes 11527
# of unexpected successes 1
# of expected failures 69
# of unsupported tests 85
/home/eric/build/gcc-4_0-branch/native/gcc/testsuite/g++/../../g++ version 4.0.4 20060930 (prerelease)
=== objc tests ===
Running target unix
=== objc Summary ===
# of expected passes 1554
# of unsupported tests 10
/home/eric/build/gcc-4_0-branch/native/gcc/xgcc version 4.0.4 20060930 (prerelease)
=== libffi tests ===
Running target unix
=== libffi Summary ===
# of expected passes 219
# of unsupported tests 2
=== libjava tests ===
Running target unix
=== libjava Summary ===
# of expected passes 3899
# of expected failures 10
# of untested testcases 8
=== libmudflap tests ===
Running target unix
=== libmudflap Summary ===
# of expected passes 1288
=== libstdc++ tests ===
Running target unix
XPASS: 22_locale/locale/cons/12658_thread-1.cc execution test
XPASS: 26_numerics/cmath/c99_classification_macros_c.cc (test for excess errors)
XPASS: 27_io/fpos/14320-1.cc execution test
=== libstdc++ Summary ===
# of expected passes 3713
# of unexpected successes 3
# of expected failures 11
Compiler version: 4.0.4 20060930 (prerelease)
Platform: x86_64-suse-linux-gnu
configure flags: x86_64-suse-linux --prefix=/home/eric/install/gcc-4_0-branch --enable-__cxa_atexit --enable-languages=c,ada,c++,f95,java,objc
BOOT_CFLAGS=-g -O2
More information about the Gcc-testresults
mailing list