Results for 4.2.0 20060921 (experimental) gcc testsuite on mips-unknown-elf
mstein
mstein@phenix.rootshell.be
Fri Sep 22 05:01:00 GMT 2006
Ubuntu 5 on pentium3-smp
cross tool versions:
GNU assembler 2.17.50 20060917
GNU gdb 6.5.50.20060917-cvs
GNU ld version 2.17.50 20060917
GNU Make 3.80
expect version 5.42.1
host gcc version: gcc (GCC) 4.2.0 20060920 (experimental)
LAST_UPDATED: Thu Sep 21 00:21:40 UTC 2006 (revision 117104)
Target is mips-unknown-elf
Host is i686-pc-linux-gnu
=== gcc tests ===
Running target mips-sim
FAIL: gcc.c-torture/execute/mayalias-2.c compilation, -O3 -g (internal compiler error)
UNRESOLVED: gcc.c-torture/execute/mayalias-2.c execution, -O3 -g
FAIL: gcc.dg/cpp/_Pragma6.c (test for excess errors)
FAIL: gcc.dg/debug/dwarf2/dwarf-file1.c scan-assembler File Entry:
FAIL: gcc.dg/attr-weakref-1.c (test for excess errors)
WARNING: gcc.dg/attr-weakref-1.c compilation failed to produce executable
FAIL: gcc.dg/tls/alias-1.c (test for excess errors)
XPASS: gcc.dg/tree-ssa/20040204-1.c scan-tree-dump-times link_error 0
=== gcc Summary ===
# of expected passes 39800
# of unexpected failures 5
# of unexpected successes 1
# of expected failures 74
# of unresolved testcases 1
# of untested testcases 28
# of unsupported tests 360
/home/mstein/sim/mips-elf/build/gcc/xgcc version 4.2.0 20060921 (experimental)
Compiler version: 4.2.0 20060921 (experimental) gcc
Platform: mips-unknown-elf
configure flags: --target=mips-elf --prefix=/n/07/mstein/cross-local/mips-elf --disable-nls --disable-build-warnings --with-ld=/n/07/mstein/cross-local/mips-elf/bin/mips-elf-ld --with-as=/n/07/mstein/cross-local/mips-elf/bin/mips-elf-as --disable-libssp --enable-languages=c
More information about the Gcc-testresults
mailing list