Results for 4.1.1 (CodeSourcery ARM Sourcery G++ 2006q3-21) testsuite on arm-none-linux-gnueabi
CodeSourcery Automatic Testing System
gcc@codesourcery.com
Wed Sep 20 16:29:00 GMT 2006
LAST_UPDATED: Wed Sep 20 05:56:19 UTC 2006 (/branches/csl/sourcerygxx-4_1 revision 117051)
Target is arm-none-linux-gnueabi
Host is i686-pc-linux-gnu
=== g++ tests ===
Running target qemu-system
FAIL: g++.dg/abi/local1.C execution test
XPASS: g++.dg/other/packed1.C execution test
XPASS: g++.dg/tree-ssa/pr14814.C scan-tree-dump-times &this 0
XPASS: g++.old-deja/g++.other/init5.C execution test
=== g++ Summary ===
# of expected passes 11988
# of unexpected failures 1
# of unexpected successes 3
# of expected failures 66
# of unsupported tests 123
/scratch/gcc/nightly-2006-09-19-csl-arm/arm-none-linux-gnueabi/build_gcc/build/test-2006q3-21-arm-none-linux-gnueabi-i686-pc-linux-gnu/arm-2006q3/bin/arm-none-linux-gnueabi-c++ version 4.1.1 (CodeSourcery ARM Sourcery G++ 2006q3-21)
Host is i686-pc-linux-gnu
=== gcc tests ===
Running target qemu-system
FAIL: gcc.dg/compat/vector-2 c_compat_x_tst.o compile
FAIL: gcc.dg/compat/vector-2 c_compat_y_tst.o compile
UNRESOLVED: gcc.dg/compat/vector-2 c_compat_x_tst.o-c_compat_y_tst.o link
UNRESOLVED: gcc.dg/compat/vector-2 c_compat_x_tst.o-c_compat_y_tst.o execute
=== gcc Summary ===
# of expected passes 37319
# of unexpected failures 2
# of expected failures 77
# of unresolved testcases 2
# of untested testcases 28
# of unsupported tests 333
/scratch/gcc/nightly-2006-09-19-csl-arm/arm-none-linux-gnueabi/build_gcc/build/test-2006q3-21-arm-none-linux-gnueabi-i686-pc-linux-gnu/arm-2006q3/bin/arm-none-linux-gnueabi-gcc version 4.1.1 (CodeSourcery ARM Sourcery G++ 2006q3-21)
Host is i686-pc-linux-gnu
=== libstdc++ tests ===
Running target qemu-system
=== libstdc++ Summary ===
# of expected passes 3118
# of expected failures 12
# of unsupported tests 462
Host is i686-pc-linux-gnu
=== g++ tests ===
Running target qemu-system/-mthumb
FAIL: g++.dg/abi/local1.C execution test
XPASS: g++.dg/other/packed1.C execution test
XPASS: g++.dg/tree-ssa/pr14814.C scan-tree-dump-times &this 0
XPASS: g++.old-deja/g++.other/init5.C execution test
=== g++ Summary ===
# of expected passes 11984
# of unexpected failures 1
# of unexpected successes 3
# of expected failures 66
# of unsupported tests 125
/scratch/gcc/nightly-2006-09-19-csl-arm/arm-none-linux-gnueabi/build_gcc/build/test-2006q3-21-arm-none-linux-gnueabi-i686-pc-linux-gnu/arm-2006q3/bin/arm-none-linux-gnueabi-c++ version 4.1.1 (CodeSourcery ARM Sourcery G++ 2006q3-21)
Host is i686-pc-linux-gnu
=== gcc tests ===
Running target qemu-system/-mthumb
XPASS: gcc.c-torture/execute/941014-1.c execution, -O0
FAIL: gcc.dg/compat/vector-2 c_compat_x_tst.o compile
FAIL: gcc.dg/compat/vector-2 c_compat_y_tst.o compile
UNRESOLVED: gcc.dg/compat/vector-2 c_compat_x_tst.o-c_compat_y_tst.o link
UNRESOLVED: gcc.dg/compat/vector-2 c_compat_x_tst.o-c_compat_y_tst.o execute
FAIL: gcc.dg/nested-func-4.c (test for excess errors)
WARNING: gcc.dg/nested-func-4.c compilation failed to produce executable
FAIL: gcc.dg/sibcall-3.c execution test
FAIL: gcc.dg/sibcall-4.c execution test
XPASS: gcc.dg/tree-ssa/20040204-1.c scan-tree-dump-times link_error 0
=== gcc Summary ===
# of expected passes 37247
# of unexpected failures 5
# of unexpected successes 2
# of expected failures 76
# of unresolved testcases 2
# of untested testcases 28
# of unsupported tests 350
/scratch/gcc/nightly-2006-09-19-csl-arm/arm-none-linux-gnueabi/build_gcc/build/test-2006q3-21-arm-none-linux-gnueabi-i686-pc-linux-gnu/arm-2006q3/bin/arm-none-linux-gnueabi-gcc version 4.1.1 (CodeSourcery ARM Sourcery G++ 2006q3-21)
Host is i686-pc-linux-gnu
=== libstdc++ tests ===
Running target qemu-system/-mthumb
FAIL: 22_locale/money_put/put/char/4.cc execution test
FAIL: 22_locale/num_put/put/char/4.cc execution test
FAIL: 22_locale/num_put/put/wchar_t/4.cc execution test
=== libstdc++ Summary ===
# of expected passes 3115
# of unexpected failures 3
# of expected failures 12
# of unsupported tests 462
Compiler version: 4.1.1 (CodeSourcery ARM Sourcery G++ 2006q3-21)
Platform: arm-none-linux-gnueabi
configure flags: --build=i686-pc-linux-gnu --host=i686-pc-linux-gnu --target=arm-none-linux-gnueabi --enable-languages=c,c++ --enable-shared --enable-threads --disable-libmudflap --disable-libssp --disable-libgomp --disable-libstdcxx-pch --with-gnu-as --with-gnu-ld --prefix=/opt/codesourcery --enable-symvers=gnu --enable-__cxa_atexit --with-versuffix='CodeSourcery ARM Sourcery G++ 2006q3-21' --with-pkgversion='CodeSourcery ARM Sourcery G++ 2006q3-21' --with-bugurl=mailto:arm-gnu@codesourcery.com --disable-nls --with-sysroot=/opt/codesourcery/arm-none-linux-gnueabi/libc --with-build-sysroot=/scratch/gcc/nightly-2006-09-19-csl-arm/arm-none-linux-gnueabi/build_gcc/install/arm-none-linux-gnueabi/libc
More information about the Gcc-testresults
mailing list