Results for 3.4.6 testsuite on i386-pc-solaris2.10
Nathan Smith
nate@netapp.com
Tue Sep 19 07:52:00 GMT 2006
gcc-3.4.6
i386-pc-solaris2.10
SunOS 5.10 Generic_118844-26 i86pc i386 i86pc
amd64-sun-solaris10, i86pc, 2xCPU, 2200MHz, 4096MB
Configuration options: --prefix=/usr/software --program-suffix=-3.4.6 --with-as=/usr/sfw/bin/gas --with-gnu-as --with-ld=/usr/ccs/bin/ld --without-gnu-ld --enable-languages=c,c++
=== gcc Summary ===
# of expected passes 25290
# of unexpected failures 17
# of expected failures 70
# of unresolved testcases 12
# of untested testcases 14
# of unsupported tests 229
FAIL: gcc.c-torture/execute/va-arg-25.c execution, -Os
FAIL: gcc.dg/compat/vector-1 c_compat_x_tst.o compile
FAIL: gcc.dg/compat/vector-1 c_compat_y_tst.o compile
FAIL: gcc.dg/compat/vector-2 c_compat_x_tst.o compile
FAIL: gcc.dg/compat/vector-2 c_compat_y_tst.o compile
FAIL: gcc.dg/c99-math-double-1.c (test for excess errors)
FAIL: gcc.dg/c99-math-float-1.c (test for excess errors)
FAIL: gcc.dg/c99-math-long-double-1.c (test for excess errors)
FAIL: gcc.dg/const-elim-1.c scan-assembler-not L\\\\\$?C[^A-Z]
FAIL: largefile.c -O0 -g (test for excess errors)
FAIL: largefile.c -O0 (test for excess errors)
FAIL: largefile.c -O1 (test for excess errors)
FAIL: largefile.c -O2 (test for excess errors)
FAIL: largefile.c -O3 -fomit-frame-pointer (test for excess errors)
FAIL: largefile.c -O3 -g (test for excess errors)
FAIL: largefile.c -Os (test for excess errors)
FAIL: gcc.dg/tls/alias-1.c (test for excess errors)
=== g++ Summary ===
# of expected passes 9996
# of unexpected failures 4
# of expected failures 69
# of unresolved testcases 1
# of unsupported tests 55
FAIL: g++.dg/eh/simd-2.C (test for excess errors)
FAIL: g++.dg/special/conpr-1.C execution test
FAIL: g++.dg/special/conpr-3.C execution test
FAIL: g++.dg/special/conpr-4.C execution test
=== libstdc++ Summary ===
# of expected passes 2735
# of unexpected failures 2
# of unexpected successes 1
# of expected failures 5
FAIL: 22_locale/num_put/put/char/14220.cc execution test
FAIL: 22_locale/num_put/put/wchar_t/14220.cc execution test
LAST_UPDATED: Obtained from SVN: tags/gcc_3_4_6_release revision 111785
Native configuration is i386-pc-solaris2.10
=== g++ tests ===
Running target unix
ERROR: g++.dg/abi/rtti1.C: error executing dg-final: couldn't execute "c++filt": no such file or directory
UNRESOLVED: g++.dg/abi/rtti1.C: error executing dg-final: couldn't execute "c++filt": no such file or directory
FAIL: g++.dg/eh/simd-2.C (test for excess errors)
WARNING: g++.dg/eh/simd-2.C compilation failed to produce executable
FAIL: g++.dg/special/conpr-1.C execution test
FAIL: g++.dg/special/conpr-3.C execution test
FAIL: g++.dg/special/conpr-4.C execution test
=== g++ Summary ===
# of expected passes 9996
# of unexpected failures 4
# of expected failures 69
# of unresolved testcases 1
# of unsupported tests 55
/usr/software/src/objdir-gcc-3.4.6-sysdisk-cc/gcc/testsuite/../g++ version 3.4.6
=== gcc tests ===
Running target unix
FAIL: gcc.c-torture/execute/va-arg-25.c execution, -Os
FAIL: gcc.dg/compat/vector-1 c_compat_x_tst.o compile
FAIL: gcc.dg/compat/vector-1 c_compat_y_tst.o compile
UNRESOLVED: gcc.dg/compat/vector-1 c_compat_x_tst.o-c_compat_y_tst.o link
UNRESOLVED: gcc.dg/compat/vector-1 c_compat_x_tst.o-c_compat_y_tst.o execute
FAIL: gcc.dg/compat/vector-2 c_compat_x_tst.o compile
FAIL: gcc.dg/compat/vector-2 c_compat_y_tst.o compile
UNRESOLVED: gcc.dg/compat/vector-2 c_compat_x_tst.o-c_compat_y_tst.o link
UNRESOLVED: gcc.dg/compat/vector-2 c_compat_x_tst.o-c_compat_y_tst.o execute
FAIL: gcc.dg/c99-math-double-1.c (test for excess errors)
WARNING: gcc.dg/c99-math-double-1.c compilation failed to produce executable
FAIL: gcc.dg/c99-math-float-1.c (test for excess errors)
WARNING: gcc.dg/c99-math-float-1.c compilation failed to produce executable
FAIL: gcc.dg/c99-math-long-double-1.c (test for excess errors)
WARNING: gcc.dg/c99-math-long-double-1.c compilation failed to produce executable
FAIL: gcc.dg/const-elim-1.c scan-assembler-not L\\\\\$?C[^A-Z]
UNRESOLVED: gcc.dg/visibility-1.c
UNRESOLVED: gcc.dg/visibility-2.c
UNRESOLVED: gcc.dg/visibility-3.c
UNRESOLVED: gcc.dg/visibility-4.c
UNRESOLVED: gcc.dg/visibility-5.c
UNRESOLVED: gcc.dg/visibility-6.c
UNRESOLVED: gcc.dg/visibility-7.c
UNRESOLVED: gcc.dg/visibility-8.c
FAIL: largefile.c -O0 -g (test for excess errors)
FAIL: largefile.c -O0 (test for excess errors)
FAIL: largefile.c -O1 (test for excess errors)
FAIL: largefile.c -O2 (test for excess errors)
FAIL: largefile.c -O3 -fomit-frame-pointer (test for excess errors)
FAIL: largefile.c -O3 -g (test for excess errors)
FAIL: largefile.c -Os (test for excess errors)
FAIL: gcc.dg/tls/alias-1.c (test for excess errors)
=== gcc Summary ===
# of expected passes 25290
# of unexpected failures 17
# of expected failures 70
# of unresolved testcases 12
# of untested testcases 14
# of unsupported tests 229
/usr/software/src/objdir-gcc-3.4.6-sysdisk-cc/gcc/xgcc version 3.4.6
=== libstdc++ tests ===
Running target unix
XPASS: 22_locale/locale/cons/12658_thread.cc execution test
FAIL: 22_locale/num_put/put/char/14220.cc execution test
FAIL: 22_locale/num_put/put/wchar_t/14220.cc execution test
=== libstdc++ Summary ===
# of expected passes 2735
# of unexpected failures 2
# of unexpected successes 1
# of expected failures 5
Compiler version: 3.4.6
Platform: i386-pc-solaris2.10
configure flags: --prefix=/usr/software --program-suffix=-3.4.6 --with-as=/usr/sfw/bin/gas --with-gnu-as --with-ld=/usr/ccs/bin/ld --without-gnu-ld --enable-languages=c,c++ --enable-shared
More information about the Gcc-testresults
mailing list