Results for 4.2.0 20060916 (experimental) testsuite on i686-pc-cygwin
Tim Prince
timothyprince@sbcglobal.net
Mon Sep 18 03:43:00 GMT 2006
LAST_UPDATED: Obtained from SVN: trunk revision 116995
Native configuration is i686-pc-cygwin
=== g++ tests ===
Running target unix
FAIL: g++.dg/abi/local1.C execution test
FAIL: g++.dg/abi/rtti1.C scan-assembler-dem-not \\ntypeinfo for A[: \\t\\n]
FAIL: g++.dg/abi/thunk4.C scan-assembler .weak[ \\t]_?_ZThn._N7Derived3FooEv
FAIL: g++.dg/eh/omit-frame-pointer.C execution test
FAIL: g++.dg/ext/dllimport7.C C++ specific error (test for errors, line 24)
FAIL: g++.dg/opt/complex3.C (internal compiler error)
FAIL: g++.dg/opt/complex3.C (test for excess errors)
FAIL: g++.dg/opt/vt1.C scan-assembler-not
section[^\\n\\r]*_ZTV1S[^\\n\\r]*"[^w"\\n\\r]*"
FAIL: g++.dg/other/unused1.C scan-assembler (string|asci)z?\\t"class2"
FAIL: g++.dg/other/unused1.C scan-assembler (string|asci)z?\\t"printer"
FAIL: g++.dg/rtti/typeid4.C execution test
FAIL: g++.dg/template/friend10.C execution test
XPASS: g++.dg/tree-ssa/ivopts-1.C scan-tree-dump-not &x\\[5\\]
FAIL: g++.dg/pch/externc-1.C -g assembly comparison
FAIL: g++.dg/pch/externc-1.C -O2 -g assembly comparison
FAIL: g++.dg/pch/static-1.C -g assembly comparison
FAIL: g++.dg/pch/static-1.C -O2 -g assembly comparison
FAIL: g++.dg/pch/system-1.C -g assembly comparison
FAIL: g++.dg/pch/system-1.C -O2 -g assembly comparison
FAIL: g++.dg/pch/system-2.C -g assembly comparison
FAIL: g++.dg/pch/system-2.C -O2 -g assembly comparison
FAIL: g++.dg/pch/uninst.C -g assembly comparison
FAIL: g++.dg/pch/uninst.C -O2 -g assembly comparison
FAIL: g++.dg/pch/wchar-1.C -g assembly comparison
FAIL: g++.dg/pch/wchar-1.C -O2 -g assembly comparison
FAIL: g++.old-deja/g++.benjamin/15071.C execution test
FAIL: g++.old-deja/g++.brendan/copy9.C execution test
FAIL: g++.old-deja/g++.brendan/nest21.C execution test
FAIL: g++.old-deja/g++.brendan/ptolemy2.C execution test
FAIL: g++.old-deja/g++.eh/badalloc1.C execution test
XPASS: g++.old-deja/g++.ext/attrib5.C execution test
FAIL: g++.old-deja/g++.jason/2371.C execution test
FAIL: g++.old-deja/g++.jason/template24.C execution test
FAIL: g++.old-deja/g++.jason/template31.C execution test
FAIL: g++.old-deja/g++.law/arg8.C execution test
FAIL: g++.old-deja/g++.law/code-gen5.C execution test
FAIL: g++.old-deja/g++.law/ctors12.C execution test
FAIL: g++.old-deja/g++.mike/eh2.C execution test
FAIL: g++.old-deja/g++.mike/net34.C execution test
FAIL: g++.old-deja/g++.mike/net46.C execution test
FAIL: g++.old-deja/g++.mike/p658.C execution test
FAIL: g++.old-deja/g++.other/headers1.C execution test
FAIL: g++.old-deja/g++.other/init18.C execution test
FAIL: g++.old-deja/g++.other/init19.C execution test
FAIL: g++.old-deja/g++.other/init5.C execution test
FAIL: g++.old-deja/g++.other/sibcall1.C execution test
FAIL: g++.old-deja/g++.other/unchanging1.C execution test
FAIL: g++.old-deja/g++.robertl/eb115.C execution test
FAIL: g++.old-deja/g++.robertl/eb31.C execution test
FAIL: g++.old-deja/g++.robertl/eb41.C execution test
FAIL: g++.old-deja/g++.robertl/eb46.C execution test
FAIL: g++.old-deja/g++.robertl/eb54.C execution test
FAIL: g++.old-deja/g++.robertl/eb66.C execution test
FAIL: g++.old-deja/g++.robertl/eb73.C execution test
=== g++ Summary ===
# of expected passes 13250
# of unexpected failures 52
# of unexpected successes 2
# of expected failures 67
# of unsupported tests 165
/cygdrive/c/gnu/gcc-4.2-20060909/xp/gcc/testsuite/g++/../../g++ version
4.2.0 20060916 (experimental)
=== gcc tests ===
Running target unix
FAIL: gcc.c-torture/compile/20001226-1.c (test for excess errors)
FAIL: gcc.dg/debug/dwarf2/dwarf-file1.c scan-assembler File Entry:
FAIL: gcc.dg/debug/dwarf2/dwarf-file1.c scan-assembler File Entry:
FAIL: largefile.c (test for excess errors)
FAIL: largefile.c (test for excess errors)
FAIL: largefile.c (test for excess errors)
FAIL: largefile.c (test for excess errors)
FAIL: largefile.c (test for excess errors)
FAIL: largefile.c (test for excess errors)
FAIL: largefile.c (test for excess errors)
FAIL: gcc.dg/tree-ssa/loop-1.c scan-assembler-times foo 5
FAIL: compiler driver --coverage option(s) (compiler options)
FAIL: gcc.target/i386/pic-1.c (test for errors, line 10)
=== gcc Summary ===
# of expected passes 42896
# of unexpected failures 13
# of expected failures 111
# of untested testcases 35
# of unsupported tests 350
/cygdrive/c/gnu/gcc-4.2-20060909/xp/gcc/xgcc version 4.2.0 20060916
(experimental)
=== gfortran tests ===
Running target unix
=== gfortran Summary ===
# of expected passes 14061
# of expected failures 7
# of unsupported tests 86
/cygdrive/c/gnu/gcc-4.2-20060909/xp/gcc/testsuite/gfortran/../../gfortran
version 4.2.0 20060916 (experimental)
=== objc tests ===
Running target unix
=== objc Summary ===
# of expected passes 1818
# of expected failures 7
# of unsupported tests 24
/cygdrive/c/gnu/gcc-4.2-20060909/xp/gcc/xgcc version 4.2.0 20060916
(experimental)
=== treelang tests ===
Running target unix
FAIL: treelang/compile/var_defs.tree (test for excess errors)
ERROR: tcl error sourcing
/cygdrive/c/gnu/gcc-4.2-20060909/gcc/testsuite/treelang/output/output.exp.
ERROR: rm: cannot remove \`treelang/output-1': No such file or directory
=== treelang Summary ===
# of expected passes 49
# of unexpected failures 1
=== libstdc++ tests ===
Running target unix
FAIL: 17_intro/header_cassert.cc execution test
FAIL: 17_intro/header_cerrno.cc execution test
FAIL: 17_intro/header_csetjmp.cc execution test
FAIL: 17_intro/header_cstdarg.cc execution test
FAIL: 17_intro/header_cstddef.cc execution test
FAIL: 17_intro/header_cstdio.cc execution test
FAIL: 17_intro/header_cstdlib.cc execution test
FAIL: 17_intro/header_cstring.cc execution test
FAIL: 17_intro/header_ctime.cc execution test
FAIL: 17_intro/header_cwchar.cc execution test
FAIL: 17_intro/header_cwctype.cc execution test
FAIL: 17_intro/header_fstream.cc execution test
FAIL: 17_intro/header_iomanip.cc execution test
FAIL: 17_intro/header_ios.cc execution test
FAIL: 17_intro/header_iosfwd.cc execution test
FAIL: 17_intro/header_iostream.cc execution test
FAIL: 17_intro/header_istream.cc execution test
FAIL: 17_intro/header_ostream.cc execution test
FAIL: 17_intro/header_sstream.cc execution test
FAIL: 17_intro/header_streambuf.cc execution test
FAIL: 17_intro/headers.cc execution test
FAIL: 17_intro/headers_c++.cc execution test
FAIL: 17_intro/headers_c.cc execution test
FAIL: 18_support/14026.cc execution test
FAIL: 18_support/new_delete_placement.cc execution test
FAIL: 18_support/numeric_limits/denorm_min.cc execution test
FAIL: 18_support/numeric_limits/digits10.cc execution test
FAIL: 18_support/numeric_limits/epsilon.cc execution test
FAIL: 18_support/numeric_limits/infinity.cc execution test
FAIL: 18_support/numeric_limits/is_iec559.cc execution test
FAIL: 18_support/numeric_limits/min_max.cc execution test
FAIL: 18_support/numeric_limits/quiet_NaN.cc execution test
FAIL: 18_support/numeric_limits/sign.cc execution test
FAIL: 18_support/numeric_limits/specialization.cc execution test
FAIL: 18_support/numeric_limits/traps.cc execution test
FAIL: 19_diagnostics/stdexceptions.cc execution test
FAIL: 20_util/functional/binders/3113.cc execution test
FAIL: 20_util/functional/binders/3113.cc execution test
FAIL: 20_util/functional/comparisons.cc execution test
FAIL: 20_util/memory/allocator/1.cc execution test
FAIL: 20_util/memory/allocator/1.cc execution test
FAIL: 20_util/memory/allocator/10378.cc execution test
FAIL: 20_util/memory/allocator/10378.cc execution test
FAIL: 20_util/memory/allocator/14176.cc execution test
FAIL: 20_util/memory/allocator/14176.cc execution test
FAIL: 20_util/memory/allocator/8230.cc execution test
FAIL: 20_util/memory/allocator/8230.cc execution test
FAIL: 20_util/memory/auto_ptr/1.cc execution test
FAIL: 20_util/memory/auto_ptr/1.cc execution test
FAIL: 20_util/memory/auto_ptr/2.cc execution test
FAIL: 20_util/memory/auto_ptr/2.cc execution test
FAIL: 20_util/memory/auto_ptr/3.cc execution test
FAIL: 20_util/memory/auto_ptr/3.cc execution test
FAIL: 20_util/memory/auto_ptr/3946.cc execution test
FAIL: 20_util/memory/auto_ptr/3946.cc execution test
FAIL: 20_util/memory/auto_ptr/4.cc execution test
FAIL: 20_util/memory/auto_ptr/4.cc execution test
FAIL: 20_util/memory/auto_ptr/5.cc execution test
FAIL: 20_util/memory/auto_ptr/5.cc execution test
FAIL: 20_util/memory/auto_ptr/6.cc execution test
FAIL: 20_util/memory/auto_ptr/6.cc execution test
FAIL: 20_util/memory/auto_ptr/7.cc execution test
FAIL: 20_util/memory/auto_ptr/7.cc execution test
FAIL: 20_util/memory/raw_storage_iterator.cc execution test
FAIL: 20_util/memory/temporary_buffer.cc execution test
FAIL: 20_util/utility/pair/1.cc execution test
FAIL: 20_util/utility/pair/1.cc execution test
FAIL: 20_util/utility/pair/2.cc execution test
FAIL: 20_util/utility/pair/2.cc execution test
FAIL: 20_util/utility/pair/3.cc execution test
FAIL: 20_util/utility/pair/3.cc execution test
FAIL: 20_util/utility/pair/4.cc execution test
FAIL: 20_util/utility/pair/4.cc execution test
FAIL: 20_util/utility/rel_ops.cc execution test
FAIL: 21_strings/basic_string/append/char/1.cc execution test
FAIL: 21_strings/basic_string/append/char/1.cc execution test
FAIL: 21_strings/basic_string/append/char/1.cc execution test
FAIL: 21_strings/basic_string/append/char/2.cc execution test
FAIL: 21_strings/basic_string/append/char/2.cc execution test
FAIL: 21_strings/basic_string/append/char/2.cc execution test
FAIL: 21_strings/basic_string/append/char/3.cc execution test
FAIL: 21_strings/basic_string/append/char/3.cc execution test
FAIL: 21_strings/basic_string/append/char/3.cc execution test
FAIL: 21_strings/basic_string/assign/char/1.cc execution test
FAIL: 21_strings/basic_string/assign/char/1.cc execution test
FAIL: 21_strings/basic_string/assign/char/1.cc execution test
FAIL: 21_strings/basic_string/assign/char/2.cc execution test
FAIL: 21_strings/basic_string/assign/char/2.cc execution test
FAIL: 21_strings/basic_string/assign/char/2.cc execution test
FAIL: 21_strings/basic_string/assign/char/3.cc execution test
FAIL: 21_strings/basic_string/assign/char/3.cc execution test
FAIL: 21_strings/basic_string/assign/char/3.cc execution test
FAIL: 21_strings/basic_string/capacity/1.cc execution test
FAIL: 21_strings/basic_string/capacity/1.cc execution test
FAIL: 21_strings/basic_string/capacity/char/1.cc execution test
FAIL: 21_strings/basic_string/capacity/char/1.cc execution test
FAIL: 21_strings/basic_string/capacity/char/1.cc execution test
FAIL: 21_strings/basic_string/capacity/char/18654.cc execution test
FAIL: 21_strings/basic_string/capacity/char/18654.cc execution test
FAIL: 21_strings/basic_string/capacity/char/18654.cc execution test
FAIL: 21_strings/basic_string/capacity/char/2.cc execution test
FAIL: 21_strings/basic_string/capacity/char/2.cc execution test
FAIL: 21_strings/basic_string/capacity/char/2.cc execution test
FAIL: 21_strings/basic_string/compare/char/1.cc execution test
FAIL: 21_strings/basic_string/compare/char/1.cc execution test
FAIL: 21_strings/basic_string/compare/char/1.cc execution test
FAIL: 21_strings/basic_string/compare/char/13650.cc execution test
FAIL: 21_strings/basic_string/compare/char/13650.cc execution test
FAIL: 21_strings/basic_string/compare/char/13650.cc execution test
FAIL: 21_strings/basic_string/cons/char/1.cc execution test
FAIL: 21_strings/basic_string/cons/char/1.cc execution test
FAIL: 21_strings/basic_string/cons/char/1.cc execution test
FAIL: 21_strings/basic_string/cons/char/2.cc execution test
FAIL: 21_strings/basic_string/cons/char/2.cc execution test
FAIL: 21_strings/basic_string/cons/char/2.cc execution test
FAIL: 21_strings/basic_string/cons/char/3.cc execution test
FAIL: 21_strings/basic_string/cons/char/3.cc execution test
FAIL: 21_strings/basic_string/cons/char/3.cc execution test
FAIL: 21_strings/basic_string/cons/char/4.cc execution test
FAIL: 21_strings/basic_string/cons/char/4.cc execution test
FAIL: 21_strings/basic_string/cons/char/4.cc execution test
FAIL: 21_strings/basic_string/cons/char/5.cc execution test
FAIL: 21_strings/basic_string/cons/char/5.cc execution test
FAIL: 21_strings/basic_string/cons/char/5.cc execution test
FAIL: 21_strings/basic_string/cons/char/6.cc execution test
FAIL: 21_strings/basic_string/cons/char/6.cc execution test
FAIL: 21_strings/basic_string/cons/char/6.cc execution test
FAIL: 21_strings/basic_string/element_access/char/1.cc execution test
FAIL: 21_strings/basic_string/element_access/char/1.cc execution test
FAIL: 21_strings/basic_string/element_access/char/1.cc execution test
FAIL: 21_strings/basic_string/element_access/char/2.cc execution test
FAIL: 21_strings/basic_string/element_access/char/2.cc execution test
FAIL: 21_strings/basic_string/element_access/char/2.cc execution test
FAIL: 21_strings/basic_string/element_access/char/3.cc execution test
FAIL: 21_strings/basic_string/element_access/char/3.cc execution test
FAIL: 21_strings/basic_string/element_access/char/3.cc execution test
FAIL: 21_strings/basic_string/element_access/char/4.cc execution test
FAIL: 21_strings/basic_string/element_access/char/4.cc execution test
FAIL: 21_strings/basic_string/element_access/char/4.cc execution test
FAIL: 21_strings/basic_string/element_access/char/empty.cc execution test
FAIL: 21_strings/basic_string/element_access/char/empty.cc execution test
FAIL: 21_strings/basic_string/element_access/char/empty.cc execution test
FAIL: 21_strings/basic_string/find/char/1.cc execution test
FAIL: 21_strings/basic_string/find/char/1.cc execution test
FAIL: 21_strings/basic_string/find/char/1.cc execution test
FAIL: 21_strings/basic_string/find/char/2.cc execution test
FAIL: 21_strings/basic_string/find/char/2.cc execution test
FAIL: 21_strings/basic_string/find/char/2.cc execution test
FAIL: 21_strings/basic_string/find/char/3.cc execution test
FAIL: 21_strings/basic_string/find/char/3.cc execution test
FAIL: 21_strings/basic_string/find/char/3.cc execution test
Compiler version: 4.2.0 20060916 (experimental)
Platform: i686-pc-cygwin
configure flags: '--enable-languages=fortran objc treelang c c++'
--enable-threads=posix --enable-sjlj-exceptions --disable-libmudflap
--disable-shared --enable-maintainer-mode --prefix=/usr/local/gcc42
--enable-bootstrap --enable-languages=c,c++,fortran,objc,treelang
More information about the Gcc-testresults
mailing list