Results for 4.2.0 20060917 (experimental) testsuite on hppa2.0w-hp-hpux11.11
CodeSourcery Automatic Testing System
gcc@codesourcery.com
Sun Sep 17 19:08:00 GMT 2006
LAST_UPDATED: Sun Sep 17 07:14:24 UTC 2006 (/trunk revision 117002)
Native configuration is hppa2.0w-hp-hpux11.11
=== g++ tests ===
Running target unix
XPASS: g++.dg/tree-ssa/ivopts-1.C scan-tree-dump-not &x\\[5\\]
=== g++ Summary ===
# of expected passes 12534
# of unexpected successes 1
# of expected failures 70
# of unsupported tests 179
/scratch/gcc/nightly-2006-09-17-mainline/hppa2.0w-hp-hpux11.11/build_gcc/build/test-mainline-0-hppa2.0w-hp-hpux11.11-hppa2.0w-hp-hpux11.11/fsf-mainline/bin/c++ version 4.2.0 20060917 (experimental)
=== gcc tests ===
Running target unix
=== gcc Summary ===
# of expected passes 39278
# of expected failures 81
# of untested testcases 28
# of unsupported tests 484
/scratch/gcc/nightly-2006-09-17-mainline/hppa2.0w-hp-hpux11.11/build_gcc/build/test-mainline-0-hppa2.0w-hp-hpux11.11-hppa2.0w-hp-hpux11.11/fsf-mainline/bin/gcc version 4.2.0 20060917 (experimental)
=== libstdc++ tests ===
Running target unix
FAIL: 26_numerics/cmath/c99_classification_macros_c.cc (test for excess errors)
=== libstdc++ Summary ===
# of expected passes 3702
# of unexpected failures 1
# of expected failures 13
# of unsupported tests 331
Compiler version: 4.2.0 20060917 (experimental)
Platform: hppa2.0w-hp-hpux11.11
configure flags: --build=hppa2.0w-hp-hpux11.11 --host=hppa2.0w-hp-hpux11.11 --target=hppa2.0w-hp-hpux11.11 --enable-languages=c,c++ --enable-shared --enable-threads --disable-libmudflap --disable-libssp --disable-libgomp --disable-libstdcxx-pch --with-gnu-as --with-as=/scratch/gcc/nightly-2006-09-17-mainline/hppa2.0w-hp-hpux11.11/build_gcc/install/bin/as --without-gnu-ld --with-ld=/usr/ccs/bin/ld --prefix=/scratch/gcc/nightly-2006-09-17-mainline/hppa2.0w-hp-hpux11.11/build_gcc/install --disable-nls
More information about the Gcc-testresults
mailing list