Results for 4.2.0 20060909 (experimental) testsuite on powerpc-apple-darwin8.5.0
regress
regress@apple.com
Sat Sep 9 18:57:00 GMT 2006
This build run by an automatic regression tester.
See <http://gcc.gnu.org/regtest/HEAD/> for more information.
Date: 2006-09-09T12:31:01Z
Revision: 116797
URL: svn://gcc.gnu.org/svn/gcc/trunk
Status: regress-91
Prev-Endtime: 2006-09-09T11:21:27Z
LAST_UPDATED:
Native configuration is powerpc-apple-darwin8.5.0
=== g++ tests ===
Running target unix
FAIL: tmpdir-g++.dg-struct-layout-1/t001 cp_compat_x_tst.o compile
FAIL: tmpdir-g++.dg-struct-layout-1/t001 cp_compat_y_tst.o compile
UNRESOLVED: tmpdir-g++.dg-struct-layout-1/t001 cp_compat_x_tst.o-cp_compat_y_tst.o link
UNRESOLVED: tmpdir-g++.dg-struct-layout-1/t001 cp_compat_x_tst.o-cp_compat_y_tst.o execute
FAIL: tmpdir-g++.dg-struct-layout-1/t002 cp_compat_x_tst.o compile
FAIL: tmpdir-g++.dg-struct-layout-1/t002 cp_compat_y_tst.o compile
UNRESOLVED: tmpdir-g++.dg-struct-layout-1/t002 cp_compat_x_tst.o-cp_compat_y_tst.o link
UNRESOLVED: tmpdir-g++.dg-struct-layout-1/t002 cp_compat_x_tst.o-cp_compat_y_tst.o execute
FAIL: tmpdir-g++.dg-struct-layout-1/t003 cp_compat_x_tst.o compile
FAIL: tmpdir-g++.dg-struct-layout-1/t003 cp_compat_y_tst.o compile
UNRESOLVED: tmpdir-g++.dg-struct-layout-1/t003 cp_compat_x_tst.o-cp_compat_y_tst.o link
UNRESOLVED: tmpdir-g++.dg-struct-layout-1/t003 cp_compat_x_tst.o-cp_compat_y_tst.o execute
FAIL: tmpdir-g++.dg-struct-layout-1/t004 cp_compat_x_tst.o compile
FAIL: tmpdir-g++.dg-struct-layout-1/t004 cp_compat_y_tst.o compile
UNRESOLVED: tmpdir-g++.dg-struct-layout-1/t004 cp_compat_x_tst.o-cp_compat_y_tst.o link
UNRESOLVED: tmpdir-g++.dg-struct-layout-1/t004 cp_compat_x_tst.o-cp_compat_y_tst.o execute
FAIL: tmpdir-g++.dg-struct-layout-1/t005 cp_compat_x_tst.o compile
FAIL: tmpdir-g++.dg-struct-layout-1/t005 cp_compat_y_tst.o compile
UNRESOLVED: tmpdir-g++.dg-struct-layout-1/t005 cp_compat_x_tst.o-cp_compat_y_tst.o link
UNRESOLVED: tmpdir-g++.dg-struct-layout-1/t005 cp_compat_x_tst.o-cp_compat_y_tst.o execute
FAIL: tmpdir-g++.dg-struct-layout-1/t006 cp_compat_x_tst.o compile
FAIL: tmpdir-g++.dg-struct-layout-1/t006 cp_compat_y_tst.o compile
UNRESOLVED: tmpdir-g++.dg-struct-layout-1/t006 cp_compat_x_tst.o-cp_compat_y_tst.o link
UNRESOLVED: tmpdir-g++.dg-struct-layout-1/t006 cp_compat_x_tst.o-cp_compat_y_tst.o execute
FAIL: tmpdir-g++.dg-struct-layout-1/t007 cp_compat_x_tst.o compile
FAIL: tmpdir-g++.dg-struct-layout-1/t007 cp_compat_y_tst.o compile
UNRESOLVED: tmpdir-g++.dg-struct-layout-1/t007 cp_compat_x_tst.o-cp_compat_y_tst.o link
UNRESOLVED: tmpdir-g++.dg-struct-layout-1/t007 cp_compat_x_tst.o-cp_compat_y_tst.o execute
FAIL: tmpdir-g++.dg-struct-layout-1/t008 cp_compat_x_tst.o compile
FAIL: tmpdir-g++.dg-struct-layout-1/t008 cp_compat_y_tst.o compile
UNRESOLVED: tmpdir-g++.dg-struct-layout-1/t008 cp_compat_x_tst.o-cp_compat_y_tst.o link
UNRESOLVED: tmpdir-g++.dg-struct-layout-1/t008 cp_compat_x_tst.o-cp_compat_y_tst.o execute
FAIL: tmpdir-g++.dg-struct-layout-1/t009 cp_compat_x_tst.o compile
FAIL: tmpdir-g++.dg-struct-layout-1/t009 cp_compat_y_tst.o compile
UNRESOLVED: tmpdir-g++.dg-struct-layout-1/t009 cp_compat_x_tst.o-cp_compat_y_tst.o link
UNRESOLVED: tmpdir-g++.dg-struct-layout-1/t009 cp_compat_x_tst.o-cp_compat_y_tst.o execute
FAIL: tmpdir-g++.dg-struct-layout-1/t010 cp_compat_x_tst.o compile
FAIL: tmpdir-g++.dg-struct-layout-1/t010 cp_compat_y_tst.o compile
UNRESOLVED: tmpdir-g++.dg-struct-layout-1/t010 cp_compat_x_tst.o-cp_compat_y_tst.o link
UNRESOLVED: tmpdir-g++.dg-struct-layout-1/t010 cp_compat_x_tst.o-cp_compat_y_tst.o execute
FAIL: tmpdir-g++.dg-struct-layout-1/t011 cp_compat_x_tst.o compile
FAIL: tmpdir-g++.dg-struct-layout-1/t011 cp_compat_y_tst.o compile
UNRESOLVED: tmpdir-g++.dg-struct-layout-1/t011 cp_compat_x_tst.o-cp_compat_y_tst.o link
UNRESOLVED: tmpdir-g++.dg-struct-layout-1/t011 cp_compat_x_tst.o-cp_compat_y_tst.o execute
FAIL: tmpdir-g++.dg-struct-layout-1/t012 cp_compat_x_tst.o compile
FAIL: tmpdir-g++.dg-struct-layout-1/t012 cp_compat_y_tst.o compile
UNRESOLVED: tmpdir-g++.dg-struct-layout-1/t012 cp_compat_x_tst.o-cp_compat_y_tst.o link
UNRESOLVED: tmpdir-g++.dg-struct-layout-1/t012 cp_compat_x_tst.o-cp_compat_y_tst.o execute
FAIL: tmpdir-g++.dg-struct-layout-1/t013 cp_compat_x_tst.o compile
FAIL: tmpdir-g++.dg-struct-layout-1/t013 cp_compat_y_tst.o compile
UNRESOLVED: tmpdir-g++.dg-struct-layout-1/t013 cp_compat_x_tst.o-cp_compat_y_tst.o link
UNRESOLVED: tmpdir-g++.dg-struct-layout-1/t013 cp_compat_x_tst.o-cp_compat_y_tst.o execute
FAIL: tmpdir-g++.dg-struct-layout-1/t014 cp_compat_x_tst.o compile
FAIL: tmpdir-g++.dg-struct-layout-1/t014 cp_compat_y_tst.o compile
UNRESOLVED: tmpdir-g++.dg-struct-layout-1/t014 cp_compat_x_tst.o-cp_compat_y_tst.o link
UNRESOLVED: tmpdir-g++.dg-struct-layout-1/t014 cp_compat_x_tst.o-cp_compat_y_tst.o execute
FAIL: tmpdir-g++.dg-struct-layout-1/t015 cp_compat_x_tst.o compile
FAIL: tmpdir-g++.dg-struct-layout-1/t015 cp_compat_y_tst.o compile
UNRESOLVED: tmpdir-g++.dg-struct-layout-1/t015 cp_compat_x_tst.o-cp_compat_y_tst.o link
UNRESOLVED: tmpdir-g++.dg-struct-layout-1/t015 cp_compat_x_tst.o-cp_compat_y_tst.o execute
FAIL: tmpdir-g++.dg-struct-layout-1/t016 cp_compat_x_tst.o compile
FAIL: tmpdir-g++.dg-struct-layout-1/t016 cp_compat_y_tst.o compile
UNRESOLVED: tmpdir-g++.dg-struct-layout-1/t016 cp_compat_x_tst.o-cp_compat_y_tst.o link
UNRESOLVED: tmpdir-g++.dg-struct-layout-1/t016 cp_compat_x_tst.o-cp_compat_y_tst.o execute
FAIL: tmpdir-g++.dg-struct-layout-1/t017 cp_compat_x_tst.o compile
FAIL: tmpdir-g++.dg-struct-layout-1/t017 cp_compat_y_tst.o compile
UNRESOLVED: tmpdir-g++.dg-struct-layout-1/t017 cp_compat_x_tst.o-cp_compat_y_tst.o link
UNRESOLVED: tmpdir-g++.dg-struct-layout-1/t017 cp_compat_x_tst.o-cp_compat_y_tst.o execute
FAIL: tmpdir-g++.dg-struct-layout-1/t018 cp_compat_x_tst.o compile
FAIL: tmpdir-g++.dg-struct-layout-1/t018 cp_compat_y_tst.o compile
UNRESOLVED: tmpdir-g++.dg-struct-layout-1/t018 cp_compat_x_tst.o-cp_compat_y_tst.o link
UNRESOLVED: tmpdir-g++.dg-struct-layout-1/t018 cp_compat_x_tst.o-cp_compat_y_tst.o execute
FAIL: tmpdir-g++.dg-struct-layout-1/t019 cp_compat_x_tst.o compile
FAIL: tmpdir-g++.dg-struct-layout-1/t019 cp_compat_y_tst.o compile
UNRESOLVED: tmpdir-g++.dg-struct-layout-1/t019 cp_compat_x_tst.o-cp_compat_y_tst.o link
UNRESOLVED: tmpdir-g++.dg-struct-layout-1/t019 cp_compat_x_tst.o-cp_compat_y_tst.o execute
FAIL: tmpdir-g++.dg-struct-layout-1/t020 cp_compat_x_tst.o compile
FAIL: tmpdir-g++.dg-struct-layout-1/t020 cp_compat_y_tst.o compile
UNRESOLVED: tmpdir-g++.dg-struct-layout-1/t020 cp_compat_x_tst.o-cp_compat_y_tst.o link
UNRESOLVED: tmpdir-g++.dg-struct-layout-1/t020 cp_compat_x_tst.o-cp_compat_y_tst.o execute
FAIL: tmpdir-g++.dg-struct-layout-1/t021 cp_compat_x_tst.o compile
FAIL: tmpdir-g++.dg-struct-layout-1/t021 cp_compat_y_tst.o compile
UNRESOLVED: tmpdir-g++.dg-struct-layout-1/t021 cp_compat_x_tst.o-cp_compat_y_tst.o link
UNRESOLVED: tmpdir-g++.dg-struct-layout-1/t021 cp_compat_x_tst.o-cp_compat_y_tst.o execute
FAIL: tmpdir-g++.dg-struct-layout-1/t022 cp_compat_x_tst.o compile
FAIL: tmpdir-g++.dg-struct-layout-1/t022 cp_compat_y_tst.o compile
UNRESOLVED: tmpdir-g++.dg-struct-layout-1/t022 cp_compat_x_tst.o-cp_compat_y_tst.o link
UNRESOLVED: tmpdir-g++.dg-struct-layout-1/t022 cp_compat_x_tst.o-cp_compat_y_tst.o execute
FAIL: tmpdir-g++.dg-struct-layout-1/t023 cp_compat_x_tst.o compile
FAIL: tmpdir-g++.dg-struct-layout-1/t023 cp_compat_y_tst.o compile
UNRESOLVED: tmpdir-g++.dg-struct-layout-1/t023 cp_compat_x_tst.o-cp_compat_y_tst.o link
UNRESOLVED: tmpdir-g++.dg-struct-layout-1/t023 cp_compat_x_tst.o-cp_compat_y_tst.o execute
FAIL: tmpdir-g++.dg-struct-layout-1/t024 cp_compat_x_tst.o compile
FAIL: tmpdir-g++.dg-struct-layout-1/t024 cp_compat_y_tst.o compile
UNRESOLVED: tmpdir-g++.dg-struct-layout-1/t024 cp_compat_x_tst.o-cp_compat_y_tst.o link
UNRESOLVED: tmpdir-g++.dg-struct-layout-1/t024 cp_compat_x_tst.o-cp_compat_y_tst.o execute
FAIL: tmpdir-g++.dg-struct-layout-1/t025 cp_compat_x_tst.o compile
FAIL: tmpdir-g++.dg-struct-layout-1/t025 cp_compat_y_tst.o compile
UNRESOLVED: tmpdir-g++.dg-struct-layout-1/t025 cp_compat_x_tst.o-cp_compat_y_tst.o link
UNRESOLVED: tmpdir-g++.dg-struct-layout-1/t025 cp_compat_x_tst.o-cp_compat_y_tst.o execute
FAIL: tmpdir-g++.dg-struct-layout-1/t026 cp_compat_x_tst.o compile
FAIL: tmpdir-g++.dg-struct-layout-1/t026 cp_compat_y_tst.o compile
UNRESOLVED: tmpdir-g++.dg-struct-layout-1/t026 cp_compat_x_tst.o-cp_compat_y_tst.o link
UNRESOLVED: tmpdir-g++.dg-struct-layout-1/t026 cp_compat_x_tst.o-cp_compat_y_tst.o execute
FAIL: tmpdir-g++.dg-struct-layout-1/t027 cp_compat_x_tst.o compile
FAIL: tmpdir-g++.dg-struct-layout-1/t027 cp_compat_y_tst.o compile
UNRESOLVED: tmpdir-g++.dg-struct-layout-1/t027 cp_compat_x_tst.o-cp_compat_y_tst.o link
UNRESOLVED: tmpdir-g++.dg-struct-layout-1/t027 cp_compat_x_tst.o-cp_compat_y_tst.o execute
FAIL: tmpdir-g++.dg-struct-layout-1/t028 cp_compat_x_tst.o compile
FAIL: tmpdir-g++.dg-struct-layout-1/t028 cp_compat_y_tst.o compile
UNRESOLVED: tmpdir-g++.dg-struct-layout-1/t028 cp_compat_x_tst.o-cp_compat_y_tst.o link
UNRESOLVED: tmpdir-g++.dg-struct-layout-1/t028 cp_compat_x_tst.o-cp_compat_y_tst.o execute
FAIL: tmpdir-g++.dg-struct-layout-1/t029 cp_compat_x_tst.o compile
FAIL: tmpdir-g++.dg-struct-layout-1/t029 cp_compat_y_tst.o compile
UNRESOLVED: tmpdir-g++.dg-struct-layout-1/t029 cp_compat_x_tst.o-cp_compat_y_tst.o link
UNRESOLVED: tmpdir-g++.dg-struct-layout-1/t029 cp_compat_x_tst.o-cp_compat_y_tst.o execute
FAIL: tmpdir-g++.dg-struct-layout-1/t030 cp_compat_x_tst.o compile
FAIL: tmpdir-g++.dg-struct-layout-1/t030 cp_compat_y_tst.o compile
UNRESOLVED: tmpdir-g++.dg-struct-layout-1/t030 cp_compat_x_tst.o-cp_compat_y_tst.o link
UNRESOLVED: tmpdir-g++.dg-struct-layout-1/t030 cp_compat_x_tst.o-cp_compat_y_tst.o execute
FAIL: g++.dg/abi/thunk4.C scan-assembler .weak[ \\t]_?_ZThn._N7Derived3FooEv
FAIL: g++.dg/cpp/_Pragma1.C (test for excess errors)
FAIL: g++.dg/ext/alignof2.C execution test
FAIL: g++.dg/other/unused1.C scan-assembler (string|asci)z?\\t"class2"
FAIL: g++.dg/other/unused1.C scan-assembler (string|asci)z?\\t"printer"
FAIL: g++.dg/warn/huge-val1.C (test for excess errors)
FAIL: g++.dg/warn/weak1.C (test for excess errors)
WARNING: g++.dg/warn/weak1.C compilation failed to produce executable
FAIL: g++.dg/special/conpr-3.C execution test
=== g++ Summary ===
# of expected passes 12860
# of unexpected failures 68
# of expected failures 66
# of unresolved testcases 60
# of unsupported tests 127
/Users/regress/tbox/native/build/gcc/testsuite/g++/../../g++ version 4.2.0 20060909 (experimental)
=== gcc tests ===
Running target unix
FAIL: gcc.c-torture/compile/20031208-1.c -O0 (test for excess errors)
FAIL: gcc.c-torture/compile/20031208-1.c -O1 (test for excess errors)
FAIL: gcc.c-torture/compile/20031208-1.c -O2 (test for excess errors)
FAIL: gcc.c-torture/compile/20031208-1.c -O3 -fomit-frame-pointer (test for excess errors)
FAIL: gcc.c-torture/compile/20031208-1.c -O3 -g (test for excess errors)
FAIL: gcc.c-torture/compile/20031208-1.c -Os (test for excess errors)
FAIL: gcc.c-torture/execute/20030914-1.c compilation, -O0
UNRESOLVED: gcc.c-torture/execute/20030914-1.c execution, -O0
FAIL: gcc.c-torture/execute/20030914-1.c compilation, -O1
UNRESOLVED: gcc.c-torture/execute/20030914-1.c execution, -O1
FAIL: gcc.c-torture/execute/20030914-1.c compilation, -O2
UNRESOLVED: gcc.c-torture/execute/20030914-1.c execution, -O2
FAIL: gcc.c-torture/execute/20030914-1.c compilation, -O3 -fomit-frame-pointer
UNRESOLVED: gcc.c-torture/execute/20030914-1.c execution, -O3 -fomit-frame-pointer
FAIL: gcc.c-torture/execute/20030914-1.c compilation, -O3 -fomit-frame-pointer -funroll-loops
UNRESOLVED: gcc.c-torture/execute/20030914-1.c execution, -O3 -fomit-frame-pointer -funroll-loops
FAIL: gcc.c-torture/execute/20030914-1.c compilation, -O3 -fomit-frame-pointer -funroll-all-loops -finline-functions
UNRESOLVED: gcc.c-torture/execute/20030914-1.c execution, -O3 -fomit-frame-pointer -funroll-all-loops -finline-functions
FAIL: gcc.c-torture/execute/20030914-1.c compilation, -O3 -g
UNRESOLVED: gcc.c-torture/execute/20030914-1.c execution, -O3 -g
FAIL: gcc.c-torture/execute/20030914-1.c compilation, -Os
UNRESOLVED: gcc.c-torture/execute/20030914-1.c execution, -Os
FAIL: gcc.c-torture/execute/align-2.c compilation, -O0
UNRESOLVED: gcc.c-torture/execute/align-2.c execution, -O0
FAIL: gcc.c-torture/execute/align-2.c compilation, -O1
UNRESOLVED: gcc.c-torture/execute/align-2.c execution, -O1
FAIL: gcc.c-torture/execute/align-2.c compilation, -O2
UNRESOLVED: gcc.c-torture/execute/align-2.c execution, -O2
FAIL: gcc.c-torture/execute/align-2.c compilation, -O3 -fomit-frame-pointer
UNRESOLVED: gcc.c-torture/execute/align-2.c execution, -O3 -fomit-frame-pointer
FAIL: gcc.c-torture/execute/align-2.c compilation, -O3 -g
UNRESOLVED: gcc.c-torture/execute/align-2.c execution, -O3 -g
FAIL: gcc.c-torture/execute/align-2.c compilation, -Os
UNRESOLVED: gcc.c-torture/execute/align-2.c execution, -Os
FAIL: gcc.c-torture/execute/conversion.c compilation, -O0
UNRESOLVED: gcc.c-torture/execute/conversion.c execution, -O0
FAIL: gcc.c-torture/execute/conversion.c compilation, -O1
UNRESOLVED: gcc.c-torture/execute/conversion.c execution, -O1
FAIL: gcc.c-torture/execute/conversion.c compilation, -O2
UNRESOLVED: gcc.c-torture/execute/conversion.c execution, -O2
FAIL: gcc.c-torture/execute/conversion.c compilation, -O3 -fomit-frame-pointer
UNRESOLVED: gcc.c-torture/execute/conversion.c execution, -O3 -fomit-frame-pointer
FAIL: gcc.c-torture/execute/conversion.c compilation, -O3 -g
UNRESOLVED: gcc.c-torture/execute/conversion.c execution, -O3 -g
FAIL: gcc.c-torture/execute/conversion.c compilation, -Os
UNRESOLVED: gcc.c-torture/execute/conversion.c execution, -Os
FAIL: gcc.c-torture/execute/regstack-1.c compilation, -O0
UNRESOLVED: gcc.c-torture/execute/regstack-1.c execution, -O0
FAIL: gcc.c-torture/execute/regstack-1.c compilation, -O1
UNRESOLVED: gcc.c-torture/execute/regstack-1.c execution, -O1
FAIL: gcc.c-torture/execute/regstack-1.c compilation, -O2
UNRESOLVED: gcc.c-torture/execute/regstack-1.c execution, -O2
FAIL: gcc.c-torture/execute/regstack-1.c compilation, -O3 -fomit-frame-pointer
UNRESOLVED: gcc.c-torture/execute/regstack-1.c execution, -O3 -fomit-frame-pointer
FAIL: gcc.c-torture/execute/regstack-1.c compilation, -O3 -g
UNRESOLVED: gcc.c-torture/execute/regstack-1.c execution, -O3 -g
FAIL: gcc.c-torture/execute/regstack-1.c compilation, -Os
UNRESOLVED: gcc.c-torture/execute/regstack-1.c execution, -Os
FAIL: gcc.c-torture/execute/stdarg-1.c compilation, -O0
UNRESOLVED: gcc.c-torture/execute/stdarg-1.c execution, -O0
FAIL: gcc.c-torture/execute/stdarg-1.c compilation, -O1
UNRESOLVED: gcc.c-torture/execute/stdarg-1.c execution, -O1
FAIL: gcc.c-torture/execute/stdarg-1.c compilation, -O2
UNRESOLVED: gcc.c-torture/execute/stdarg-1.c execution, -O2
FAIL: gcc.c-torture/execute/stdarg-1.c compilation, -O3 -fomit-frame-pointer
UNRESOLVED: gcc.c-torture/execute/stdarg-1.c execution, -O3 -fomit-frame-pointer
FAIL: gcc.c-torture/execute/stdarg-1.c compilation, -O3 -g
UNRESOLVED: gcc.c-torture/execute/stdarg-1.c execution, -O3 -g
FAIL: gcc.c-torture/execute/stdarg-1.c compilation, -Os
UNRESOLVED: gcc.c-torture/execute/stdarg-1.c execution, -Os
FAIL: gcc.c-torture/execute/va-arg-5.c compilation, -O0
UNRESOLVED: gcc.c-torture/execute/va-arg-5.c execution, -O0
FAIL: gcc.c-torture/execute/va-arg-5.c compilation, -O1
UNRESOLVED: gcc.c-torture/execute/va-arg-5.c execution, -O1
FAIL: gcc.c-torture/execute/va-arg-5.c compilation, -O2
UNRESOLVED: gcc.c-torture/execute/va-arg-5.c execution, -O2
FAIL: gcc.c-torture/execute/va-arg-5.c compilation, -O3 -fomit-frame-pointer
UNRESOLVED: gcc.c-torture/execute/va-arg-5.c execution, -O3 -fomit-frame-pointer
FAIL: gcc.c-torture/execute/va-arg-5.c compilation, -O3 -g
UNRESOLVED: gcc.c-torture/execute/va-arg-5.c execution, -O3 -g
FAIL: gcc.c-torture/execute/va-arg-5.c compilation, -Os
UNRESOLVED: gcc.c-torture/execute/va-arg-5.c execution, -Os
FAIL: gcc.c-torture/execute/va-arg-6.c compilation, -O0
UNRESOLVED: gcc.c-torture/execute/va-arg-6.c execution, -O0
FAIL: gcc.c-torture/execute/va-arg-6.c compilation, -O1
UNRESOLVED: gcc.c-torture/execute/va-arg-6.c execution, -O1
FAIL: gcc.c-torture/execute/va-arg-6.c compilation, -O2
UNRESOLVED: gcc.c-torture/execute/va-arg-6.c execution, -O2
FAIL: gcc.c-torture/execute/va-arg-6.c compilation, -O3 -fomit-frame-pointer
UNRESOLVED: gcc.c-torture/execute/va-arg-6.c execution, -O3 -fomit-frame-pointer
FAIL: gcc.c-torture/execute/va-arg-6.c compilation, -O3 -g
UNRESOLVED: gcc.c-torture/execute/va-arg-6.c execution, -O3 -g
FAIL: gcc.c-torture/execute/va-arg-6.c compilation, -Os
UNRESOLVED: gcc.c-torture/execute/va-arg-6.c execution, -Os
FAIL: gcc.c-torture/execute/ieee/20011123-1.c compilation, -O0
UNRESOLVED: gcc.c-torture/execute/ieee/20011123-1.c execution, -O0
FAIL: gcc.dg/compat/scalar-return-1 c_compat_y_tst.o compile
UNRESOLVED: gcc.dg/compat/scalar-return-1 c_compat_x_tst.o-c_compat_y_tst.o link
UNRESOLVED: gcc.dg/compat/scalar-return-1 c_compat_x_tst.o-c_compat_y_tst.o execute
FAIL: tmpdir-gcc.dg-struct-layout-1/t001 c_compat_x_tst.o compile
FAIL: tmpdir-gcc.dg-struct-layout-1/t001 c_compat_y_tst.o compile
UNRESOLVED: tmpdir-gcc.dg-struct-layout-1/t001 c_compat_x_tst.o-c_compat_y_tst.o link
UNRESOLVED: tmpdir-gcc.dg-struct-layout-1/t001 c_compat_x_tst.o-c_compat_y_tst.o execute
FAIL: tmpdir-gcc.dg-struct-layout-1/t002 c_compat_x_tst.o compile
FAIL: tmpdir-gcc.dg-struct-layout-1/t002 c_compat_y_tst.o compile
UNRESOLVED: tmpdir-gcc.dg-struct-layout-1/t002 c_compat_x_tst.o-c_compat_y_tst.o link
UNRESOLVED: tmpdir-gcc.dg-struct-layout-1/t002 c_compat_x_tst.o-c_compat_y_tst.o execute
FAIL: tmpdir-gcc.dg-struct-layout-1/t003 c_compat_x_tst.o compile
FAIL: tmpdir-gcc.dg-struct-layout-1/t003 c_compat_y_tst.o compile
UNRESOLVED: tmpdir-gcc.dg-struct-layout-1/t003 c_compat_x_tst.o-c_compat_y_tst.o link
UNRESOLVED: tmpdir-gcc.dg-struct-layout-1/t003 c_compat_x_tst.o-c_compat_y_tst.o execute
FAIL: tmpdir-gcc.dg-struct-layout-1/t004 c_compat_x_tst.o compile
FAIL: tmpdir-gcc.dg-struct-layout-1/t004 c_compat_y_tst.o compile
UNRESOLVED: tmpdir-gcc.dg-struct-layout-1/t004 c_compat_x_tst.o-c_compat_y_tst.o link
UNRESOLVED: tmpdir-gcc.dg-struct-layout-1/t004 c_compat_x_tst.o-c_compat_y_tst.o execute
FAIL: tmpdir-gcc.dg-struct-layout-1/t005 c_compat_x_tst.o compile
FAIL: tmpdir-gcc.dg-struct-layout-1/t005 c_compat_y_tst.o compile
UNRESOLVED: tmpdir-gcc.dg-struct-layout-1/t005 c_compat_x_tst.o-c_compat_y_tst.o link
UNRESOLVED: tmpdir-gcc.dg-struct-layout-1/t005 c_compat_x_tst.o-c_compat_y_tst.o execute
FAIL: tmpdir-gcc.dg-struct-layout-1/t006 c_compat_x_tst.o compile
FAIL: tmpdir-gcc.dg-struct-layout-1/t006 c_compat_y_tst.o compile
UNRESOLVED: tmpdir-gcc.dg-struct-layout-1/t006 c_compat_x_tst.o-c_compat_y_tst.o link
UNRESOLVED: tmpdir-gcc.dg-struct-layout-1/t006 c_compat_x_tst.o-c_compat_y_tst.o execute
FAIL: tmpdir-gcc.dg-struct-layout-1/t007 c_compat_x_tst.o compile
FAIL: tmpdir-gcc.dg-struct-layout-1/t007 c_compat_y_tst.o compile
UNRESOLVED: tmpdir-gcc.dg-struct-layout-1/t007 c_compat_x_tst.o-c_compat_y_tst.o link
UNRESOLVED: tmpdir-gcc.dg-struct-layout-1/t007 c_compat_x_tst.o-c_compat_y_tst.o execute
FAIL: tmpdir-gcc.dg-struct-layout-1/t008 c_compat_x_tst.o compile
FAIL: tmpdir-gcc.dg-struct-layout-1/t008 c_compat_y_tst.o compile
UNRESOLVED: tmpdir-gcc.dg-struct-layout-1/t008 c_compat_x_tst.o-c_compat_y_tst.o link
UNRESOLVED: tmpdir-gcc.dg-struct-layout-1/t008 c_compat_x_tst.o-c_compat_y_tst.o execute
FAIL: tmpdir-gcc.dg-struct-layout-1/t009 c_compat_x_tst.o compile
FAIL: tmpdir-gcc.dg-struct-layout-1/t009 c_compat_y_tst.o compile
UNRESOLVED: tmpdir-gcc.dg-struct-layout-1/t009 c_compat_x_tst.o-c_compat_y_tst.o link
UNRESOLVED: tmpdir-gcc.dg-struct-layout-1/t009 c_compat_x_tst.o-c_compat_y_tst.o execute
FAIL: tmpdir-gcc.dg-struct-layout-1/t010 c_compat_x_tst.o compile
FAIL: tmpdir-gcc.dg-struct-layout-1/t010 c_compat_y_tst.o compile
UNRESOLVED: tmpdir-gcc.dg-struct-layout-1/t010 c_compat_x_tst.o-c_compat_y_tst.o link
UNRESOLVED: tmpdir-gcc.dg-struct-layout-1/t010 c_compat_x_tst.o-c_compat_y_tst.o execute
FAIL: tmpdir-gcc.dg-struct-layout-1/t011 c_compat_x_tst.o compile
FAIL: tmpdir-gcc.dg-struct-layout-1/t011 c_compat_y_tst.o compile
UNRESOLVED: tmpdir-gcc.dg-struct-layout-1/t011 c_compat_x_tst.o-c_compat_y_tst.o link
UNRESOLVED: tmpdir-gcc.dg-struct-layout-1/t011 c_compat_x_tst.o-c_compat_y_tst.o execute
FAIL: tmpdir-gcc.dg-struct-layout-1/t012 c_compat_x_tst.o compile
FAIL: tmpdir-gcc.dg-struct-layout-1/t012 c_compat_y_tst.o compile
UNRESOLVED: tmpdir-gcc.dg-struct-layout-1/t012 c_compat_x_tst.o-c_compat_y_tst.o link
UNRESOLVED: tmpdir-gcc.dg-struct-layout-1/t012 c_compat_x_tst.o-c_compat_y_tst.o execute
FAIL: tmpdir-gcc.dg-struct-layout-1/t013 c_compat_x_tst.o compile
FAIL: tmpdir-gcc.dg-struct-layout-1/t013 c_compat_y_tst.o compile
UNRESOLVED: tmpdir-gcc.dg-struct-layout-1/t013 c_compat_x_tst.o-c_compat_y_tst.o link
UNRESOLVED: tmpdir-gcc.dg-struct-layout-1/t013 c_compat_x_tst.o-c_compat_y_tst.o execute
FAIL: tmpdir-gcc.dg-struct-layout-1/t014 c_compat_x_tst.o compile
FAIL: tmpdir-gcc.dg-struct-layout-1/t014 c_compat_y_tst.o compile
UNRESOLVED: tmpdir-gcc.dg-struct-layout-1/t014 c_compat_x_tst.o-c_compat_y_tst.o link
UNRESOLVED: tmpdir-gcc.dg-struct-layout-1/t014 c_compat_x_tst.o-c_compat_y_tst.o execute
FAIL: tmpdir-gcc.dg-struct-layout-1/t015 c_compat_x_tst.o compile
FAIL: tmpdir-gcc.dg-struct-layout-1/t015 c_compat_y_tst.o compile
UNRESOLVED: tmpdir-gcc.dg-struct-layout-1/t015 c_compat_x_tst.o-c_compat_y_tst.o link
UNRESOLVED: tmpdir-gcc.dg-struct-layout-1/t015 c_compat_x_tst.o-c_compat_y_tst.o execute
FAIL: tmpdir-gcc.dg-struct-layout-1/t016 c_compat_x_tst.o compile
FAIL: tmpdir-gcc.dg-struct-layout-1/t016 c_compat_y_tst.o compile
UNRESOLVED: tmpdir-gcc.dg-struct-layout-1/t016 c_compat_x_tst.o-c_compat_y_tst.o link
UNRESOLVED: tmpdir-gcc.dg-struct-layout-1/t016 c_compat_x_tst.o-c_compat_y_tst.o execute
FAIL: tmpdir-gcc.dg-struct-layout-1/t017 c_compat_x_tst.o compile
FAIL: tmpdir-gcc.dg-struct-layout-1/t017 c_compat_y_tst.o compile
UNRESOLVED: tmpdir-gcc.dg-struct-layout-1/t017 c_compat_x_tst.o-c_compat_y_tst.o link
UNRESOLVED: tmpdir-gcc.dg-struct-layout-1/t017 c_compat_x_tst.o-c_compat_y_tst.o execute
FAIL: tmpdir-gcc.dg-struct-layout-1/t018 c_compat_x_tst.o compile
FAIL: tmpdir-gcc.dg-struct-layout-1/t018 c_compat_y_tst.o compile
UNRESOLVED: tmpdir-gcc.dg-struct-layout-1/t018 c_compat_x_tst.o-c_compat_y_tst.o link
UNRESOLVED: tmpdir-gcc.dg-struct-layout-1/t018 c_compat_x_tst.o-c_compat_y_tst.o execute
FAIL: tmpdir-gcc.dg-struct-layout-1/t019 c_compat_x_tst.o compile
FAIL: tmpdir-gcc.dg-struct-layout-1/t019 c_compat_y_tst.o compile
UNRESOLVED: tmpdir-gcc.dg-struct-layout-1/t019 c_compat_x_tst.o-c_compat_y_tst.o link
UNRESOLVED: tmpdir-gcc.dg-struct-layout-1/t019 c_compat_x_tst.o-c_compat_y_tst.o execute
FAIL: tmpdir-gcc.dg-struct-layout-1/t020 c_compat_x_tst.o compile
FAIL: tmpdir-gcc.dg-struct-layout-1/t020 c_compat_y_tst.o compile
UNRESOLVED: tmpdir-gcc.dg-struct-layout-1/t020 c_compat_x_tst.o-c_compat_y_tst.o link
UNRESOLVED: tmpdir-gcc.dg-struct-layout-1/t020 c_compat_x_tst.o-c_compat_y_tst.o execute
FAIL: tmpdir-gcc.dg-struct-layout-1/t021 c_compat_x_tst.o compile
FAIL: tmpdir-gcc.dg-struct-layout-1/t021 c_compat_y_tst.o compile
UNRESOLVED: tmpdir-gcc.dg-struct-layout-1/t021 c_compat_x_tst.o-c_compat_y_tst.o link
UNRESOLVED: tmpdir-gcc.dg-struct-layout-1/t021 c_compat_x_tst.o-c_compat_y_tst.o execute
FAIL: tmpdir-gcc.dg-struct-layout-1/t022 c_compat_x_tst.o compile
FAIL: tmpdir-gcc.dg-struct-layout-1/t022 c_compat_y_tst.o compile
UNRESOLVED: tmpdir-gcc.dg-struct-layout-1/t022 c_compat_x_tst.o-c_compat_y_tst.o link
UNRESOLVED: tmpdir-gcc.dg-struct-layout-1/t022 c_compat_x_tst.o-c_compat_y_tst.o execute
FAIL: tmpdir-gcc.dg-struct-layout-1/t023 c_compat_x_tst.o compile
FAIL: tmpdir-gcc.dg-struct-layout-1/t023 c_compat_y_tst.o compile
UNRESOLVED: tmpdir-gcc.dg-struct-layout-1/t023 c_compat_x_tst.o-c_compat_y_tst.o link
UNRESOLVED: tmpdir-gcc.dg-struct-layout-1/t023 c_compat_x_tst.o-c_compat_y_tst.o execute
FAIL: tmpdir-gcc.dg-struct-layout-1/t024 c_compat_x_tst.o compile
FAIL: tmpdir-gcc.dg-struct-layout-1/t024 c_compat_y_tst.o compile
UNRESOLVED: tmpdir-gcc.dg-struct-layout-1/t024 c_compat_x_tst.o-c_compat_y_tst.o link
UNRESOLVED: tmpdir-gcc.dg-struct-layout-1/t024 c_compat_x_tst.o-c_compat_y_tst.o execute
FAIL: tmpdir-gcc.dg-struct-layout-1/t025 c_compat_x_tst.o compile
FAIL: tmpdir-gcc.dg-struct-layout-1/t025 c_compat_y_tst.o compile
UNRESOLVED: tmpdir-gcc.dg-struct-layout-1/t025 c_compat_x_tst.o-c_compat_y_tst.o link
UNRESOLVED: tmpdir-gcc.dg-struct-layout-1/t025 c_compat_x_tst.o-c_compat_y_tst.o execute
FAIL: tmpdir-gcc.dg-struct-layout-1/t026 c_compat_x_tst.o compile
FAIL: tmpdir-gcc.dg-struct-layout-1/t026 c_compat_y_tst.o compile
UNRESOLVED: tmpdir-gcc.dg-struct-layout-1/t026 c_compat_x_tst.o-c_compat_y_tst.o link
UNRESOLVED: tmpdir-gcc.dg-struct-layout-1/t026 c_compat_x_tst.o-c_compat_y_tst.o execute
FAIL: tmpdir-gcc.dg-struct-layout-1/t027 c_compat_x_tst.o compile
FAIL: tmpdir-gcc.dg-struct-layout-1/t027 c_compat_y_tst.o compile
UNRESOLVED: tmpdir-gcc.dg-struct-layout-1/t027 c_compat_x_tst.o-c_compat_y_tst.o link
UNRESOLVED: tmpdir-gcc.dg-struct-layout-1/t027 c_compat_x_tst.o-c_compat_y_tst.o execute
FAIL: tmpdir-gcc.dg-struct-layout-1/t028 c_compat_x_tst.o compile
FAIL: tmpdir-gcc.dg-struct-layout-1/t028 c_compat_y_tst.o compile
UNRESOLVED: tmpdir-gcc.dg-struct-layout-1/t028 c_compat_x_tst.o-c_compat_y_tst.o link
UNRESOLVED: tmpdir-gcc.dg-struct-layout-1/t028 c_compat_x_tst.o-c_compat_y_tst.o execute
FAIL: gcc.dg/cpp/_Pragma6.c (test for excess errors)
XPASS: gcc.dg/20020103-1.c scan-assembler-not LC[0-9]
FAIL: gcc.dg/long-long-cst1.c execution test
FAIL: gcc.dg/torture/fp-int-convert-long-double.c -O0 (test for excess errors)
WARNING: gcc.dg/torture/fp-int-convert-long-double.c -O0 compilation failed to produce executable
FAIL: gcc.dg/torture/fp-int-convert-long-double.c -O1 (test for excess errors)
WARNING: gcc.dg/torture/fp-int-convert-long-double.c -O1 compilation failed to produce executable
FAIL: gcc.dg/torture/fp-int-convert-long-double.c -O2 (test for excess errors)
WARNING: gcc.dg/torture/fp-int-convert-long-double.c -O2 compilation failed to produce executable
FAIL: gcc.dg/torture/fp-int-convert-long-double.c -O3 -fomit-frame-pointer (test for excess errors)
WARNING: gcc.dg/torture/fp-int-convert-long-double.c -O3 -fomit-frame-pointer compilation failed to produce executable
FAIL: gcc.dg/torture/fp-int-convert-long-double.c -O3 -g (test for excess errors)
WARNING: gcc.dg/torture/fp-int-convert-long-double.c -O3 -g compilation failed to produce executable
FAIL: gcc.dg/torture/fp-int-convert-long-double.c -Os (test for excess errors)
WARNING: gcc.dg/torture/fp-int-convert-long-double.c -Os compilation failed to produce executable
FAIL: gcc.dg/vect/section-anchors-pr27770.c (test for excess errors)
FAIL: gcc.dg/vect/section-anchors-vect-69.c (test for excess errors)
FAIL: gcc.dg/vect/section-anchors-vect-69.c scan-tree-dump-times Alignment of access forced using peeling 4
FAIL: gcc.target/powerpc/stabs-attrib-vect-darwin.c scan-assembler .stabs.*vi:\\\\(0,16\\\\)=@V
=== gcc Summary ===
# of expected passes 41540
# of unexpected failures 120
# of unexpected successes 1
# of expected failures 116
# of unresolved testcases 103
# of untested testcases 28
# of unsupported tests 435
/Users/regress/tbox/native/build/gcc/xgcc version 4.2.0 20060909 (experimental)
=== objc tests ===
Running target unix
FAIL: objc.dg-struct-layout-encoding-1/t002_main.m execution test
FAIL: objc.dg-struct-layout-encoding-1/t003_main.m execution test
FAIL: objc.dg-struct-layout-encoding-1/t004_main.m execution test
FAIL: objc.dg-struct-layout-encoding-1/t006_main.m execution test
FAIL: objc.dg-struct-layout-encoding-1/t007_main.m execution test
FAIL: objc.dg-struct-layout-encoding-1/t008_main.m execution test
FAIL: objc.dg-struct-layout-encoding-1/t011_main.m execution test
FAIL: objc.dg-struct-layout-encoding-1/t012_main.m execution test
FAIL: objc.dg-struct-layout-encoding-1/t015_main.m execution test
FAIL: objc.dg-struct-layout-encoding-1/t022_main.m execution test
=== objc Summary ===
# of expected passes 2967
# of unexpected failures 10
# of expected failures 7
# of unsupported tests 1
/Users/regress/tbox/native/build/gcc/xgcc version 4.2.0 20060909 (experimental)
=== libffi tests ===
Running target unix
FAIL: libffi.call/float.c -O0 -W -Wall (test for excess errors)
WARNING: libffi.call/float.c -O0 -W -Wall compilation failed to produce executable
FAIL: libffi.call/float2.c -O0 -W -Wall (test for excess errors)
WARNING: libffi.call/float2.c -O0 -W -Wall compilation failed to produce executable
FAIL: libffi.call/float3.c -O0 -W -Wall (test for excess errors)
WARNING: libffi.call/float3.c -O0 -W -Wall compilation failed to produce executable
FAIL: libffi.call/float.c -O2 (test for excess errors)
WARNING: libffi.call/float.c -O2 compilation failed to produce executable
FAIL: libffi.call/float2.c -O2 (test for excess errors)
WARNING: libffi.call/float2.c -O2 compilation failed to produce executable
FAIL: libffi.call/float3.c -O2 (test for excess errors)
WARNING: libffi.call/float3.c -O2 compilation failed to produce executable
FAIL: libffi.call/float.c -O3 (test for excess errors)
WARNING: libffi.call/float.c -O3 compilation failed to produce executable
FAIL: libffi.call/float2.c -O3 (test for excess errors)
WARNING: libffi.call/float2.c -O3 compilation failed to produce executable
FAIL: libffi.call/float3.c -O3 (test for excess errors)
WARNING: libffi.call/float3.c -O3 compilation failed to produce executable
FAIL: libffi.call/float.c -Os (test for excess errors)
WARNING: libffi.call/float.c -Os compilation failed to produce executable
FAIL: libffi.call/float2.c -Os (test for excess errors)
WARNING: libffi.call/float2.c -Os compilation failed to produce executable
FAIL: libffi.call/float3.c -Os (test for excess errors)
WARNING: libffi.call/float3.c -Os compilation failed to produce executable
=== libffi Summary ===
# of expected passes 1044
# of unexpected failures 12
# of expected failures 8
# of unsupported tests 8
=== libgomp tests ===
Running target unix
=== libgomp Summary ===
# of expected passes 354
# of unsupported tests 55
=== libjava tests ===
Running target unix
WARNING: program timed out.
FAIL: Process_1 execution - gij test
=== libjava Summary ===
# of expected passes 6927
# of unexpected failures 1
# of expected failures 12
# of untested testcases 9
=== libstdc++ tests ===
Running target unix
FAIL: 18_support/numeric_limits/min_max.cc (test for excess errors)
WARNING: 18_support/numeric_limits/min_max.cc compilation failed to produce executable
XPASS: 21_strings/basic_string/element_access/char/21674.cc execution test
XPASS: 21_strings/basic_string/element_access/wchar_t/21674.cc execution test
FAIL: 22_locale/money_put/put/char/12971.cc (test for excess errors)
WARNING: 22_locale/money_put/put/char/12971.cc compilation failed to produce executable
FAIL: 22_locale/money_put/put/char/4.cc (test for excess errors)
WARNING: 22_locale/money_put/put/char/4.cc compilation failed to produce executable
FAIL: 22_locale/money_put/put/char/6.cc (test for excess errors)
WARNING: 22_locale/money_put/put/char/6.cc compilation failed to produce executable
FAIL: 22_locale/money_put/put/wchar_t/12971.cc (test for excess errors)
WARNING: 22_locale/money_put/put/wchar_t/12971.cc compilation failed to produce executable
FAIL: 22_locale/money_put/put/wchar_t/4.cc (test for excess errors)
WARNING: 22_locale/money_put/put/wchar_t/4.cc compilation failed to produce executable
FAIL: 22_locale/money_put/put/wchar_t/6.cc (test for excess errors)
WARNING: 22_locale/money_put/put/wchar_t/6.cc compilation failed to produce executable
FAIL: 22_locale/num_get/get/char/4.cc (test for excess errors)
WARNING: 22_locale/num_get/get/char/4.cc compilation failed to produce executable
FAIL: 22_locale/num_get/get/wchar_t/4.cc (test for excess errors)
WARNING: 22_locale/num_get/get/wchar_t/4.cc compilation failed to produce executable
FAIL: 22_locale/num_put/put/char/4.cc (test for excess errors)
WARNING: 22_locale/num_put/put/char/4.cc compilation failed to produce executable
FAIL: 22_locale/num_put/put/wchar_t/4.cc (test for excess errors)
WARNING: 22_locale/num_put/put/wchar_t/4.cc compilation failed to produce executable
XPASS: 23_containers/vector/resize/1.cc execution test
XPASS: 26_numerics/cmath/c99_classification_macros_c.cc (test for excess errors)
FAIL: 26_numerics/complex/13450.cc (test for excess errors)
WARNING: 26_numerics/complex/13450.cc compilation failed to produce executable
FAIL: 26_numerics/complex/complex_inserters_extractors.cc (test for excess errors)
WARNING: 26_numerics/complex/complex_inserters_extractors.cc compilation failed to produce executable
FAIL: 27_io/basic_istream/extractors_arithmetic/char/01.cc (test for excess errors)
WARNING: 27_io/basic_istream/extractors_arithmetic/char/01.cc compilation failed to produce executable
FAIL: 27_io/basic_istream/extractors_arithmetic/char/9555-ia.cc (test for excess errors)
WARNING: 27_io/basic_istream/extractors_arithmetic/char/9555-ia.cc compilation failed to produce executable
FAIL: 27_io/basic_istream/extractors_arithmetic/wchar_t/01.cc (test for excess errors)
WARNING: 27_io/basic_istream/extractors_arithmetic/wchar_t/01.cc compilation failed to produce executable
FAIL: 27_io/basic_istream/extractors_arithmetic/wchar_t/9555-ia.cc (test for excess errors)
WARNING: 27_io/basic_istream/extractors_arithmetic/wchar_t/9555-ia.cc compilation failed to produce executable
FAIL: 27_io/basic_ostream/inserters_arithmetic/char/9555-oa.cc (test for excess errors)
WARNING: 27_io/basic_ostream/inserters_arithmetic/char/9555-oa.cc compilation failed to produce executable
FAIL: 27_io/basic_ostream/inserters_arithmetic/wchar_t/9555-oa.cc (test for excess errors)
WARNING: 27_io/basic_ostream/inserters_arithmetic/wchar_t/9555-oa.cc compilation failed to produce executable
XPASS: 27_io/ios_base/storage/2.cc execution test
FAIL: ext/pb_ds/example/priority_queue_dijkstra.cc execution test
=== libstdc++ Summary ===
# of expected passes 3681
# of unexpected failures 20
# of unexpected successes 5
# of expected failures 11
# of unsupported tests 321
Compiler version: 4.2.0 20060909 (experimental)
Platform: powerpc-apple-darwin8.5.0
configure flags: --prefix=/Users/regress/tbox/objs --target=powerpc-apple-darwin8.5.0 --enable-languages=c,c++,java,objc
More information about the Gcc-testresults
mailing list