Results for 4.2.0 20060902 (experimental) testsuite on i686-pc-linux-gnu
CodeSourcery Automatic Testing System
gcc@codesourcery.com
Sat Sep 2 10:39:00 GMT 2006
LAST_UPDATED: Sat Sep 2 07:16:07 UTC 2006 (/trunk revision 116658)
Native configuration is i686-pc-linux-gnu
=== g++ tests ===
Running target unix
XPASS: g++.dg/tree-ssa/ivopts-1.C scan-tree-dump-not &x\\[5\\]
=== g++ Summary ===
# of expected passes 13110
# of unexpected successes 1
# of expected failures 67
# of unsupported tests 70
/scratch/gcc/nightly-2006-09-02-mainline/i686-pc-linux-gnu/build_gcc/install/bin/c++ version 4.2.0 20060902 (experimental)
=== gcc tests ===
Running target unix
WARNING: program timed out.
FAIL: gcc.c-torture/compile/20001226-1.c -O0 (test for excess errors)
FAIL: gcc.c-torture/execute/mayalias-2.c compilation, -O3 -g (internal compiler error)
UNRESOLVED: gcc.c-torture/execute/mayalias-2.c execution, -O3 -g
=== gcc Summary ===
# of expected passes 41167
# of unexpected failures 2
# of expected failures 112
# of unresolved testcases 1
# of untested testcases 28
# of unsupported tests 284
/scratch/gcc/nightly-2006-09-02-mainline/i686-pc-linux-gnu/build_gcc/install/bin/gcc version 4.2.0 20060902 (experimental)
=== libstdc++ tests ===
Running target unix
FAIL: ext/pb_ds/example/basic_map.cc (test for excess errors)
WARNING: ext/pb_ds/example/basic_map.cc compilation failed to produce executable
FAIL: ext/pb_ds/example/basic_multimap.cc (test for excess errors)
WARNING: ext/pb_ds/example/basic_multimap.cc compilation failed to produce executable
FAIL: ext/pb_ds/example/basic_multiset.cc (test for excess errors)
WARNING: ext/pb_ds/example/basic_multiset.cc compilation failed to produce executable
FAIL: ext/pb_ds/example/basic_priority_queue.cc (test for excess errors)
WARNING: ext/pb_ds/example/basic_priority_queue.cc compilation failed to produce executable
FAIL: ext/pb_ds/example/basic_set.cc (test for excess errors)
WARNING: ext/pb_ds/example/basic_set.cc compilation failed to produce executable
FAIL: ext/pb_ds/example/erase_if.cc (test for excess errors)
WARNING: ext/pb_ds/example/erase_if.cc compilation failed to produce executable
FAIL: ext/pb_ds/example/hash_find_neg.cc (test for excess errors)
FAIL: ext/pb_ds/example/hash_illegal_resize.cc (test for excess errors)
WARNING: ext/pb_ds/example/hash_illegal_resize.cc compilation failed to produce executable
FAIL: ext/pb_ds/example/hash_initial_size.cc (test for excess errors)
WARNING: ext/pb_ds/example/hash_initial_size.cc compilation failed to produce executable
FAIL: ext/pb_ds/example/hash_load_set_change.cc (test for excess errors)
WARNING: ext/pb_ds/example/hash_load_set_change.cc compilation failed to produce executable
FAIL: ext/pb_ds/example/hash_mod.cc (test for excess errors)
WARNING: ext/pb_ds/example/hash_mod.cc compilation failed to produce executable
FAIL: ext/pb_ds/example/hash_resize.cc (test for excess errors)
WARNING: ext/pb_ds/example/hash_resize.cc compilation failed to produce executable
FAIL: ext/pb_ds/example/hash_shift_mask.cc (test for excess errors)
WARNING: ext/pb_ds/example/hash_shift_mask.cc compilation failed to produce executable
FAIL: ext/pb_ds/example/priority_queue_dijkstra.cc (test for excess errors)
WARNING: ext/pb_ds/example/priority_queue_dijkstra.cc compilation failed to produce executable
FAIL: ext/pb_ds/example/priority_queue_erase_if.cc (test for excess errors)
WARNING: ext/pb_ds/example/priority_queue_erase_if.cc compilation failed to produce executable
FAIL: ext/pb_ds/example/priority_queue_split_join.cc (test for excess errors)
WARNING: ext/pb_ds/example/priority_queue_split_join.cc compilation failed to produce executable
FAIL: ext/pb_ds/example/priority_queue_xref.cc (test for excess errors)
WARNING: ext/pb_ds/example/priority_queue_xref.cc compilation failed to produce executable
FAIL: ext/pb_ds/example/ranged_hash.cc (test for excess errors)
WARNING: ext/pb_ds/example/ranged_hash.cc compilation failed to produce executable
FAIL: ext/pb_ds/example/store_hash.cc (test for excess errors)
WARNING: ext/pb_ds/example/store_hash.cc compilation failed to produce executable
FAIL: ext/pb_ds/example/tree_intervals.cc (test for excess errors)
WARNING: ext/pb_ds/example/tree_intervals.cc compilation failed to produce executable
FAIL: ext/pb_ds/example/tree_join.cc (test for excess errors)
WARNING: ext/pb_ds/example/tree_join.cc compilation failed to produce executable
FAIL: ext/pb_ds/example/tree_order_statistics.cc (test for excess errors)
WARNING: ext/pb_ds/example/tree_order_statistics.cc compilation failed to produce executable
FAIL: ext/pb_ds/example/tree_order_statistics_join.cc (test for excess errors)
WARNING: ext/pb_ds/example/tree_order_statistics_join.cc compilation failed to produce executable
FAIL: ext/pb_ds/example/trie_dna.cc (test for excess errors)
WARNING: ext/pb_ds/example/trie_dna.cc compilation failed to produce executable
FAIL: ext/pb_ds/example/trie_prefix_search.cc (test for excess errors)
WARNING: ext/pb_ds/example/trie_prefix_search.cc compilation failed to produce executable
FAIL: ext/pb_ds/example/trie_split.cc (test for excess errors)
WARNING: ext/pb_ds/example/trie_split.cc compilation failed to produce executable
FAIL: ext/pb_ds/regression/associative_containers.cc (test for excess errors)
WARNING: ext/pb_ds/regression/associative_containers.cc compilation failed to produce executable
FAIL: ext/pb_ds/regression/hash_data_map_rand.cc (test for excess errors)
WARNING: ext/pb_ds/regression/hash_data_map_rand.cc compilation failed to produce executable
FAIL: ext/pb_ds/regression/hash_no_data_map_rand.cc (test for excess errors)
WARNING: ext/pb_ds/regression/hash_no_data_map_rand.cc compilation failed to produce executable
FAIL: ext/pb_ds/regression/priority_queue_rand.cc (test for excess errors)
WARNING: ext/pb_ds/regression/priority_queue_rand.cc compilation failed to produce executable
FAIL: ext/pb_ds/regression/priority_queues.cc (test for excess errors)
WARNING: ext/pb_ds/regression/priority_queues.cc compilation failed to produce executable
FAIL: ext/pb_ds/regression/tree_data_map_rand.cc (test for excess errors)
WARNING: ext/pb_ds/regression/tree_data_map_rand.cc compilation failed to produce executable
FAIL: ext/pb_ds/regression/tree_no_data_map_rand.cc (test for excess errors)
WARNING: ext/pb_ds/regression/tree_no_data_map_rand.cc compilation failed to produce executable
FAIL: ext/pb_ds/regression/trie_data_map_rand.cc (test for excess errors)
WARNING: ext/pb_ds/regression/trie_data_map_rand.cc compilation failed to produce executable
FAIL: ext/pb_ds/regression/trie_no_data_map_rand.cc (test for excess errors)
WARNING: ext/pb_ds/regression/trie_no_data_map_rand.cc compilation failed to produce executable
=== libstdc++ Summary ===
# of expected passes 4283
# of unexpected failures 35
# of expected failures 14
# of unsupported tests 6
Compiler version: 4.2.0 20060902 (experimental)
Platform: i686-pc-linux-gnu
configure flags: --build=i686-pc-linux-gnu --host=i686-pc-linux-gnu --target=i686-pc-linux-gnu --enable-languages=c,c++ --enable-shared --enable-threads --disable-libmudflap --disable-libssp --disable-libgomp --disable-libstdcxx-pch --with-gnu-as --with-gnu-ld --prefix=/opt/codesourcery --disable-nls --with-build-time-tools=/scratch/gcc/nightly-2006-09-02-mainline/i686-pc-linux-gnu/build_gcc/install/i686-pc-linux-gnu/bin --with-build-time-tools=/scratch/gcc/nightly-2006-09-02-mainline/i686-pc-linux-gnu/build_gcc/install/i686-pc-linux-gnu/bin
More information about the Gcc-testresults
mailing list