Results for 4.3.0 20061026 (experimental) testsuite on x86_64-unknown-linux-gnu
Diego Novillo
dnovillo@redhat.com
Thu Oct 26 10:27:00 GMT 2006
LAST_UPDATED:
Native configuration is x86_64-unknown-linux-gnu
=== g++ tests ===
Running target unix
XPASS: g++.dg/tree-ssa/ivopts-1.C scan-tree-dump-not &x\\[5\\]
=== g++ Summary ===
# of expected passes 13148
# of unexpected successes 1
# of expected failures 68
# of unsupported tests 102
/notnfs/dnovillo/sbox/gcc/bld.torquemada/gcc/testsuite/g++/../../g++ version 4.3.0 20061026 (experimental)
=== gcc tests ===
Running target unix
FAIL: gcc.dg/builtins-17.c (test for excess errors)
FAIL: gcc.dg/pr14649-1.c (test for excess errors)
FAIL: gcc.dg/torture/builtin-explog-1.c -O0 (test for excess errors)
FAIL: gcc.dg/torture/builtin-explog-1.c -O1 (test for excess errors)
FAIL: gcc.dg/torture/builtin-explog-1.c -O2 (test for excess errors)
FAIL: gcc.dg/torture/builtin-explog-1.c -O3 -fomit-frame-pointer (test for excess errors)
FAIL: gcc.dg/torture/builtin-explog-1.c -O3 -g (test for excess errors)
FAIL: gcc.dg/torture/builtin-explog-1.c -Os (test for excess errors)
FAIL: gcc.dg/torture/builtin-math-1.c -O0 (test for excess errors)
FAIL: gcc.dg/torture/builtin-math-1.c -O1 (test for excess errors)
FAIL: gcc.dg/torture/builtin-math-1.c -O2 (test for excess errors)
FAIL: gcc.dg/torture/builtin-math-1.c -O3 -fomit-frame-pointer (test for excess errors)
FAIL: gcc.dg/torture/builtin-math-1.c -O3 -g (test for excess errors)
FAIL: gcc.dg/torture/builtin-math-1.c -Os (test for excess errors)
FAIL: gcc.dg/torture/builtin-math-2.c -O0 scan-tree-dump-times exp2 9
FAIL: gcc.dg/torture/builtin-math-2.c -O0 scan-tree-dump-times exp2f 9
FAIL: gcc.dg/torture/builtin-math-2.c -O0 scan-tree-dump-times exp2l 9
FAIL: gcc.dg/torture/builtin-math-2.c -O1 scan-tree-dump-times exp2 9
FAIL: gcc.dg/torture/builtin-math-2.c -O1 scan-tree-dump-times exp2f 9
FAIL: gcc.dg/torture/builtin-math-2.c -O1 scan-tree-dump-times exp2l 9
FAIL: gcc.dg/torture/builtin-math-2.c -O2 scan-tree-dump-times exp2 9
FAIL: gcc.dg/torture/builtin-math-2.c -O2 scan-tree-dump-times exp2f 9
FAIL: gcc.dg/torture/builtin-math-2.c -O2 scan-tree-dump-times exp2l 9
FAIL: gcc.dg/torture/builtin-math-2.c -O3 -fomit-frame-pointer scan-tree-dump-times exp2 9
FAIL: gcc.dg/torture/builtin-math-2.c -O3 -fomit-frame-pointer scan-tree-dump-times exp2f 9
FAIL: gcc.dg/torture/builtin-math-2.c -O3 -fomit-frame-pointer scan-tree-dump-times exp2l 9
FAIL: gcc.dg/torture/builtin-math-2.c -O3 -fomit-frame-pointer -funroll-loops scan-tree-dump-times exp2 9
FAIL: gcc.dg/torture/builtin-math-2.c -O3 -fomit-frame-pointer -funroll-loops scan-tree-dump-times exp2f 9
FAIL: gcc.dg/torture/builtin-math-2.c -O3 -fomit-frame-pointer -funroll-loops scan-tree-dump-times exp2l 9
FAIL: gcc.dg/torture/builtin-math-2.c -O3 -fomit-frame-pointer -funroll-all-loops -finline-functions scan-tree-dump-times exp2 9
FAIL: gcc.dg/torture/builtin-math-2.c -O3 -fomit-frame-pointer -funroll-all-loops -finline-functions scan-tree-dump-times exp2f 9
FAIL: gcc.dg/torture/builtin-math-2.c -O3 -fomit-frame-pointer -funroll-all-loops -finline-functions scan-tree-dump-times exp2l 9
FAIL: gcc.dg/torture/builtin-math-2.c -O3 -g scan-tree-dump-times exp2 9
FAIL: gcc.dg/torture/builtin-math-2.c -O3 -g scan-tree-dump-times exp2f 9
FAIL: gcc.dg/torture/builtin-math-2.c -O3 -g scan-tree-dump-times exp2l 9
FAIL: gcc.dg/torture/builtin-math-2.c -Os scan-tree-dump-times exp2 9
FAIL: gcc.dg/torture/builtin-math-2.c -Os scan-tree-dump-times exp2f 9
FAIL: gcc.dg/torture/builtin-math-2.c -Os scan-tree-dump-times exp2l 9
FAIL: gcc.dg/torture/builtin-math-3.c -O0 (test for excess errors)
FAIL: gcc.dg/torture/builtin-math-3.c -O1 (test for excess errors)
FAIL: gcc.dg/torture/builtin-math-3.c -O2 (test for excess errors)
FAIL: gcc.dg/torture/builtin-math-3.c -O3 -fomit-frame-pointer (test for excess errors)
FAIL: gcc.dg/torture/builtin-math-3.c -O3 -fomit-frame-pointer -funroll-loops (test for excess errors)
FAIL: gcc.dg/torture/builtin-math-3.c -O3 -fomit-frame-pointer -funroll-all-loops -finline-functions (test for excess errors)
FAIL: gcc.dg/torture/builtin-math-3.c -O3 -g (test for excess errors)
FAIL: gcc.dg/torture/builtin-math-3.c -Os (test for excess errors)
FAIL: gcc.dg/torture/builtin-sin-mpfr-1.c -O0 (test for excess errors)
FAIL: gcc.dg/torture/builtin-sin-mpfr-1.c -O1 (test for excess errors)
FAIL: gcc.dg/torture/builtin-sin-mpfr-1.c -O2 (test for excess errors)
FAIL: gcc.dg/torture/builtin-sin-mpfr-1.c -O3 -fomit-frame-pointer (test for excess errors)
FAIL: gcc.dg/torture/builtin-sin-mpfr-1.c -O3 -fomit-frame-pointer -funroll-loops (test for excess errors)
FAIL: gcc.dg/torture/builtin-sin-mpfr-1.c -O3 -fomit-frame-pointer -funroll-all-loops -finline-functions (test for excess errors)
FAIL: gcc.dg/torture/builtin-sin-mpfr-1.c -O3 -g (test for excess errors)
FAIL: gcc.dg/torture/builtin-sin-mpfr-1.c -Os (test for excess errors)
WARNING: gcc.dg/torture/fp-int-convert-float128-timode.c -O0 compilation failed to produce executable
WARNING: gcc.dg/torture/fp-int-convert-float128-timode.c -O1 compilation failed to produce executable
WARNING: gcc.dg/torture/fp-int-convert-float128-timode.c -O2 compilation failed to produce executable
WARNING: gcc.dg/torture/fp-int-convert-float128-timode.c -O3 -fomit-frame-pointer compilation failed to produce executable
WARNING: gcc.dg/torture/fp-int-convert-float128-timode.c -O3 -g compilation failed to produce executable
WARNING: gcc.dg/torture/fp-int-convert-float128-timode.c -Os compilation failed to produce executable
WARNING: gcc.dg/torture/fp-int-convert-float128.c -O0 compilation failed to produce executable
WARNING: gcc.dg/torture/fp-int-convert-float128.c -O1 compilation failed to produce executable
WARNING: gcc.dg/torture/fp-int-convert-float128.c -O2 compilation failed to produce executable
WARNING: gcc.dg/torture/fp-int-convert-float128.c -O3 -fomit-frame-pointer compilation failed to produce executable
WARNING: gcc.dg/torture/fp-int-convert-float128.c -O3 -g compilation failed to produce executable
WARNING: gcc.dg/torture/fp-int-convert-float128.c -Os compilation failed to produce executable
FAIL: gcc.dg/tree-ssa/loadpre1.c scan-tree-dump-times Eliminated: 1 1
FAIL: gcc.dg/tree-ssa/loadpre14.c scan-tree-dump-times Eliminated: 1 1
FAIL: gcc.dg/tree-ssa/loadpre15.c scan-tree-dump-times Eliminated: 1 1
=== gcc Summary ===
# of expected passes 41590
# of unexpected failures 57
# of expected failures 123
# of untested testcases 28
# of unsupported tests 392
/notnfs/dnovillo/sbox/gcc/bld.torquemada/gcc/xgcc version 4.3.0 20061026 (experimental)
=== gfortran tests ===
Running target unix
=== gfortran Summary ===
# of expected passes 14840
# of expected failures 15
# of unsupported tests 17
/notnfs/dnovillo/sbox/gcc/bld.torquemada/gcc/testsuite/gfortran/../../gfortran version 4.3.0 20061026 (experimental)
=== objc tests ===
Running target unix
=== objc Summary ===
# of expected passes 1760
# of expected failures 7
# of unsupported tests 24
/notnfs/dnovillo/sbox/gcc/bld.torquemada/gcc/xgcc version 4.3.0 20061026 (experimental)
=== libffi tests ===
Running target unix
=== libffi Summary ===
# of expected passes 1084
# of unsupported tests 8
=== libgomp tests ===
Running target unix
FAIL: libgomp.c/atomic-2.c (test for excess errors)
WARNING: libgomp.c/atomic-2.c compilation failed to produce executable
FAIL: libgomp.fortran/omp_parse3.f90 -O0 execution test
=== libgomp Summary ===
# of expected passes 1525
# of unexpected failures 2
=== libjava tests ===
Running target unix
FAIL: LargeFile execution - source compiled test
FAIL: LargeFile execution - gij test
FAIL: LargeFile execution - bytecode->native test
FAIL: LargeFile execution - gij test
FAIL: LargeFile -findirect-dispatch execution - bytecode->native test
FAIL: LargeFile -O3 execution - source compiled test
FAIL: LargeFile execution - gij test
FAIL: LargeFile -O3 execution - bytecode->native test
FAIL: LargeFile execution - gij test
FAIL: LargeFile -O3 -findirect-dispatch execution - bytecode->native test
=== libjava Summary ===
# of expected passes 6986
# of unexpected failures 10
# of expected failures 12
# of untested testcases 18
=== libmudflap tests ===
Running target unix
=== libmudflap Summary ===
# of expected passes 1814
=== libstdc++ tests ===
Running target unix
XPASS: 26_numerics/cmath/c99_classification_macros_c.cc (test for excess errors)
XPASS: 27_io/fpos/14320-1.cc execution test
=== libstdc++ Summary ===
# of expected passes 4445
# of unexpected successes 2
# of expected failures 14
# of unsupported tests 4
Compiler version: 4.3.0 20061026 (experimental)
Platform: x86_64-unknown-linux-gnu
configure flags: --prefix=/home/cygnus/dnovillo/perf/sbox/gcc/local.x86_64/inst.torquemada --srcdir=/home/cygnus/dnovillo/perf/sbox/gcc/local.x86_64/src --with-gmp=/home/cygnus/dnovillo/x86_64 --enable-mpfr --disable-multilib --disable-checking --enable-languages=c,c++,fortran,java,objc
More information about the Gcc-testresults
mailing list