Results for 4.2.0 20061022 (prerelease) testsuite on sparc-sun-solaris2.10
Eric Botcazou
ebotcazou@libertysurf.fr
Tue Oct 24 09:16:00 GMT 2006
LAST_UPDATED: Sun Oct 15 04:39:53 UTC 2006 (revision 117739M)
Native configuration is sparc-sun-solaris2.10
=== g++ tests ===
Running target unix
WARNING: g++.dg/other/ucnid-1.C compilation failed to produce executable
XPASS: g++.old-deja/g++.other/init18.C execution test
XPASS: g++.old-deja/g++.other/init19.C execution test
=== g++ Summary for unix ===
# of expected passes 13018
# of unexpected successes 2
# of expected failures 69
# of unsupported tests 155
Running target unix/-m64
WARNING: g++.dg/other/ucnid-1.C compilation failed to produce executable
XPASS: g++.old-deja/g++.other/init18.C execution test
XPASS: g++.old-deja/g++.other/init19.C execution test
=== g++ Summary for unix/-m64 ===
# of expected passes 12986
# of unexpected successes 2
# of expected failures 69
# of unsupported tests 157
=== g++ Summary ===
# of expected passes 26004
# of unexpected successes 4
# of expected failures 138
# of unsupported tests 312
/opt/build/eric/gcc-4_2-branch/gcc/testsuite/g++/../../g++ version 4.2.0 20061022 (prerelease)
=== gcc tests ===
Running target unix
FAIL: gcc.c-torture/execute/mayalias-2.c compilation, -O3 -g (internal compiler error)
UNRESOLVED: gcc.c-torture/execute/mayalias-2.c execution, -O3 -g
WARNING: gcc.dg/ucnid-2.c compilation failed to produce executable
WARNING: gcc.dg/ucnid-3.c compilation failed to produce executable
WARNING: gcc.dg/ucnid-4.c compilation failed to produce executable
FAIL: gcc.dg/tree-ssa/loadpre1.c scan-tree-dump-times Eliminated: 1 1
FAIL: gcc.dg/tree-ssa/loadpre14.c scan-tree-dump-times Eliminated: 1 1
FAIL: gcc.dg/tree-ssa/loadpre15.c scan-tree-dump-times Eliminated: 1 1
FAIL: gcc.dg/tree-ssa/pr26421.c scan-tree-dump-times V_MAY_DEF 1
XPASS: gcc.dg/vect/pr20122.c scan-tree-dump-times vectorized 1 loops 2
XPASS: gcc.dg/vect/vect-105.c scan-tree-dump-times vectorized 1 loops 1
XPASS: gcc.dg/vect/vect-75.c scan-tree-dump-times vectorized 1 loops 1
=== gcc Summary for unix ===
# of expected passes 40559
# of unexpected failures 5
# of unexpected successes 3
# of expected failures 124
# of unresolved testcases 1
# of untested testcases 28
# of unsupported tests 436
Running target unix/-m64
FAIL: gcc.c-torture/execute/mayalias-2.c compilation, -O3 -g (internal compiler error)
UNRESOLVED: gcc.c-torture/execute/mayalias-2.c execution, -O3 -g
WARNING: gcc.dg/ucnid-2.c compilation failed to produce executable
WARNING: gcc.dg/ucnid-3.c compilation failed to produce executable
WARNING: gcc.dg/ucnid-4.c compilation failed to produce executable
FAIL: gcc.dg/tree-ssa/loadpre1.c scan-tree-dump-times Eliminated: 1 1
FAIL: gcc.dg/tree-ssa/loadpre14.c scan-tree-dump-times Eliminated: 1 1
FAIL: gcc.dg/tree-ssa/loadpre15.c scan-tree-dump-times Eliminated: 1 1
FAIL: gcc.dg/tree-ssa/pr26421.c scan-tree-dump-times V_MAY_DEF 1
XPASS: gcc.dg/vect/pr20122.c scan-tree-dump-times vectorized 1 loops 2
XPASS: gcc.dg/vect/vect-105.c scan-tree-dump-times vectorized 1 loops 1
XPASS: gcc.dg/vect/vect-75.c scan-tree-dump-times vectorized 1 loops 1
=== gcc Summary for unix/-m64 ===
# of expected passes 40551
# of unexpected failures 5
# of unexpected successes 3
# of expected failures 124
# of unresolved testcases 1
# of untested testcases 28
# of unsupported tests 439
=== gcc Summary ===
# of expected passes 81110
# of unexpected failures 10
# of unexpected successes 6
# of expected failures 248
# of unresolved testcases 2
# of untested testcases 56
# of unsupported tests 875
/opt/build/eric/gcc-4_2-branch/gcc/xgcc version 4.2.0 20061022 (prerelease)
=== gfortran tests ===
Running target unix
FAIL: gfortran.dg/exponent_1.f90 -O0 execution test
FAIL: gfortran.dg/exponent_1.f90 -O1 execution test
FAIL: gfortran.dg/exponent_1.f90 -O2 execution test
FAIL: gfortran.dg/exponent_1.f90 -O3 -fomit-frame-pointer execution test
FAIL: gfortran.dg/exponent_1.f90 -O3 -fomit-frame-pointer -funroll-loops execution test
FAIL: gfortran.dg/exponent_1.f90 -O3 -fomit-frame-pointer -funroll-all-loops -finline-functions execution test
FAIL: gfortran.dg/exponent_1.f90 -O3 -g execution test
FAIL: gfortran.dg/exponent_1.f90 -Os execution test
FAIL: gfortran.dg/nearest_1.f90 -O0 execution test
FAIL: gfortran.dg/nearest_1.f90 -O1 execution test
FAIL: gfortran.dg/nearest_1.f90 -O2 execution test
FAIL: gfortran.dg/nearest_1.f90 -O3 -fomit-frame-pointer execution test
FAIL: gfortran.dg/nearest_1.f90 -O3 -fomit-frame-pointer -funroll-loops execution test
FAIL: gfortran.dg/nearest_1.f90 -O3 -fomit-frame-pointer -funroll-all-loops -finline-functions execution test
FAIL: gfortran.dg/nearest_1.f90 -O3 -g execution test
FAIL: gfortran.dg/nearest_1.f90 -Os execution test
=== gfortran Summary for unix ===
# of expected passes 14760
# of unexpected failures 16
# of expected failures 8
# of unsupported tests 48
Running target unix/-m64
FAIL: gfortran.dg/exponent_1.f90 -O0 execution test
FAIL: gfortran.dg/exponent_1.f90 -O1 execution test
FAIL: gfortran.dg/exponent_1.f90 -O2 execution test
FAIL: gfortran.dg/exponent_1.f90 -O3 -fomit-frame-pointer execution test
FAIL: gfortran.dg/exponent_1.f90 -O3 -fomit-frame-pointer -funroll-loops execution test
FAIL: gfortran.dg/exponent_1.f90 -O3 -fomit-frame-pointer -funroll-all-loops -finline-functions execution test
FAIL: gfortran.dg/exponent_1.f90 -O3 -g execution test
FAIL: gfortran.dg/exponent_1.f90 -Os execution test
FAIL: gfortran.dg/nearest_1.f90 -O0 execution test
FAIL: gfortran.dg/nearest_1.f90 -O1 execution test
FAIL: gfortran.dg/nearest_1.f90 -O2 execution test
FAIL: gfortran.dg/nearest_1.f90 -O3 -fomit-frame-pointer execution test
FAIL: gfortran.dg/nearest_1.f90 -O3 -fomit-frame-pointer -funroll-loops execution test
FAIL: gfortran.dg/nearest_1.f90 -O3 -fomit-frame-pointer -funroll-all-loops -finline-functions execution test
FAIL: gfortran.dg/nearest_1.f90 -O3 -g execution test
FAIL: gfortran.dg/nearest_1.f90 -Os execution test
=== gfortran Summary for unix/-m64 ===
# of expected passes 14791
# of unexpected failures 16
# of expected failures 8
# of unsupported tests 32
=== gfortran Summary ===
# of expected passes 29551
# of unexpected failures 32
# of expected failures 16
# of unsupported tests 80
/opt/build/eric/gcc-4_2-branch/gcc/testsuite/gfortran/../../gfortran version 4.2.0 20061022 (prerelease)
=== obj-c++ tests ===
Running target unix
FAIL: obj-c++.dg/cxx-ivars-2.mm execution test
FAIL: obj-c++.dg/encode-8.mm execution test
FAIL: obj-c++.dg/isa-field-1.mm (test for excess errors)
FAIL: obj-c++.dg/lookup-2.mm (test for excess errors)
WARNING: obj-c++.dg/lookup-2.mm compilation failed to produce executable
FAIL: obj-c++.dg/try-catch-2.mm (test for excess errors)
WARNING: obj-c++.dg/try-catch-2.mm compilation failed to produce executable
FAIL: obj-c++.dg/try-catch-9.mm (test for excess errors)
WARNING: obj-c++.dg/try-catch-9.mm compilation failed to produce executable
=== obj-c++ Summary for unix ===
# of expected passes 429
# of unexpected failures 6
# of unsupported tests 13
Running target unix/-m64
FAIL: obj-c++.dg/bitfield-1.mm (test for excess errors)
FAIL: obj-c++.dg/bitfield-4.mm (test for excess errors)
FAIL: obj-c++.dg/cxx-ivars-2.mm execution test
FAIL: obj-c++.dg/encode-8.mm execution test
FAIL: obj-c++.dg/isa-field-1.mm (test for excess errors)
FAIL: obj-c++.dg/layout-1.mm (test for excess errors)
FAIL: obj-c++.dg/lookup-2.mm (test for excess errors)
WARNING: obj-c++.dg/lookup-2.mm compilation failed to produce executable
FAIL: obj-c++.dg/try-catch-2.mm (test for excess errors)
WARNING: obj-c++.dg/try-catch-2.mm compilation failed to produce executable
FAIL: obj-c++.dg/try-catch-9.mm (test for excess errors)
WARNING: obj-c++.dg/try-catch-9.mm compilation failed to produce executable
=== obj-c++ Summary for unix/-m64 ===
# of expected passes 426
# of unexpected failures 9
# of unsupported tests 13
=== obj-c++ Summary ===
# of expected passes 855
# of unexpected failures 15
# of unsupported tests 26
/opt/build/eric/gcc-4_2-branch/gcc/testsuite/obj-c++/../../g++ version 4.2.0 20061022 (prerelease)
=== objc tests ===
Running target unix
=== objc Summary for unix ===
# of expected passes 1760
# of expected failures 7
# of unsupported tests 24
Running target unix/-m64
=== objc Summary for unix/-m64 ===
# of expected passes 1760
# of expected failures 7
# of unsupported tests 24
=== objc Summary ===
# of expected passes 3520
# of expected failures 14
# of unsupported tests 48
/opt/build/eric/gcc-4_2-branch/gcc/xgcc version 4.2.0 20061022 (prerelease)
=== libffi tests ===
Running target unix
=== libffi Summary for unix ===
# of expected passes 1084
# of unsupported tests 8
Running target unix/-m64
=== libffi Summary for unix/-m64 ===
# of expected passes 1084
# of unsupported tests 8
=== libffi Summary ===
# of expected passes 2168
# of unsupported tests 16
=== libgomp tests ===
Running target unix
FAIL: libgomp.c++/ctor-5.C -O0 (test for excess errors)
WARNING: libgomp.c++/ctor-5.C -O0 compilation failed to produce executable
FAIL: libgomp.c++/ctor-5.C -O1 (test for excess errors)
WARNING: libgomp.c++/ctor-5.C -O1 compilation failed to produce executable
FAIL: libgomp.c++/ctor-5.C -O2 (test for excess errors)
WARNING: libgomp.c++/ctor-5.C -O2 compilation failed to produce executable
FAIL: libgomp.c++/ctor-5.C -O3 -fomit-frame-pointer (test for excess errors)
WARNING: libgomp.c++/ctor-5.C -O3 -fomit-frame-pointer compilation failed to produce executable
FAIL: libgomp.c++/ctor-5.C -O3 -fomit-frame-pointer -funroll-loops (test for excess errors)
WARNING: libgomp.c++/ctor-5.C -O3 -fomit-frame-pointer -funroll-loops compilation failed to produce executable
FAIL: libgomp.c++/ctor-5.C -O3 -fomit-frame-pointer -funroll-all-loops -finline-functions (test for excess errors)
WARNING: libgomp.c++/ctor-5.C -O3 -fomit-frame-pointer -funroll-all-loops -finline-functions compilation failed to produce executable
FAIL: libgomp.c++/ctor-5.C -O3 -g (test for excess errors)
WARNING: libgomp.c++/ctor-5.C -O3 -g compilation failed to produce executable
FAIL: libgomp.c++/ctor-5.C -Os (test for excess errors)
WARNING: libgomp.c++/ctor-5.C -Os compilation failed to produce executable
FAIL: libgomp.c++/ctor-8.C -O0 (test for excess errors)
WARNING: libgomp.c++/ctor-8.C -O0 compilation failed to produce executable
FAIL: libgomp.c++/ctor-8.C -O1 (test for excess errors)
WARNING: libgomp.c++/ctor-8.C -O1 compilation failed to produce executable
FAIL: libgomp.c++/ctor-8.C -O2 (test for excess errors)
WARNING: libgomp.c++/ctor-8.C -O2 compilation failed to produce executable
FAIL: libgomp.c++/ctor-8.C -O3 -fomit-frame-pointer (test for excess errors)
WARNING: libgomp.c++/ctor-8.C -O3 -fomit-frame-pointer compilation failed to produce executable
FAIL: libgomp.c++/ctor-8.C -O3 -fomit-frame-pointer -funroll-loops (test for excess errors)
WARNING: libgomp.c++/ctor-8.C -O3 -fomit-frame-pointer -funroll-loops compilation failed to produce executable
FAIL: libgomp.c++/ctor-8.C -O3 -fomit-frame-pointer -funroll-all-loops -finline-functions (test for excess errors)
WARNING: libgomp.c++/ctor-8.C -O3 -fomit-frame-pointer -funroll-all-loops -finline-functions compilation failed to produce executable
FAIL: libgomp.c++/ctor-8.C -O3 -g (test for excess errors)
WARNING: libgomp.c++/ctor-8.C -O3 -g compilation failed to produce executable
FAIL: libgomp.c++/ctor-8.C -Os (test for excess errors)
WARNING: libgomp.c++/ctor-8.C -Os compilation failed to produce executable
FAIL: libgomp.c++/ctor-9.C -O0 (test for excess errors)
WARNING: libgomp.c++/ctor-9.C -O0 compilation failed to produce executable
FAIL: libgomp.c++/ctor-9.C -O1 (test for excess errors)
WARNING: libgomp.c++/ctor-9.C -O1 compilation failed to produce executable
FAIL: libgomp.c++/ctor-9.C -O2 (test for excess errors)
WARNING: libgomp.c++/ctor-9.C -O2 compilation failed to produce executable
FAIL: libgomp.c++/ctor-9.C -O3 -fomit-frame-pointer (test for excess errors)
WARNING: libgomp.c++/ctor-9.C -O3 -fomit-frame-pointer compilation failed to produce executable
FAIL: libgomp.c++/ctor-9.C -O3 -fomit-frame-pointer -funroll-loops (test for excess errors)
WARNING: libgomp.c++/ctor-9.C -O3 -fomit-frame-pointer -funroll-loops compilation failed to produce executable
FAIL: libgomp.c++/ctor-9.C -O3 -fomit-frame-pointer -funroll-all-loops -finline-functions (test for excess errors)
WARNING: libgomp.c++/ctor-9.C -O3 -fomit-frame-pointer -funroll-all-loops -finline-functions compilation failed to produce executable
FAIL: libgomp.c++/ctor-9.C -O3 -g (test for excess errors)
WARNING: libgomp.c++/ctor-9.C -O3 -g compilation failed to produce executable
FAIL: libgomp.c++/ctor-9.C -Os (test for excess errors)
WARNING: libgomp.c++/ctor-9.C -Os compilation failed to produce executable
FAIL: libgomp.fortran/appendix-a/a.22.7.f90 -O0 (test for excess errors)
WARNING: libgomp.fortran/appendix-a/a.22.7.f90 -O0 compilation failed to produce executable
FAIL: libgomp.fortran/appendix-a/a.22.7.f90 -O1 (test for excess errors)
WARNING: libgomp.fortran/appendix-a/a.22.7.f90 -O1 compilation failed to produce executable
FAIL: libgomp.fortran/appendix-a/a.22.7.f90 -O2 (test for excess errors)
WARNING: libgomp.fortran/appendix-a/a.22.7.f90 -O2 compilation failed to produce executable
FAIL: libgomp.fortran/appendix-a/a.22.7.f90 -O3 -fomit-frame-pointer (test for excess errors)
WARNING: libgomp.fortran/appendix-a/a.22.7.f90 -O3 -fomit-frame-pointer compilation failed to produce executable
FAIL: libgomp.fortran/appendix-a/a.22.7.f90 -O3 -fomit-frame-pointer -funroll-loops (test for excess errors)
WARNING: libgomp.fortran/appendix-a/a.22.7.f90 -O3 -fomit-frame-pointer -funroll-loops compilation failed to produce executable
FAIL: libgomp.fortran/appendix-a/a.22.7.f90 -O3 -fomit-frame-pointer -funroll-all-loops -finline-functions (test for excess errors)
WARNING: libgomp.fortran/appendix-a/a.22.7.f90 -O3 -fomit-frame-pointer -funroll-all-loops -finline-functions compilation failed to produce executable
FAIL: libgomp.fortran/appendix-a/a.22.7.f90 -O3 -g (test for excess errors)
WARNING: libgomp.fortran/appendix-a/a.22.7.f90 -O3 -g compilation failed to produce executable
FAIL: libgomp.fortran/appendix-a/a.22.7.f90 -Os (test for excess errors)
WARNING: libgomp.fortran/appendix-a/a.22.7.f90 -Os compilation failed to produce executable
FAIL: libgomp.fortran/omp_parse3.f90 -O0 (test for excess errors)
WARNING: libgomp.fortran/omp_parse3.f90 -O0 compilation failed to produce executable
FAIL: libgomp.fortran/omp_parse3.f90 -O1 (test for excess errors)
WARNING: libgomp.fortran/omp_parse3.f90 -O1 compilation failed to produce executable
FAIL: libgomp.fortran/omp_parse3.f90 -O2 (test for excess errors)
WARNING: libgomp.fortran/omp_parse3.f90 -O2 compilation failed to produce executable
FAIL: libgomp.fortran/omp_parse3.f90 -O3 -fomit-frame-pointer (test for excess errors)
WARNING: libgomp.fortran/omp_parse3.f90 -O3 -fomit-frame-pointer compilation failed to produce executable
FAIL: libgomp.fortran/omp_parse3.f90 -O3 -fomit-frame-pointer -funroll-loops (test for excess errors)
WARNING: libgomp.fortran/omp_parse3.f90 -O3 -fomit-frame-pointer -funroll-loops compilation failed to produce executable
FAIL: libgomp.fortran/omp_parse3.f90 -O3 -fomit-frame-pointer -funroll-all-loops -finline-functions (test for excess errors)
WARNING: libgomp.fortran/omp_parse3.f90 -O3 -fomit-frame-pointer -funroll-all-loops -finline-functions compilation failed to produce executable
FAIL: libgomp.fortran/omp_parse3.f90 -O3 -g (test for excess errors)
WARNING: libgomp.fortran/omp_parse3.f90 -O3 -g compilation failed to produce executable
FAIL: libgomp.fortran/omp_parse3.f90 -Os (test for excess errors)
WARNING: libgomp.fortran/omp_parse3.f90 -Os compilation failed to produce executable
FAIL: libgomp.fortran/threadprivate2.f90 -O0 (test for excess errors)
WARNING: libgomp.fortran/threadprivate2.f90 -O0 compilation failed to produce executable
FAIL: libgomp.fortran/threadprivate2.f90 -O1 (test for excess errors)
WARNING: libgomp.fortran/threadprivate2.f90 -O1 compilation failed to produce executable
FAIL: libgomp.fortran/threadprivate2.f90 -O2 (test for excess errors)
WARNING: libgomp.fortran/threadprivate2.f90 -O2 compilation failed to produce executable
FAIL: libgomp.fortran/threadprivate2.f90 -O3 -fomit-frame-pointer (test for excess errors)
WARNING: libgomp.fortran/threadprivate2.f90 -O3 -fomit-frame-pointer compilation failed to produce executable
FAIL: libgomp.fortran/threadprivate2.f90 -O3 -fomit-frame-pointer -funroll-loops (test for excess errors)
WARNING: libgomp.fortran/threadprivate2.f90 -O3 -fomit-frame-pointer -funroll-loops compilation failed to produce executable
FAIL: libgomp.fortran/threadprivate2.f90 -O3 -fomit-frame-pointer -funroll-all-loops -finline-functions (test for excess errors)
WARNING: libgomp.fortran/threadprivate2.f90 -O3 -fomit-frame-pointer -funroll-all-loops -finline-functions compilation failed to produce executable
FAIL: libgomp.fortran/threadprivate2.f90 -O3 -g (test for excess errors)
WARNING: libgomp.fortran/threadprivate2.f90 -O3 -g compilation failed to produce executable
FAIL: libgomp.fortran/threadprivate2.f90 -Os (test for excess errors)
WARNING: libgomp.fortran/threadprivate2.f90 -Os compilation failed to produce executable
FAIL: libgomp.fortran/threadprivate3.f90 -O0 (test for excess errors)
WARNING: libgomp.fortran/threadprivate3.f90 -O0 compilation failed to produce executable
FAIL: libgomp.fortran/threadprivate3.f90 -O1 (test for excess errors)
WARNING: libgomp.fortran/threadprivate3.f90 -O1 compilation failed to produce executable
FAIL: libgomp.fortran/threadprivate3.f90 -O2 (test for excess errors)
WARNING: libgomp.fortran/threadprivate3.f90 -O2 compilation failed to produce executable
FAIL: libgomp.fortran/threadprivate3.f90 -O3 -fomit-frame-pointer (test for excess errors)
WARNING: libgomp.fortran/threadprivate3.f90 -O3 -fomit-frame-pointer compilation failed to produce executable
FAIL: libgomp.fortran/threadprivate3.f90 -O3 -fomit-frame-pointer -funroll-loops (test for excess errors)
WARNING: libgomp.fortran/threadprivate3.f90 -O3 -fomit-frame-pointer -funroll-loops compilation failed to produce executable
FAIL: libgomp.fortran/threadprivate3.f90 -O3 -fomit-frame-pointer -funroll-all-loops -finline-functions (test for excess errors)
WARNING: libgomp.fortran/threadprivate3.f90 -O3 -fomit-frame-pointer -funroll-all-loops -finline-functions compilation failed to produce executable
FAIL: libgomp.fortran/threadprivate3.f90 -O3 -g (test for excess errors)
WARNING: libgomp.fortran/threadprivate3.f90 -O3 -g compilation failed to produce executable
FAIL: libgomp.fortran/threadprivate3.f90 -Os (test for excess errors)
WARNING: libgomp.fortran/threadprivate3.f90 -Os compilation failed to produce executable
=== libgomp Summary for unix ===
# of expected passes 1402
# of unexpected failures 56
# of unsupported tests 7
Running target unix/-m64
FAIL: libgomp.c++/ctor-5.C -O0 (test for excess errors)
WARNING: libgomp.c++/ctor-5.C -O0 compilation failed to produce executable
FAIL: libgomp.c++/ctor-5.C -O1 (test for excess errors)
WARNING: libgomp.c++/ctor-5.C -O1 compilation failed to produce executable
FAIL: libgomp.c++/ctor-5.C -O2 (test for excess errors)
WARNING: libgomp.c++/ctor-5.C -O2 compilation failed to produce executable
FAIL: libgomp.c++/ctor-5.C -O3 -fomit-frame-pointer (test for excess errors)
WARNING: libgomp.c++/ctor-5.C -O3 -fomit-frame-pointer compilation failed to produce executable
FAIL: libgomp.c++/ctor-5.C -O3 -fomit-frame-pointer -funroll-loops (test for excess errors)
WARNING: libgomp.c++/ctor-5.C -O3 -fomit-frame-pointer -funroll-loops compilation failed to produce executable
FAIL: libgomp.c++/ctor-5.C -O3 -fomit-frame-pointer -funroll-all-loops -finline-functions (test for excess errors)
WARNING: libgomp.c++/ctor-5.C -O3 -fomit-frame-pointer -funroll-all-loops -finline-functions compilation failed to produce executable
FAIL: libgomp.c++/ctor-5.C -O3 -g (test for excess errors)
WARNING: libgomp.c++/ctor-5.C -O3 -g compilation failed to produce executable
FAIL: libgomp.c++/ctor-5.C -Os (test for excess errors)
WARNING: libgomp.c++/ctor-5.C -Os compilation failed to produce executable
FAIL: libgomp.c++/ctor-8.C -O0 (test for excess errors)
WARNING: libgomp.c++/ctor-8.C -O0 compilation failed to produce executable
FAIL: libgomp.c++/ctor-8.C -O1 (test for excess errors)
WARNING: libgomp.c++/ctor-8.C -O1 compilation failed to produce executable
FAIL: libgomp.c++/ctor-8.C -O2 (test for excess errors)
WARNING: libgomp.c++/ctor-8.C -O2 compilation failed to produce executable
FAIL: libgomp.c++/ctor-8.C -O3 -fomit-frame-pointer (test for excess errors)
WARNING: libgomp.c++/ctor-8.C -O3 -fomit-frame-pointer compilation failed to produce executable
FAIL: libgomp.c++/ctor-8.C -O3 -fomit-frame-pointer -funroll-loops (test for excess errors)
WARNING: libgomp.c++/ctor-8.C -O3 -fomit-frame-pointer -funroll-loops compilation failed to produce executable
FAIL: libgomp.c++/ctor-8.C -O3 -fomit-frame-pointer -funroll-all-loops -finline-functions (test for excess errors)
WARNING: libgomp.c++/ctor-8.C -O3 -fomit-frame-pointer -funroll-all-loops -finline-functions compilation failed to produce executable
FAIL: libgomp.c++/ctor-8.C -O3 -g (test for excess errors)
WARNING: libgomp.c++/ctor-8.C -O3 -g compilation failed to produce executable
FAIL: libgomp.c++/ctor-8.C -Os (test for excess errors)
WARNING: libgomp.c++/ctor-8.C -Os compilation failed to produce executable
FAIL: libgomp.c++/ctor-9.C -O0 (test for excess errors)
WARNING: libgomp.c++/ctor-9.C -O0 compilation failed to produce executable
FAIL: libgomp.c++/ctor-9.C -O1 (test for excess errors)
WARNING: libgomp.c++/ctor-9.C -O1 compilation failed to produce executable
FAIL: libgomp.c++/ctor-9.C -O2 (test for excess errors)
WARNING: libgomp.c++/ctor-9.C -O2 compilation failed to produce executable
FAIL: libgomp.c++/ctor-9.C -O3 -fomit-frame-pointer (test for excess errors)
WARNING: libgomp.c++/ctor-9.C -O3 -fomit-frame-pointer compilation failed to produce executable
FAIL: libgomp.c++/ctor-9.C -O3 -fomit-frame-pointer -funroll-loops (test for excess errors)
WARNING: libgomp.c++/ctor-9.C -O3 -fomit-frame-pointer -funroll-loops compilation failed to produce executable
FAIL: libgomp.c++/ctor-9.C -O3 -fomit-frame-pointer -funroll-all-loops -finline-functions (test for excess errors)
WARNING: libgomp.c++/ctor-9.C -O3 -fomit-frame-pointer -funroll-all-loops -finline-functions compilation failed to produce executable
FAIL: libgomp.c++/ctor-9.C -O3 -g (test for excess errors)
WARNING: libgomp.c++/ctor-9.C -O3 -g compilation failed to produce executable
FAIL: libgomp.c++/ctor-9.C -Os (test for excess errors)
WARNING: libgomp.c++/ctor-9.C -Os compilation failed to produce executable
FAIL: libgomp.fortran/appendix-a/a.22.7.f90 -O0 (test for excess errors)
WARNING: libgomp.fortran/appendix-a/a.22.7.f90 -O0 compilation failed to produce executable
FAIL: libgomp.fortran/appendix-a/a.22.7.f90 -O1 (test for excess errors)
WARNING: libgomp.fortran/appendix-a/a.22.7.f90 -O1 compilation failed to produce executable
FAIL: libgomp.fortran/appendix-a/a.22.7.f90 -O2 (test for excess errors)
WARNING: libgomp.fortran/appendix-a/a.22.7.f90 -O2 compilation failed to produce executable
FAIL: libgomp.fortran/appendix-a/a.22.7.f90 -O3 -fomit-frame-pointer (test for excess errors)
WARNING: libgomp.fortran/appendix-a/a.22.7.f90 -O3 -fomit-frame-pointer compilation failed to produce executable
FAIL: libgomp.fortran/appendix-a/a.22.7.f90 -O3 -fomit-frame-pointer -funroll-loops (test for excess errors)
WARNING: libgomp.fortran/appendix-a/a.22.7.f90 -O3 -fomit-frame-pointer -funroll-loops compilation failed to produce executable
FAIL: libgomp.fortran/appendix-a/a.22.7.f90 -O3 -fomit-frame-pointer -funroll-all-loops -finline-functions (test for excess errors)
WARNING: libgomp.fortran/appendix-a/a.22.7.f90 -O3 -fomit-frame-pointer -funroll-all-loops -finline-functions compilation failed to produce executable
FAIL: libgomp.fortran/appendix-a/a.22.7.f90 -O3 -g (test for excess errors)
WARNING: libgomp.fortran/appendix-a/a.22.7.f90 -O3 -g compilation failed to produce executable
FAIL: libgomp.fortran/appendix-a/a.22.7.f90 -Os (test for excess errors)
WARNING: libgomp.fortran/appendix-a/a.22.7.f90 -Os compilation failed to produce executable
FAIL: libgomp.fortran/omp_parse3.f90 -O0 (test for excess errors)
WARNING: libgomp.fortran/omp_parse3.f90 -O0 compilation failed to produce executable
FAIL: libgomp.fortran/omp_parse3.f90 -O1 (test for excess errors)
WARNING: libgomp.fortran/omp_parse3.f90 -O1 compilation failed to produce executable
FAIL: libgomp.fortran/omp_parse3.f90 -O2 (test for excess errors)
WARNING: libgomp.fortran/omp_parse3.f90 -O2 compilation failed to produce executable
FAIL: libgomp.fortran/omp_parse3.f90 -O3 -fomit-frame-pointer (test for excess errors)
WARNING: libgomp.fortran/omp_parse3.f90 -O3 -fomit-frame-pointer compilation failed to produce executable
FAIL: libgomp.fortran/omp_parse3.f90 -O3 -fomit-frame-pointer -funroll-loops (test for excess errors)
WARNING: libgomp.fortran/omp_parse3.f90 -O3 -fomit-frame-pointer -funroll-loops compilation failed to produce executable
FAIL: libgomp.fortran/omp_parse3.f90 -O3 -fomit-frame-pointer -funroll-all-loops -finline-functions (test for excess errors)
WARNING: libgomp.fortran/omp_parse3.f90 -O3 -fomit-frame-pointer -funroll-all-loops -finline-functions compilation failed to produce executable
FAIL: libgomp.fortran/omp_parse3.f90 -O3 -g (test for excess errors)
WARNING: libgomp.fortran/omp_parse3.f90 -O3 -g compilation failed to produce executable
FAIL: libgomp.fortran/omp_parse3.f90 -Os (test for excess errors)
WARNING: libgomp.fortran/omp_parse3.f90 -Os compilation failed to produce executable
FAIL: libgomp.fortran/threadprivate2.f90 -O0 (test for excess errors)
WARNING: libgomp.fortran/threadprivate2.f90 -O0 compilation failed to produce executable
FAIL: libgomp.fortran/threadprivate2.f90 -O1 (test for excess errors)
WARNING: libgomp.fortran/threadprivate2.f90 -O1 compilation failed to produce executable
FAIL: libgomp.fortran/threadprivate2.f90 -O2 (test for excess errors)
WARNING: libgomp.fortran/threadprivate2.f90 -O2 compilation failed to produce executable
FAIL: libgomp.fortran/threadprivate2.f90 -O3 -fomit-frame-pointer (test for excess errors)
WARNING: libgomp.fortran/threadprivate2.f90 -O3 -fomit-frame-pointer compilation failed to produce executable
FAIL: libgomp.fortran/threadprivate2.f90 -O3 -fomit-frame-pointer -funroll-loops (test for excess errors)
WARNING: libgomp.fortran/threadprivate2.f90 -O3 -fomit-frame-pointer -funroll-loops compilation failed to produce executable
FAIL: libgomp.fortran/threadprivate2.f90 -O3 -fomit-frame-pointer -funroll-all-loops -finline-functions (test for excess errors)
WARNING: libgomp.fortran/threadprivate2.f90 -O3 -fomit-frame-pointer -funroll-all-loops -finline-functions compilation failed to produce executable
FAIL: libgomp.fortran/threadprivate2.f90 -O3 -g (test for excess errors)
WARNING: libgomp.fortran/threadprivate2.f90 -O3 -g compilation failed to produce executable
FAIL: libgomp.fortran/threadprivate2.f90 -Os (test for excess errors)
WARNING: libgomp.fortran/threadprivate2.f90 -Os compilation failed to produce executable
FAIL: libgomp.fortran/threadprivate3.f90 -O0 (test for excess errors)
WARNING: libgomp.fortran/threadprivate3.f90 -O0 compilation failed to produce executable
FAIL: libgomp.fortran/threadprivate3.f90 -O1 (test for excess errors)
WARNING: libgomp.fortran/threadprivate3.f90 -O1 compilation failed to produce executable
FAIL: libgomp.fortran/threadprivate3.f90 -O2 (test for excess errors)
WARNING: libgomp.fortran/threadprivate3.f90 -O2 compilation failed to produce executable
FAIL: libgomp.fortran/threadprivate3.f90 -O3 -fomit-frame-pointer (test for excess errors)
WARNING: libgomp.fortran/threadprivate3.f90 -O3 -fomit-frame-pointer compilation failed to produce executable
FAIL: libgomp.fortran/threadprivate3.f90 -O3 -fomit-frame-pointer -funroll-loops (test for excess errors)
WARNING: libgomp.fortran/threadprivate3.f90 -O3 -fomit-frame-pointer -funroll-loops compilation failed to produce executable
FAIL: libgomp.fortran/threadprivate3.f90 -O3 -fomit-frame-pointer -funroll-all-loops -finline-functions (test for excess errors)
WARNING: libgomp.fortran/threadprivate3.f90 -O3 -fomit-frame-pointer -funroll-all-loops -finline-functions compilation failed to produce executable
FAIL: libgomp.fortran/threadprivate3.f90 -O3 -g (test for excess errors)
WARNING: libgomp.fortran/threadprivate3.f90 -O3 -g compilation failed to produce executable
FAIL: libgomp.fortran/threadprivate3.f90 -Os (test for excess errors)
WARNING: libgomp.fortran/threadprivate3.f90 -Os compilation failed to produce executable
=== libgomp Summary for unix/-m64 ===
# of expected passes 1402
# of unexpected failures 56
# of unsupported tests 7
=== libgomp Summary ===
# of expected passes 2804
# of unexpected failures 112
# of unsupported tests 14
=== libjava tests ===
Running target unix
FAIL: events output
FAIL: Array_3 execution - gij test
FAIL: Array_3 execution - gij test
FAIL: Array_3 execution - gij test
FAIL: Array_3 execution - gij test
FAIL: FileHandleGcTest execution - source compiled test
FAIL: FileHandleGcTest execution - gij test
FAIL: FileHandleGcTest execution - bytecode->native test
FAIL: FileHandleGcTest execution - gij test
FAIL: FileHandleGcTest -findirect-dispatch execution - bytecode->native test
FAIL: FileHandleGcTest -O3 execution - source compiled test
FAIL: FileHandleGcTest execution - gij test
FAIL: FileHandleGcTest -O3 execution - bytecode->native test
FAIL: FileHandleGcTest execution - gij test
FAIL: FileHandleGcTest -O3 -findirect-dispatch execution - bytecode->native test
FAIL: PR27908 execution - gij test
FAIL: PR27908 execution - gij test
FAIL: PR27908 -O3 execution - source compiled test
FAIL: PR27908 execution - gij test
FAIL: PR27908 execution - gij test
WARNING: program timed out.
FAIL: Process_3 -findirect-dispatch execution - bytecode->native test
WARNING: program timed out.
FAIL: Process_3 -O3 -findirect-dispatch execution - bytecode->native test
WARNING: program timed out.
FAIL: Process_5 -findirect-dispatch execution - bytecode->native test
WARNING: program timed out.
FAIL: Process_5 -O3 -findirect-dispatch execution - bytecode->native test
FAIL: Throw_2 execution - source compiled test
FAIL: Throw_2 execution - gij test
FAIL: Throw_2 execution - bytecode->native test
FAIL: Throw_2 execution - gij test
FAIL: Throw_2 -findirect-dispatch execution - bytecode->native test
FAIL: Throw_2 -O3 execution - source compiled test
FAIL: Throw_2 execution - gij test
FAIL: Throw_2 -O3 execution - bytecode->native test
FAIL: Throw_2 execution - gij test
FAIL: Throw_2 -O3 -findirect-dispatch execution - bytecode->native test
=== libjava Summary for unix ===
# of expected passes 6939
# of unexpected failures 34
# of expected failures 12
# of untested testcases 41
Running target unix/-m64
FAIL: events output
FAIL: Array_3 execution - gij test
FAIL: Array_3 execution - gij test
FAIL: Array_3 execution - gij test
FAIL: Array_3 execution - gij test
FAIL: FileHandleGcTest execution - source compiled test
FAIL: FileHandleGcTest execution - gij test
FAIL: FileHandleGcTest execution - bytecode->native test
FAIL: FileHandleGcTest execution - gij test
FAIL: FileHandleGcTest -findirect-dispatch execution - bytecode->native test
FAIL: FileHandleGcTest -O3 execution - source compiled test
FAIL: FileHandleGcTest execution - gij test
FAIL: FileHandleGcTest -O3 execution - bytecode->native test
FAIL: FileHandleGcTest execution - gij test
FAIL: FileHandleGcTest -O3 -findirect-dispatch execution - bytecode->native test
FAIL: PR27908 execution - gij test
FAIL: PR27908 -findirect-dispatch execution - bytecode->native test
FAIL: PR27908 execution - gij test
WARNING: program timed out.
FAIL: Process_3 -findirect-dispatch execution - bytecode->native test
WARNING: program timed out.
FAIL: Process_3 -O3 -findirect-dispatch execution - bytecode->native test
WARNING: program timed out.
FAIL: Process_5 -findirect-dispatch execution - bytecode->native test
WARNING: program timed out.
FAIL: Process_5 -O3 -findirect-dispatch execution - bytecode->native test
FAIL: Throw_2 execution - source compiled test
FAIL: Throw_2 execution - bytecode->native test
FAIL: Throw_2 -O3 execution - source compiled test
FAIL: Throw_2 -O3 execution - bytecode->native test
=== libjava Summary for unix/-m64 ===
# of expected passes 6955
# of unexpected failures 26
# of expected failures 12
# of untested testcases 33
=== libjava Summary ===
# of expected passes 13894
# of unexpected failures 60
# of expected failures 24
# of untested testcases 74
=== libstdc++ tests ===
Running target unix
XPASS: 27_io/basic_istream/extractors_arithmetic/char/12.cc execution test
XPASS: 27_io/basic_istream/extractors_arithmetic/wchar_t/12.cc execution test
=== libstdc++ Summary for unix ===
# of expected passes 3807
# of unexpected successes 2
# of expected failures 15
# of unsupported tests 322
Running target unix/-m64
XPASS: 27_io/basic_istream/extractors_arithmetic/char/12.cc execution test
XPASS: 27_io/basic_istream/extractors_arithmetic/wchar_t/12.cc execution test
XPASS: 27_io/fpos/14320-1.cc execution test
=== libstdc++ Summary for unix/-m64 ===
# of expected passes 3807
# of unexpected successes 3
# of expected failures 14
# of unsupported tests 322
=== libstdc++ Summary ===
# of expected passes 7614
# of unexpected successes 5
# of expected failures 29
# of unsupported tests 644
Compiler version: 4.2.0 20061022 (prerelease)
Platform: sparc-sun-solaris2.10
configure flags: --prefix=/opt/build/eric/gcc-4_2-branch --with-gmp=/opt/build/eric/local --with-mpfr=/opt/build/eric/local --with-local-prefix=/opt/build/eric/local --enable-languages=c,c++,fortran,java,objc,obj-c++
BOOT_CFLAGS=-g -O2
More information about the Gcc-testresults
mailing list