Results for 4.2.0 20061019 (experimental) testsuite on i686-pc-linux-gnu
CodeSourcery Automatic Testing System
gcc@codesourcery.com
Thu Oct 19 11:46:00 GMT 2006
LAST_UPDATED:
Native configuration is i686-pc-linux-gnu
=== g++ tests ===
Running target unix
XPASS: g++.dg/tree-ssa/ivopts-1.C scan-tree-dump-not &x\\[5\\]
=== g++ Summary ===
# of expected passes 13224
# of unexpected successes 1
# of expected failures 68
# of unsupported tests 72
/scratch/gcc/nightly-2006-10-19-mainline/i686-pc-linux-gnu/build_gcc/build/test-mainline-0-i686-pc-linux-gnu/host-i686-pc-linux-gnu/fsf-mainline/bin/c++ version 4.2.0 20061019 (experimental)
=== gcc tests ===
Running target unix
FAIL: gcc.c-torture/execute/mayalias-2.c compilation, -O3 -g (internal compiler error)
UNRESOLVED: gcc.c-torture/execute/mayalias-2.c execution, -O3 -g
=== gcc Summary ===
# of expected passes 41497
# of unexpected failures 1
# of expected failures 112
# of unresolved testcases 1
# of untested testcases 28
# of unsupported tests 284
/scratch/gcc/nightly-2006-10-19-mainline/i686-pc-linux-gnu/build_gcc/build/test-mainline-0-i686-pc-linux-gnu/host-i686-pc-linux-gnu/fsf-mainline/bin/gcc version 4.2.0 20061019 (experimental)
=== libstdc++ tests ===
Running target unix
=== libstdc++ Summary ===
# of expected passes 4440
# of expected failures 16
# of unsupported tests 6
Compiler version: 4.2.0 20061019 (experimental)
Platform: i686-pc-linux-gnu
configure flags: --target=i686-pc-linux-gnu --enable-languages=c,c++ --with-sysroot=/usr/local/tools/gcc-3.4.0/i686-pc-linux-gnu/sysroot --with-gnu-as --with-gnu-ld --prefix=/usr/local/tools/gcc-3.4.0
More information about the Gcc-testresults
mailing list