Results for 4.2.0 20061016 (experimental) testsuite on hppa64-hp-hpux11.11
John David Anglin
dave@hiauly3.hia.nrc.ca
Tue Oct 17 18:19:00 GMT 2006
LAST_UPDATED: Mon Oct 16 22:52:21 UTC 2006 (revision 117797)
Native configuration is hppa64-hp-hpux11.11
=== g++ tests ===
Running target unix
XPASS: g++.dg/tree-ssa/ivopts-1.C scan-tree-dump-not &x\\[5\\]
=== g++ Summary ===
# of expected passes 12360
# of unexpected successes 1
# of expected failures 70
# of unsupported tests 142
/test/gnu/gcc/objdir/gcc/testsuite/g++/../../g++ version 4.2.0 20061016 (experimental)
=== gcc tests ===
Running target unix
WARNING: program timed out.
FAIL: gcc.c-torture/compile/20001226-1.c -O2 (test for excess errors)
WARNING: program timed out.
FAIL: gcc.c-torture/compile/20001226-1.c -O3 -fomit-frame-pointer (test for excess errors)
WARNING: program timed out.
FAIL: gcc.c-torture/compile/20001226-1.c -O3 -g (test for excess errors)
WARNING: program timed out.
FAIL: gcc.c-torture/compile/20001226-1.c -Os (test for excess errors)
FAIL: gcc.c-torture/execute/mayalias-2.c compilation, -O3 -g (internal compiler error)
UNRESOLVED: gcc.c-torture/execute/mayalias-2.c execution, -O3 -g
XPASS: gcc.dg/cpp/cmdlne-dI-M.c scan-file (^|\\\\n)cmdlne-dI-M.*:[^\\\\n]*cmdlne-dI-M.c
XPASS: gcc.dg/cpp/cmdlne-dM-M.c scan-file (^|\\\\n)cmdlne-dM-M[^\\\\n]*:[^\\\\n]*cmdlne-dM-M.c
XPASS: gcc.dg/funcorder.c scan-assembler-not link_error,%r
FAIL: gcc.dg/tree-ssa/ivopts-2.c scan-tree-dump-not \\n candidates .*,.*,.*\\n[^\\n]*\\nFinal cost
=== gcc Summary ===
# of expected passes 39344
# of unexpected failures 6
# of unexpected successes 3
# of expected failures 80
# of unresolved testcases 1
# of untested testcases 28
# of unsupported tests 430
/test/gnu/gcc/objdir/gcc/xgcc version 4.2.0 20061016 (experimental)
=== gfortran tests ===
Running target unix
FAIL: gfortran.dg/actual_array_constructor_1.f90 -O0 (internal compiler error)
FAIL: gfortran.dg/actual_array_constructor_1.f90 -O0 (test for excess errors)
WARNING: gfortran.dg/actual_array_constructor_1.f90 -O0 compilation failed to produce executable
FAIL: gfortran.dg/actual_array_constructor_2.f90 -O0 (internal compiler error)
FAIL: gfortran.dg/actual_array_constructor_2.f90 -O0 (test for excess errors)
WARNING: gfortran.dg/actual_array_constructor_2.f90 -O0 compilation failed to produce executable
FAIL: gfortran.dg/actual_array_substr_1.f90 -O0 (internal compiler error)
FAIL: gfortran.dg/actual_array_substr_1.f90 -O0 (test for excess errors)
WARNING: gfortran.dg/actual_array_substr_1.f90 -O0 compilation failed to produce executable
FAIL: gfortran.dg/actual_array_substr_2.f90 -O0 (internal compiler error)
FAIL: gfortran.dg/actual_array_substr_2.f90 -O0 (test for excess errors)
WARNING: gfortran.dg/actual_array_substr_2.f90 -O0 compilation failed to produce executable
FAIL: gfortran.dg/auto_char_pointer_array_result_1.f90 -O0 (internal compiler error)
FAIL: gfortran.dg/auto_char_pointer_array_result_1.f90 -O0 (test for excess errors)
WARNING: gfortran.dg/auto_char_pointer_array_result_1.f90 -O0 compilation failed to produce executable
FAIL: gfortran.dg/auto_pointer_array_result_1.f90 -O0 (internal compiler error)
FAIL: gfortran.dg/auto_pointer_array_result_1.f90 -O0 (test for excess errors)
WARNING: gfortran.dg/auto_pointer_array_result_1.f90 -O0 compilation failed to produce executable
FAIL: gfortran.dg/character_array_constructor_1.f90 -O0 (internal compiler error)
FAIL: gfortran.dg/character_array_constructor_1.f90 -O0 (test for excess errors)
WARNING: gfortran.dg/character_array_constructor_1.f90 -O0 compilation failed to produce executable
FAIL: gfortran.dg/pr15324.f90 -O0 (internal compiler error)
FAIL: gfortran.dg/pr15324.f90 -O0 (test for excess errors)
WARNING: gfortran.dg/pr15324.f90 -O0 compilation failed to produce executable
FAIL: gfortran.dg/pr17612.f90 -O0 (internal compiler error)
FAIL: gfortran.dg/pr17612.f90 -O0 (test for excess errors)
WARNING: gfortran.dg/pr17612.f90 -O0 compilation failed to produce executable
FAIL: gfortran.fortran-torture/execute/pr19269-1.f90, -O0 (internal compiler error)
FAIL: gfortran.fortran-torture/execute/strarray_3.f90, -O0 (internal compiler error)
FAIL: gfortran.fortran-torture/execute/strarray_4.f90, -O0 (internal compiler error)
=== gfortran Summary ===
# of expected passes 14519
# of unexpected failures 21
# of expected failures 6
# of unsupported tests 105
/test/gnu/gcc/objdir/gcc/testsuite/gfortran/../../gfortran version 4.2.0 20061016 (experimental)
=== obj-c++ tests ===
Running target unix
FAIL: obj-c++.dg/bitfield-1.mm (internal compiler error)
FAIL: obj-c++.dg/bitfield-1.mm (test for excess errors)
WARNING: obj-c++.dg/bitfield-1.mm compilation failed to produce executable
FAIL: obj-c++.dg/bitfield-4.mm (test for excess errors)
FAIL: obj-c++.dg/comp-types-10.mm (internal compiler error)
FAIL: obj-c++.dg/comp-types-10.mm (test for excess errors)
FAIL: obj-c++.dg/cxx-ivars-2.mm execution test
FAIL: obj-c++.dg/encode-8.mm execution test
FAIL: obj-c++.dg/isa-field-1.mm (test for excess errors)
FAIL: obj-c++.dg/layout-1.mm (test for excess errors)
FAIL: obj-c++.dg/lookup-2.mm (test for excess errors)
WARNING: obj-c++.dg/lookup-2.mm compilation failed to produce executable
FAIL: obj-c++.dg/try-catch-2.mm (test for excess errors)
WARNING: obj-c++.dg/try-catch-2.mm compilation failed to produce executable
FAIL: obj-c++.dg/try-catch-9.mm (internal compiler error)
FAIL: obj-c++.dg/try-catch-9.mm (test for excess errors)
WARNING: obj-c++.dg/try-catch-9.mm compilation failed to produce executable
=== obj-c++ Summary ===
# of expected passes 424
# of unexpected failures 13
# of unsupported tests 13
/test/gnu/gcc/objdir/gcc/testsuite/obj-c++/../../g++ version 4.2.0 20061016 (experimental)
=== objc tests ===
Running target unix
=== objc Summary ===
# of expected passes 1758
# of expected failures 7
# of unsupported tests 25
/test/gnu/gcc/objdir/gcc/xgcc version 4.2.0 20061016 (experimental)
=== libgomp tests ===
Running target unix
FAIL: libgomp.fortran/vla1.f90 -O0 (internal compiler error)
FAIL: libgomp.fortran/vla1.f90 -O0 (test for excess errors)
WARNING: libgomp.fortran/vla1.f90 -O0 compilation failed to produce executable
FAIL: libgomp.fortran/vla2.f90 -O0 (internal compiler error)
FAIL: libgomp.fortran/vla2.f90 -O0 (test for excess errors)
WARNING: libgomp.fortran/vla2.f90 -O0 compilation failed to produce executable
FAIL: libgomp.fortran/vla3.f90 -O0 (internal compiler error)
FAIL: libgomp.fortran/vla3.f90 -O0 (test for excess errors)
WARNING: libgomp.fortran/vla3.f90 -O0 compilation failed to produce executable
FAIL: libgomp.fortran/vla4.f90 -O0 (internal compiler error)
FAIL: libgomp.fortran/vla4.f90 -O0 (test for excess errors)
WARNING: libgomp.fortran/vla4.f90 -O0 compilation failed to produce executable
FAIL: libgomp.fortran/vla5.f90 -O0 (internal compiler error)
FAIL: libgomp.fortran/vla5.f90 -O0 (test for excess errors)
WARNING: libgomp.fortran/vla5.f90 -O0 compilation failed to produce executable
FAIL: libgomp.fortran/vla6.f90 -O0 (internal compiler error)
FAIL: libgomp.fortran/vla6.f90 -O0 (test for excess errors)
WARNING: libgomp.fortran/vla6.f90 -O0 compilation failed to produce executable
FAIL: libgomp.fortran/vla7.f90 -O0 (internal compiler error)
FAIL: libgomp.fortran/vla7.f90 -O0 (test for excess errors)
WARNING: libgomp.fortran/vla7.f90 -O0 compilation failed to produce executable
=== libgomp Summary ===
# of expected passes 1280
# of unexpected failures 14
# of unsupported tests 118
=== libstdc++ tests ===
Running target unix
=== libstdc++ Summary ===
# of expected passes 3787
# of expected failures 15
# of unsupported tests 332
Compiler version: 4.2.0 20061016 (experimental)
Platform: hppa64-hp-hpux11.11
configure flags: --with-gnu-as --with-as=/opt/gnu64/bin/as --with-ld=/usr/ccs/bin/ld --enable-shared --disable-nls --with-local-prefix=/opt/gnu64 --prefix=/opt/gnu64/gcc/gcc-4.2.0 --host=hppa64-hp-hpux11.11 --enable-threads=posix --disable-libmudflap --with-gmp=/opt/gnu64/gcc/gcc-4.2.0 --enable-languages=c,c++,fortran,java,objc,obj-c++
More information about the Gcc-testresults
mailing list