Results for 4.2.0 20061014 (experimental) testsuite on hppa2.0w-hp-hpux11.11
CodeSourcery Automatic Testing System
gcc@codesourcery.com
Sat Oct 14 22:37:00 GMT 2006
LAST_UPDATED:
Native configuration is hppa2.0w-hp-hpux11.11
=== g++ tests ===
Running target unix
XPASS: g++.dg/tree-ssa/ivopts-1.C scan-tree-dump-not &x\\[5\\]
=== g++ Summary ===
# of expected passes 12581
# of unexpected successes 1
# of expected failures 70
# of unsupported tests 180
/scratch/gcc/nightly-2006-10-14-mainline/hppa2.0w-hp-hpux11.11/build_gcc/build/test-mainline-0-hppa2.0w-hp-hpux11.11/host-hppa2.0w-hp-hpux11.11/fsf-mainline/bin/c++ version 4.2.0 20061014 (experimental)
=== gcc tests ===
Running target unix
=== gcc Summary ===
# of expected passes 39420
# of expected failures 81
# of untested testcases 28
# of unsupported tests 487
/scratch/gcc/nightly-2006-10-14-mainline/hppa2.0w-hp-hpux11.11/build_gcc/build/test-mainline-0-hppa2.0w-hp-hpux11.11/host-hppa2.0w-hp-hpux11.11/fsf-mainline/bin/gcc version 4.2.0 20061014 (experimental)
=== libstdc++ tests ===
Running target unix
FAIL: 26_numerics/cmath/c99_classification_macros_c.cc (test for excess errors)
FAIL: abi/header_cxxabi.c (test for excess errors)
=== libstdc++ Summary ===
# of expected passes 3785
# of unexpected failures 2
# of expected failures 15
# of unsupported tests 332
Compiler version: 4.2.0 20061014 (experimental)
Platform: hppa2.0w-hp-hpux11.11
configure flags: --enable-languages=c,c++ --disable-nls --with-gnu-as --without-gnu-ld --prefix=/usr/local/tools/gcc-3.4.0
More information about the Gcc-testresults
mailing list