Results for 4.2.0 20060930 (experimental) testsuite on i686-pc-linux-gnu
Rask Ingemann Lambertsen
rask@x1-6-00-0f-9f-c6-3e-90.k75.webspeed.dk
Mon Oct 2 03:54:00 GMT 2006
Configured with: CC='gcc -O1 -march=pentium2 -fomit-frame-pointer' ../../cvssrc/clean-gcc/configure --enable-languages=c,c++,objc,obj-c++,fortran --with-arch=pentium2 --disable-nls --with-system-zlib
gcc version 4.1.0 20060304 (Red Hat 4.1.0-3)
Path: ../../cvssrc/clean-gcc
URL: svn://gcc.gnu.org/svn/gcc/trunk
Repository Root: svn://gcc.gnu.org/svn/gcc
Repository UUID: 138bc75d-0d04-0410-961f-82ee72b054a4
Revision: 117331
Node Kind: directory
Schedule: normal
Last Changed Author: ebotcazou
Last Changed Rev: 117331
Last Changed Date: 2006-09-30 15:31:29 +0200 (Sat, 30 Sep 2006)
Properties Last Updated: 2006-05-13 19:59:36 +0200 (Sat, 13 May 2006)
LAST_UPDATED:
Native configuration is i686-pc-linux-gnu
=== g++ tests ===
Running target unix
XPASS: g++.dg/tree-ssa/ivopts-1.C scan-tree-dump-not &x\\[5\\]
=== g++ Summary ===
# of expected passes 13182
# of unexpected successes 1
# of expected failures 67
# of unsupported tests 72
/mnt/sysfs/rask/cvsbuild/clean-gcc-i686/gcc/testsuite/g++/../../g++ version 4.2.0 20060930 (experimental)
=== gcc tests ===
Running target unix
FAIL: gcc.c-torture/execute/20050316-2.c execution, -O0
FAIL: gcc.c-torture/execute/20050316-2.c execution, -O1
FAIL: gcc.c-torture/execute/20050316-2.c execution, -O2
FAIL: gcc.c-torture/execute/20050604-1.c execution, -O0
FAIL: gcc.c-torture/execute/20050604-1.c execution, -O1
FAIL: gcc.c-torture/execute/20050604-1.c execution, -O2
FAIL: gcc.c-torture/execute/20050604-1.c execution, -O3 -fomit-frame-pointer
FAIL: gcc.c-torture/execute/20050604-1.c execution, -O3 -fomit-frame-pointer -funroll-loops
FAIL: gcc.c-torture/execute/20050604-1.c execution, -O3 -fomit-frame-pointer -funroll-all-loops -finline-functions
FAIL: gcc.c-torture/execute/20050604-1.c execution, -O3 -g
FAIL: gcc.c-torture/execute/20050604-1.c execution, -Os
FAIL: gcc.c-torture/execute/mayalias-2.c compilation, -O3 -g (internal compiler error)
UNRESOLVED: gcc.c-torture/execute/mayalias-2.c execution, -O3 -g
FAIL: gcc.dg/compat/vector-2 c_compat_x_tst.o-c_compat_y_tst.o execute
FAIL: gcc.dg/cpp/_Pragma3.c (test for excess errors)
FAIL: gcc.dg/debug/dwarf2/dwarf-file1.c scan-assembler File Entry:
FAIL: gcc.dg/builtin-apply4.c execution test
FAIL: gcc.target/i386/fastcall-sseregparm.c execution test
FAIL: gcc.target/i386/sse-17.c execution test
=== gcc Summary ===
# of expected passes 41356
# of unexpected failures 18
# of expected failures 112
# of unresolved testcases 1
# of untested testcases 28
# of unsupported tests 283
/mnt/sysfs/rask/cvsbuild/clean-gcc-i686/gcc/xgcc version 4.2.0 20060930 (experimental)
=== gfortran tests ===
Running target unix
XPASS: gfortran.dg/csqrt_2.f -O0 execution test
XPASS: gfortran.dg/csqrt_2.f -O1 execution test
XPASS: gfortran.dg/csqrt_2.f -O2 execution test
XPASS: gfortran.dg/csqrt_2.f -O3 -fomit-frame-pointer execution test
XPASS: gfortran.dg/csqrt_2.f -O3 -fomit-frame-pointer -funroll-loops execution test
XPASS: gfortran.dg/csqrt_2.f -O3 -fomit-frame-pointer -funroll-all-loops -finline-functions execution test
XPASS: gfortran.dg/csqrt_2.f -O3 -g execution test
XPASS: gfortran.dg/csqrt_2.f -Os execution test
FAIL: gfortran.dg/exponent_1.f90 -O0 execution test
FAIL: gfortran.dg/exponent_1.f90 -O1 execution test
FAIL: gfortran.dg/exponent_1.f90 -O2 execution test
FAIL: gfortran.dg/exponent_1.f90 -O3 -fomit-frame-pointer execution test
FAIL: gfortran.dg/exponent_1.f90 -O3 -fomit-frame-pointer -funroll-loops execution test
FAIL: gfortran.dg/exponent_1.f90 -O3 -fomit-frame-pointer -funroll-all-loops -finline-functions execution test
FAIL: gfortran.dg/exponent_1.f90 -O3 -g execution test
FAIL: gfortran.dg/exponent_1.f90 -Os execution test
FAIL: gfortran.dg/nearest_1.f90 -O0 execution test
FAIL: gfortran.dg/nearest_1.f90 -O1 execution test
FAIL: gfortran.dg/nearest_1.f90 -O2 execution test
FAIL: gfortran.dg/nearest_1.f90 -O3 -fomit-frame-pointer execution test
FAIL: gfortran.dg/nearest_1.f90 -O3 -fomit-frame-pointer -funroll-loops execution test
FAIL: gfortran.dg/nearest_1.f90 -O3 -fomit-frame-pointer -funroll-all-loops -finline-functions execution test
FAIL: gfortran.dg/nearest_1.f90 -O3 -g execution test
FAIL: gfortran.dg/nearest_1.f90 -Os execution test
FAIL: gfortran.dg/specifics_1.f90 -O0 (test for excess errors)
WARNING: gfortran.dg/specifics_1.f90 -O0 compilation failed to produce executable
FAIL: gfortran.dg/specifics_1.f90 -O1 (test for excess errors)
WARNING: gfortran.dg/specifics_1.f90 -O1 compilation failed to produce executable
FAIL: gfortran.dg/specifics_1.f90 -O2 (test for excess errors)
WARNING: gfortran.dg/specifics_1.f90 -O2 compilation failed to produce executable
FAIL: gfortran.dg/specifics_1.f90 -O3 -fomit-frame-pointer (test for excess errors)
WARNING: gfortran.dg/specifics_1.f90 -O3 -fomit-frame-pointer compilation failed to produce executable
FAIL: gfortran.dg/specifics_1.f90 -O3 -fomit-frame-pointer -funroll-loops (test for excess errors)
WARNING: gfortran.dg/specifics_1.f90 -O3 -fomit-frame-pointer -funroll-loops compilation failed to produce executable
FAIL: gfortran.dg/specifics_1.f90 -O3 -fomit-frame-pointer -funroll-all-loops -finline-functions (test for excess errors)
WARNING: gfortran.dg/specifics_1.f90 -O3 -fomit-frame-pointer -funroll-all-loops -finline-functions compilation failed to produce executable
FAIL: gfortran.dg/specifics_1.f90 -O3 -g (test for excess errors)
WARNING: gfortran.dg/specifics_1.f90 -O3 -g compilation failed to produce executable
FAIL: gfortran.dg/specifics_1.f90 -Os (test for excess errors)
WARNING: gfortran.dg/specifics_1.f90 -Os compilation failed to produce executable
=== gfortran Summary ===
# of expected passes 14261
# of unexpected failures 24
# of unexpected successes 8
# of expected failures 7
# of unsupported tests 16
/mnt/sysfs/rask/cvsbuild/clean-gcc-i686/gcc/testsuite/gfortran/../../gfortran version 4.2.0 20060930 (experimental)
=== obj-c++ tests ===
Running target unix
FAIL: obj-c++.dg/comp-types-10.mm (internal compiler error)
FAIL: obj-c++.dg/comp-types-10.mm (test for excess errors)
FAIL: obj-c++.dg/cxx-ivars-2.mm execution test
FAIL: obj-c++.dg/encode-8.mm execution test
FAIL: obj-c++.dg/isa-field-1.mm (test for excess errors)
FAIL: obj-c++.dg/lookup-2.mm (test for excess errors)
WARNING: obj-c++.dg/lookup-2.mm compilation failed to produce executable
FAIL: obj-c++.dg/try-catch-2.mm (test for excess errors)
WARNING: obj-c++.dg/try-catch-2.mm compilation failed to produce executable
FAIL: obj-c++.dg/try-catch-9.mm (internal compiler error)
FAIL: obj-c++.dg/try-catch-9.mm (test for excess errors)
WARNING: obj-c++.dg/try-catch-9.mm compilation failed to produce executable
=== obj-c++ Summary ===
# of expected passes 428
# of unexpected failures 9
# of unsupported tests 13
/mnt/sysfs/rask/cvsbuild/clean-gcc-i686/gcc/testsuite/obj-c++/../../g++ version 4.2.0 20060930 (experimental)
=== objc tests ===
Running target unix
=== objc Summary ===
# of expected passes 1760
# of expected failures 7
# of unsupported tests 24
/mnt/sysfs/rask/cvsbuild/clean-gcc-i686/gcc/xgcc version 4.2.0 20060930 (experimental)
=== libgomp tests ===
Running target unix
FAIL: libgomp.c/omp-loop03.c execution test
FAIL: libgomp.c++/loop-3.C -O execution test
=== libgomp Summary ===
# of expected passes 1526
# of unexpected failures 2
=== libmudflap tests ===
Running target unix
=== libmudflap Summary ===
# of expected passes 1814
=== libstdc++ tests ===
Running target unix
XPASS: 26_numerics/cmath/c99_classification_macros_c.cc (test for excess errors)
WARNING: program timed out.
FAIL: ext/pb_ds/regression/hash_data_map_rand.cc (test for excess errors)
WARNING: ext/pb_ds/regression/hash_data_map_rand.cc compilation failed to produce executable
WARNING: program timed out.
FAIL: ext/pb_ds/regression/hash_no_data_map_rand.cc (test for excess errors)
WARNING: ext/pb_ds/regression/hash_no_data_map_rand.cc compilation failed to produce executable
WARNING: program timed out.
FAIL: ext/pb_ds/regression/tree_data_map_rand.cc (test for excess errors)
WARNING: ext/pb_ds/regression/tree_data_map_rand.cc compilation failed to produce executable
WARNING: program timed out.
FAIL: ext/pb_ds/regression/tree_no_data_map_rand.cc (test for excess errors)
WARNING: ext/pb_ds/regression/tree_no_data_map_rand.cc compilation failed to produce executable
WARNING: program timed out.
FAIL: ext/pb_ds/regression/trie_data_map_rand.cc (test for excess errors)
WARNING: ext/pb_ds/regression/trie_data_map_rand.cc compilation failed to produce executable
WARNING: program timed out.
FAIL: ext/pb_ds/regression/trie_no_data_map_rand.cc (test for excess errors)
WARNING: ext/pb_ds/regression/trie_no_data_map_rand.cc compilation failed to produce executable
=== libstdc++ Summary ===
# of expected passes 4406
# of unexpected failures 6
# of unexpected successes 1
# of expected failures 15
# of unsupported tests 4
Compiler version: 4.2.0 20060930 (experimental)
Platform: i686-pc-linux-gnu
configure flags: --with-arch=pentium2 --disable-nls --with-system-zlib --enable-languages=c,c++,fortran,objc,obj-c++
More information about the Gcc-testresults
mailing list