Results for 4.1.1 20060517 (Red Hat 4.1.0-19) [redhat/gcc-4_1-branch revision 113913 clean] testsuite on i386-redhat-linux-gnu
H.J. Lu
hjl@gnu-67.sc.intel.com
Sat May 20 14:31:00 GMT 2006
LAST_UPDATED: Fri May 19 21:05:00 UTC 2006 (revision 113913)
=== acats tests ===
=== acats Summary ===
# of expected passes 2317
# of unexpected failures 0
Native configuration is i386-redhat-linux-gnu
=== gcc tests ===
Running target unix
FAIL: gcc.dg/ipa/ipa-1.c (test for excess errors)
FAIL: gcc.dg/ipa/ipa-2.c (test for excess errors)
FAIL: gcc.dg/ipa/ipa-3.c (test for excess errors)
FAIL: gcc.dg/ipa/ipa-4.c (test for excess errors)
FAIL: gcc.dg/ipa/ipa-5.c (test for excess errors)
FAIL: gcc.dg/tree-ssa/pr23294.c scan-tree-dump-times a \\* 5 3
FAIL: gcc.dg/tree-ssa/pr23294.c scan-tree-dump \\(a - b \\* 3\\) \\* 2
FAIL: gcc.dg/tree-ssa/pr23294.c scan-tree-dump \\(a \\* 3 - b\\) \\* 2
FAIL: gcc.dg/tree-ssa/vrp22.c scan-tree-dump-times link_error 0
=== gcc Summary ===
# of expected passes 38726
# of unexpected failures 9
# of expected failures 106
# of untested testcases 28
# of unsupported tests 244
/export/build/gnu/gcc-4.1-redhat/build-i386-redhat-linux/gcc/xgcc version 4.1.1 20060517 (Red Hat 4.1.0-19) [redhat/gcc-4_1-branch revision 113913 clean]
=== gfortran tests ===
Running target unix
=== gfortran Summary ===
# of expected passes 12815
# of expected failures 15
# of unsupported tests 24
/export/build/gnu/gcc-4.1-redhat/build-i386-redhat-linux/gcc/testsuite/gfortran/../../gfortran version 4.1.1 20060517 (Red Hat 4.1.0-19) [redhat/gcc-4_1-branch revision 113913 clean]
=== g++ tests ===
Running target unix
XPASS: g++.dg/tree-ssa/pr14814.C scan-tree-dump-times &this 0
=== g++ Summary ===
# of expected passes 12410
# of unexpected successes 1
# of expected failures 68
# of unsupported tests 66
/export/build/gnu/gcc-4.1-redhat/build-i386-redhat-linux/gcc/testsuite/g++/../../g++ version 4.1.1 20060517 (Red Hat 4.1.0-19) [redhat/gcc-4_1-branch revision 113913 clean]
=== objc tests ===
Running target unix
=== objc Summary ===
# of expected passes 1685
# of unsupported tests 23
/export/build/gnu/gcc-4.1-redhat/build-i386-redhat-linux/gcc/xgcc version 4.1.1 20060517 (Red Hat 4.1.0-19) [redhat/gcc-4_1-branch revision 113913 clean]
=== libffi tests ===
Running target unix
=== libffi Summary ===
# of expected passes 228
# of unsupported tests 2
=== libgomp tests ===
Running target unix
=== libgomp Summary ===
# of expected passes 1450
=== libjava tests ===
Running target unix
=== libjava Summary ===
# of expected passes 4053
# of expected failures 10
# of untested testcases 8
=== libmudflap tests ===
Running target unix
=== libmudflap Summary ===
# of expected passes 1799
=== libstdc++ tests ===
Running target unix
XPASS: 26_numerics/cmath/c99_classification_macros_c.cc (test for excess errors)
=== libstdc++ Summary ===
# of expected passes 1632
# of unexpected successes 1
# of expected failures 6
# of unsupported tests 4
Compiler version: 4.1.1 20060517 (Red Hat 4.1.0-19) [redhat/gcc-4_1-branch revision 113913 clean]
Platform: i386-redhat-linux-gnu
configure flags: i386-redhat-linux --enable-clocale=gnu --with-system-zlib --with-cpu=generic --with-demangler-in-ld --enable-shared --enable-threads=posix --enable-haifa --enable-checking=assert --prefix=/usr/gcc-4.1-redhat --with-local-prefix=/usr/local --enable-languages=c,ada,c++,fortran,java,objc
More information about the Gcc-testresults
mailing list