Results for 4.0.4 20060511 (prerelease) gcc testsuite on h8300-unknown-elf
mstein
mstein@phenix.rootshell.be
Sat May 13 05:01:00 GMT 2006
Ubuntu 5 on pentium3-smp
cross tool versions:
GNU assembler 2.16
GNU gdb 6.4
GNU ld version 2.16
GNU Make 3.80
expect version 5.42.1
host gcc version: gcc (GCC) 4.2.0 20060510 (experimental)
LAST_UPDATED: Thu May 11 23:27:54 UTC 2006 (revision 113715)
Target is h8300-unknown-elf
Host is i686-pc-linux-gnu
=== gcc tests ===
Running target h8300-sim
FAIL: gcc.c-torture/compile/20000804-1.c -O0 (test for excess errors)
FAIL: gcc.c-torture/compile/20001226-1.c -O3 -g (test for excess errors)
FAIL: gcc.c-torture/compile/20010327-1.c -O0 (test for excess errors)
FAIL: gcc.c-torture/compile/20010327-1.c -O1 (test for excess errors)
FAIL: gcc.c-torture/compile/20010327-1.c -O2 (test for excess errors)
FAIL: gcc.c-torture/compile/20010327-1.c -O3 -fomit-frame-pointer (test for excess errors)
FAIL: gcc.c-torture/compile/20010327-1.c -O3 -g (test for excess errors)
FAIL: gcc.c-torture/compile/20010327-1.c -Os (test for excess errors)
FAIL: gcc.c-torture/compile/20011119-1.c -O0 (test for excess errors)
FAIL: gcc.c-torture/compile/20011119-1.c -O1 (test for excess errors)
FAIL: gcc.c-torture/compile/20011119-1.c -O2 (test for excess errors)
FAIL: gcc.c-torture/compile/20011119-1.c -O3 -fomit-frame-pointer (test for excess errors)
FAIL: gcc.c-torture/compile/20011119-1.c -O3 -g (test for excess errors)
FAIL: gcc.c-torture/compile/20011119-1.c -Os (test for excess errors)
FAIL: gcc.c-torture/compile/20011119-2.c -O0 (test for excess errors)
FAIL: gcc.c-torture/compile/20011119-2.c -O1 (test for excess errors)
FAIL: gcc.c-torture/compile/20011119-2.c -O2 (test for excess errors)
FAIL: gcc.c-torture/compile/20011119-2.c -O3 -fomit-frame-pointer (test for excess errors)
FAIL: gcc.c-torture/compile/20011119-2.c -O3 -g (test for excess errors)
FAIL: gcc.c-torture/compile/20011119-2.c -Os (test for excess errors)
FAIL: gcc.c-torture/compile/20020604-1.c -O0 (test for excess errors)
FAIL: gcc.c-torture/compile/20020604-1.c -O1 (test for excess errors)
FAIL: gcc.c-torture/compile/20020604-1.c -O2 (test for excess errors)
FAIL: gcc.c-torture/compile/20020604-1.c -O3 -fomit-frame-pointer (test for excess errors)
FAIL: gcc.c-torture/compile/20020604-1.c -O3 -fomit-frame-pointer -funroll-loops (test for excess errors)
FAIL: gcc.c-torture/compile/20020604-1.c -O3 -fomit-frame-pointer -funroll-all-loops -finline-functions (test for excess errors)
FAIL: gcc.c-torture/compile/20020604-1.c -O3 -g (test for excess errors)
FAIL: gcc.c-torture/compile/20020604-1.c -Os (test for excess errors)
FAIL: gcc.c-torture/compile/980506-1.c -O0 (test for excess errors)
FAIL: gcc.c-torture/compile/980506-1.c -O1 (test for excess errors)
FAIL: gcc.c-torture/compile/980506-1.c -O2 (test for excess errors)
FAIL: gcc.c-torture/compile/980506-1.c -O3 -fomit-frame-pointer (test for excess errors)
FAIL: gcc.c-torture/compile/980506-1.c -O3 -fomit-frame-pointer -funroll-loops (test for excess errors)
FAIL: gcc.c-torture/compile/980506-1.c -O3 -fomit-frame-pointer -funroll-all-loops -finline-functions (test for excess errors)
FAIL: gcc.c-torture/compile/980506-1.c -O3 -g (test for excess errors)
FAIL: gcc.c-torture/compile/980506-1.c -Os (test for excess errors)
UNRESOLVED: gcc.c-torture/execute/20020720-1.c execution, -O1
UNRESOLVED: gcc.c-torture/execute/20020720-1.c execution, -O2
UNRESOLVED: gcc.c-torture/execute/20020720-1.c execution, -O3 -fomit-frame-pointer
UNRESOLVED: gcc.c-torture/execute/20020720-1.c execution, -O3 -g
UNRESOLVED: gcc.c-torture/execute/20020720-1.c execution, -Os
FAIL: gcc.c-torture/execute/20040629-1.c compilation, -O0
UNRESOLVED: gcc.c-torture/execute/20040629-1.c execution, -O0
FAIL: gcc.c-torture/execute/20040629-1.c compilation, -O1
UNRESOLVED: gcc.c-torture/execute/20040629-1.c execution, -O1
FAIL: gcc.c-torture/execute/20040629-1.c compilation, -O2
UNRESOLVED: gcc.c-torture/execute/20040629-1.c execution, -O2
FAIL: gcc.c-torture/execute/20040629-1.c compilation, -O3 -fomit-frame-pointer
UNRESOLVED: gcc.c-torture/execute/20040629-1.c execution, -O3 -fomit-frame-pointer
FAIL: gcc.c-torture/execute/20040629-1.c compilation, -O3 -g
UNRESOLVED: gcc.c-torture/execute/20040629-1.c execution, -O3 -g
FAIL: gcc.c-torture/execute/20040629-1.c compilation, -Os
UNRESOLVED: gcc.c-torture/execute/20040629-1.c execution, -Os
FAIL: gcc.c-torture/execute/20040703-1.c execution, -O0
FAIL: gcc.c-torture/execute/20040703-1.c execution, -O1
FAIL: gcc.c-torture/execute/20040703-1.c execution, -O2
FAIL: gcc.c-torture/execute/20040703-1.c execution, -O3 -fomit-frame-pointer
FAIL: gcc.c-torture/execute/20040703-1.c execution, -O3 -g
FAIL: gcc.c-torture/execute/20040703-1.c execution, -Os
FAIL: gcc.c-torture/execute/20040705-1.c compilation, -O0
UNRESOLVED: gcc.c-torture/execute/20040705-1.c execution, -O0
FAIL: gcc.c-torture/execute/20040705-1.c compilation, -O1
UNRESOLVED: gcc.c-torture/execute/20040705-1.c execution, -O1
FAIL: gcc.c-torture/execute/20040705-1.c compilation, -O2
UNRESOLVED: gcc.c-torture/execute/20040705-1.c execution, -O2
FAIL: gcc.c-torture/execute/20040705-1.c compilation, -O3 -fomit-frame-pointer
UNRESOLVED: gcc.c-torture/execute/20040705-1.c execution, -O3 -fomit-frame-pointer
FAIL: gcc.c-torture/execute/20040705-1.c compilation, -O3 -g
UNRESOLVED: gcc.c-torture/execute/20040705-1.c execution, -O3 -g
FAIL: gcc.c-torture/execute/20040705-1.c compilation, -Os
UNRESOLVED: gcc.c-torture/execute/20040705-1.c execution, -Os
FAIL: gcc.c-torture/execute/20040705-2.c compilation, -O0
UNRESOLVED: gcc.c-torture/execute/20040705-2.c execution, -O0
FAIL: gcc.c-torture/execute/20040705-2.c compilation, -O1
UNRESOLVED: gcc.c-torture/execute/20040705-2.c execution, -O1
FAIL: gcc.c-torture/execute/20040705-2.c compilation, -O2
UNRESOLVED: gcc.c-torture/execute/20040705-2.c execution, -O2
FAIL: gcc.c-torture/execute/20040705-2.c compilation, -O3 -fomit-frame-pointer
UNRESOLVED: gcc.c-torture/execute/20040705-2.c execution, -O3 -fomit-frame-pointer
FAIL: gcc.c-torture/execute/20040705-2.c compilation, -O3 -g
UNRESOLVED: gcc.c-torture/execute/20040705-2.c execution, -O3 -g
FAIL: gcc.c-torture/execute/20040705-2.c compilation, -Os
UNRESOLVED: gcc.c-torture/execute/20040705-2.c execution, -Os
WARNING: program timed out.
FAIL: gcc.c-torture/execute/20040811-1.c execution, -O0
WARNING: program timed out.
FAIL: gcc.c-torture/execute/20040811-1.c execution, -O1
WARNING: program timed out.
FAIL: gcc.c-torture/execute/20040811-1.c execution, -O2
FAIL: gcc.c-torture/execute/20040811-1.c execution, -O3 -fomit-frame-pointer
WARNING: program timed out.
FAIL: gcc.c-torture/execute/20040811-1.c execution, -O3 -g
WARNING: program timed out.
FAIL: gcc.c-torture/execute/20040811-1.c execution, -Os
FAIL: gcc.c-torture/execute/20050316-1.c compilation, -O0
UNRESOLVED: gcc.c-torture/execute/20050316-1.c execution, -O0
FAIL: gcc.c-torture/execute/20050316-1.c compilation, -O1
UNRESOLVED: gcc.c-torture/execute/20050316-1.c execution, -O1
FAIL: gcc.c-torture/execute/20050316-1.c compilation, -O2
UNRESOLVED: gcc.c-torture/execute/20050316-1.c execution, -O2
FAIL: gcc.c-torture/execute/20050316-1.c compilation, -O3 -fomit-frame-pointer
UNRESOLVED: gcc.c-torture/execute/20050316-1.c execution, -O3 -fomit-frame-pointer
FAIL: gcc.c-torture/execute/20050316-1.c compilation, -O3 -g
UNRESOLVED: gcc.c-torture/execute/20050316-1.c execution, -O3 -g
FAIL: gcc.c-torture/execute/20050316-1.c compilation, -Os
UNRESOLVED: gcc.c-torture/execute/20050316-1.c execution, -Os
FAIL: gcc.c-torture/execute/ashldi-1.c compilation, -O0
UNRESOLVED: gcc.c-torture/execute/ashldi-1.c execution, -O0
FAIL: gcc.c-torture/execute/ashldi-1.c compilation, -O3 -g
UNRESOLVED: gcc.c-torture/execute/ashldi-1.c execution, -O3 -g
FAIL: gcc.c-torture/execute/bitfld-4.c compilation, -O0
UNRESOLVED: gcc.c-torture/execute/bitfld-4.c execution, -O0
FAIL: gcc.c-torture/execute/bitfld-4.c compilation, -O1
UNRESOLVED: gcc.c-torture/execute/bitfld-4.c execution, -O1
FAIL: gcc.c-torture/execute/bitfld-4.c compilation, -O2
UNRESOLVED: gcc.c-torture/execute/bitfld-4.c execution, -O2
FAIL: gcc.c-torture/execute/bitfld-4.c compilation, -O3 -fomit-frame-pointer
UNRESOLVED: gcc.c-torture/execute/bitfld-4.c execution, -O3 -fomit-frame-pointer
FAIL: gcc.c-torture/execute/bitfld-4.c compilation, -O3 -g
UNRESOLVED: gcc.c-torture/execute/bitfld-4.c execution, -O3 -g
FAIL: gcc.c-torture/execute/bitfld-4.c compilation, -Os
UNRESOLVED: gcc.c-torture/execute/bitfld-4.c execution, -Os
FAIL: gcc.c-torture/execute/nestfunc-3.c compilation, -O3 -g
UNRESOLVED: gcc.c-torture/execute/nestfunc-3.c execution, -O3 -g
FAIL: gcc.c-torture/execute/pr19689.c compilation, -O0
UNRESOLVED: gcc.c-torture/execute/pr19689.c execution, -O0
FAIL: gcc.c-torture/execute/pr19689.c compilation, -O1
UNRESOLVED: gcc.c-torture/execute/pr19689.c execution, -O1
FAIL: gcc.c-torture/execute/pr19689.c compilation, -O2
UNRESOLVED: gcc.c-torture/execute/pr19689.c execution, -O2
FAIL: gcc.c-torture/execute/pr19689.c compilation, -O3 -fomit-frame-pointer
UNRESOLVED: gcc.c-torture/execute/pr19689.c execution, -O3 -fomit-frame-pointer
FAIL: gcc.c-torture/execute/pr19689.c compilation, -O3 -g
UNRESOLVED: gcc.c-torture/execute/pr19689.c execution, -O3 -g
FAIL: gcc.c-torture/execute/pr19689.c compilation, -Os
UNRESOLVED: gcc.c-torture/execute/pr19689.c execution, -Os
FAIL: gcc.c-torture/execute/pr7284-1.c execution, -O0
FAIL: gcc.c-torture/execute/pr7284-1.c execution, -O1
FAIL: gcc.c-torture/execute/pr7284-1.c execution, -O2
FAIL: gcc.c-torture/execute/pr7284-1.c execution, -O3 -fomit-frame-pointer
FAIL: gcc.c-torture/execute/pr7284-1.c execution, -O3 -g
FAIL: gcc.c-torture/execute/pr7284-1.c execution, -Os
FAIL: gcc.c-torture/execute/simd-1.c execution, -O0
FAIL: gcc.c-torture/execute/simd-1.c execution, -O1
FAIL: gcc.c-torture/execute/simd-1.c execution, -O2
FAIL: gcc.c-torture/execute/simd-1.c execution, -O3 -fomit-frame-pointer
FAIL: gcc.c-torture/execute/simd-1.c execution, -O3 -g
FAIL: gcc.c-torture/execute/simd-1.c execution, -Os
FAIL: gcc.c-torture/execute/ieee/unsafe-fp-assoc-1.c execution, -O0
FAIL: gcc.c-torture/execute/ieee/unsafe-fp-assoc-1.c execution, -O1
FAIL: gcc.c-torture/execute/ieee/unsafe-fp-assoc-1.c execution, -O2
FAIL: gcc.c-torture/execute/ieee/unsafe-fp-assoc-1.c execution, -O3 -fomit-frame-pointer
FAIL: gcc.c-torture/execute/ieee/unsafe-fp-assoc-1.c execution, -O3 -g
FAIL: gcc.c-torture/execute/ieee/unsafe-fp-assoc-1.c execution, -Os
FAIL: gcc.c-torture/unsorted/a3.c, -O1
FAIL: gcc.c-torture/unsorted/a3.c, -O2
FAIL: gcc.c-torture/unsorted/a3.c, -O3 -fomit-frame-pointer
FAIL: gcc.c-torture/unsorted/a3.c, -O3 -fomit-frame-pointer -funroll-loops
FAIL: gcc.c-torture/unsorted/a3.c, -O3 -fomit-frame-pointer -funroll-all-loops -finline-functions
FAIL: gcc.c-torture/unsorted/a3.c, -O3 -g
FAIL: gcc.c-torture/unsorted/a3.c, -Os
FAIL: gcc.dg/compat/scalar-by-value-1 c_compat_x_tst.o-c_compat_y_tst.o execute
FAIL: gcc.dg/compat/scalar-by-value-3 c_compat_x_tst.o-c_compat_y_tst.o execute
FAIL: gcc.dg/compat/struct-by-value-10 c_compat_x_tst.o-c_compat_y_tst.o execute
FAIL: gcc.dg/compat/struct-by-value-11 c_compat_x_tst.o-c_compat_y_tst.o execute
FAIL: gcc.dg/compat/struct-by-value-12 c_compat_x_tst.o-c_compat_y_tst.o execute
FAIL: gcc.dg/compat/struct-by-value-13 c_compat_x_tst.o-c_compat_y_tst.o execute
FAIL: gcc.dg/compat/struct-by-value-14 c_compat_x_tst.o-c_compat_y_tst.o execute
FAIL: gcc.dg/compat/struct-by-value-15 c_compat_x_tst.o-c_compat_y_tst.o execute
FAIL: gcc.dg/compat/struct-by-value-16 c_compat_x_tst.o-c_compat_y_tst.o execute
FAIL: gcc.dg/compat/struct-by-value-17 c_compat_x_tst.o-c_compat_y_tst.o execute
FAIL: gcc.dg/compat/struct-by-value-18 c_compat_x_tst.o-c_compat_y_tst.o execute
FAIL: gcc.dg/compat/struct-by-value-19 c_compat_x_tst.o-c_compat_y_tst.o execute
FAIL: gcc.dg/compat/struct-by-value-1 c_compat_x_tst.o-c_compat_y_tst.o execute
FAIL: gcc.dg/compat/struct-by-value-22 c_compat_x_tst.o-c_compat_y_tst.o execute
FAIL: gcc.dg/compat/struct-by-value-2 c_compat_x_tst.o-c_compat_y_tst.o execute
FAIL: gcc.dg/compat/struct-by-value-3 c_compat_x_tst.o-c_compat_y_tst.o execute
FAIL: gcc.dg/compat/struct-by-value-4 c_compat_x_tst.o-c_compat_y_tst.o execute
FAIL: gcc.dg/compat/struct-by-value-5a c_compat_x_tst.o-c_compat_y_tst.o execute
FAIL: gcc.dg/compat/struct-by-value-5b c_compat_x_tst.o-c_compat_y_tst.o execute
FAIL: gcc.dg/compat/struct-by-value-6a c_compat_x_tst.o-c_compat_y_tst.o execute
FAIL: gcc.dg/compat/struct-by-value-6b c_compat_x_tst.o-c_compat_y_tst.o execute
FAIL: gcc.dg/compat/struct-by-value-7a c_compat_x_tst.o-c_compat_y_tst.o execute
FAIL: gcc.dg/compat/struct-by-value-7b c_compat_x_tst.o-c_compat_y_tst.o execute
FAIL: gcc.dg/compat/struct-by-value-8 c_compat_x_tst.o-c_compat_y_tst.o execute
FAIL: gcc.dg/compat/struct-by-value-9 c_compat_x_tst.o-c_compat_y_tst.o execute
FAIL: gcc.dg/compat/struct-layout-1 c_compat_main_tst.o compile
FAIL: gcc.dg/compat/struct-layout-1 c_compat_x_tst.o compile
FAIL: gcc.dg/compat/struct-layout-1 c_compat_y_tst.o compile
UNRESOLVED: gcc.dg/compat/struct-layout-1 c_compat_x_tst.o-c_compat_y_tst.o link
UNRESOLVED: gcc.dg/compat/struct-layout-1 c_compat_x_tst.o-c_compat_y_tst.o execute
FAIL: gcc.dg/compat/struct-return-2 c_compat_x_tst.o-c_compat_y_tst.o execute
FAIL: gcc.dg/compat/vector-1 c_compat_x_tst.o compile
FAIL: gcc.dg/compat/vector-1 c_compat_y_tst.o compile
UNRESOLVED: gcc.dg/compat/vector-1 c_compat_x_tst.o-c_compat_y_tst.o link
UNRESOLVED: gcc.dg/compat/vector-1 c_compat_x_tst.o-c_compat_y_tst.o execute
FAIL: gcc.dg/compat/vector-2 c_compat_x_tst.o compile
FAIL: gcc.dg/compat/vector-2 c_compat_y_tst.o compile
UNRESOLVED: gcc.dg/compat/vector-2 c_compat_x_tst.o-c_compat_y_tst.o link
UNRESOLVED: gcc.dg/compat/vector-2 c_compat_x_tst.o-c_compat_y_tst.o execute
FAIL: tmpdir-gcc.dg-struct-layout-1/t001 c_compat_main_tst.o compile
FAIL: tmpdir-gcc.dg-struct-layout-1/t001 c_compat_x_tst.o compile
FAIL: tmpdir-gcc.dg-struct-layout-1/t001 c_compat_y_tst.o compile
UNRESOLVED: tmpdir-gcc.dg-struct-layout-1/t001 c_compat_x_tst.o-c_compat_y_tst.o link
UNRESOLVED: tmpdir-gcc.dg-struct-layout-1/t001 c_compat_x_tst.o-c_compat_y_tst.o execute
FAIL: tmpdir-gcc.dg-struct-layout-1/t002 c_compat_main_tst.o compile
FAIL: tmpdir-gcc.dg-struct-layout-1/t002 c_compat_x_tst.o compile
FAIL: tmpdir-gcc.dg-struct-layout-1/t002 c_compat_y_tst.o compile
UNRESOLVED: tmpdir-gcc.dg-struct-layout-1/t002 c_compat_x_tst.o-c_compat_y_tst.o link
UNRESOLVED: tmpdir-gcc.dg-struct-layout-1/t002 c_compat_x_tst.o-c_compat_y_tst.o execute
FAIL: tmpdir-gcc.dg-struct-layout-1/t003 c_compat_main_tst.o compile
FAIL: tmpdir-gcc.dg-struct-layout-1/t003 c_compat_x_tst.o compile
FAIL: tmpdir-gcc.dg-struct-layout-1/t003 c_compat_y_tst.o compile
UNRESOLVED: tmpdir-gcc.dg-struct-layout-1/t003 c_compat_x_tst.o-c_compat_y_tst.o link
UNRESOLVED: tmpdir-gcc.dg-struct-layout-1/t003 c_compat_x_tst.o-c_compat_y_tst.o execute
FAIL: tmpdir-gcc.dg-struct-layout-1/t004 c_compat_main_tst.o compile
FAIL: tmpdir-gcc.dg-struct-layout-1/t004 c_compat_x_tst.o compile
FAIL: tmpdir-gcc.dg-struct-layout-1/t004 c_compat_y_tst.o compile
UNRESOLVED: tmpdir-gcc.dg-struct-layout-1/t004 c_compat_x_tst.o-c_compat_y_tst.o link
UNRESOLVED: tmpdir-gcc.dg-struct-layout-1/t004 c_compat_x_tst.o-c_compat_y_tst.o execute
FAIL: tmpdir-gcc.dg-struct-layout-1/t005 c_compat_main_tst.o compile
FAIL: tmpdir-gcc.dg-struct-layout-1/t005 c_compat_x_tst.o compile
FAIL: tmpdir-gcc.dg-struct-layout-1/t005 c_compat_y_tst.o compile
UNRESOLVED: tmpdir-gcc.dg-struct-layout-1/t005 c_compat_x_tst.o-c_compat_y_tst.o link
UNRESOLVED: tmpdir-gcc.dg-struct-layout-1/t005 c_compat_x_tst.o-c_compat_y_tst.o execute
FAIL: tmpdir-gcc.dg-struct-layout-1/t006 c_compat_main_tst.o compile
FAIL: tmpdir-gcc.dg-struct-layout-1/t006 c_compat_x_tst.o compile
FAIL: tmpdir-gcc.dg-struct-layout-1/t006 c_compat_y_tst.o compile
UNRESOLVED: tmpdir-gcc.dg-struct-layout-1/t006 c_compat_x_tst.o-c_compat_y_tst.o link
UNRESOLVED: tmpdir-gcc.dg-struct-layout-1/t006 c_compat_x_tst.o-c_compat_y_tst.o execute
FAIL: tmpdir-gcc.dg-struct-layout-1/t007 c_compat_main_tst.o compile
FAIL: tmpdir-gcc.dg-struct-layout-1/t007 c_compat_x_tst.o compile
FAIL: tmpdir-gcc.dg-struct-layout-1/t007 c_compat_y_tst.o compile
UNRESOLVED: tmpdir-gcc.dg-struct-layout-1/t007 c_compat_x_tst.o-c_compat_y_tst.o link
UNRESOLVED: tmpdir-gcc.dg-struct-layout-1/t007 c_compat_x_tst.o-c_compat_y_tst.o execute
FAIL: tmpdir-gcc.dg-struct-layout-1/t008 c_compat_main_tst.o compile
FAIL: tmpdir-gcc.dg-struct-layout-1/t008 c_compat_x_tst.o compile
FAIL: tmpdir-gcc.dg-struct-layout-1/t008 c_compat_y_tst.o compile
UNRESOLVED: tmpdir-gcc.dg-struct-layout-1/t008 c_compat_x_tst.o-c_compat_y_tst.o link
UNRESOLVED: tmpdir-gcc.dg-struct-layout-1/t008 c_compat_x_tst.o-c_compat_y_tst.o execute
FAIL: tmpdir-gcc.dg-struct-layout-1/t009 c_compat_main_tst.o compile
FAIL: tmpdir-gcc.dg-struct-layout-1/t009 c_compat_x_tst.o compile
FAIL: tmpdir-gcc.dg-struct-layout-1/t009 c_compat_y_tst.o compile
UNRESOLVED: tmpdir-gcc.dg-struct-layout-1/t009 c_compat_x_tst.o-c_compat_y_tst.o link
UNRESOLVED: tmpdir-gcc.dg-struct-layout-1/t009 c_compat_x_tst.o-c_compat_y_tst.o execute
FAIL: tmpdir-gcc.dg-struct-layout-1/t010 c_compat_main_tst.o compile
FAIL: tmpdir-gcc.dg-struct-layout-1/t010 c_compat_x_tst.o compile
FAIL: tmpdir-gcc.dg-struct-layout-1/t010 c_compat_y_tst.o compile
UNRESOLVED: tmpdir-gcc.dg-struct-layout-1/t010 c_compat_x_tst.o-c_compat_y_tst.o link
UNRESOLVED: tmpdir-gcc.dg-struct-layout-1/t010 c_compat_x_tst.o-c_compat_y_tst.o execute
FAIL: tmpdir-gcc.dg-struct-layout-1/t011 c_compat_main_tst.o compile
FAIL: tmpdir-gcc.dg-struct-layout-1/t011 c_compat_x_tst.o compile
FAIL: tmpdir-gcc.dg-struct-layout-1/t011 c_compat_y_tst.o compile
UNRESOLVED: tmpdir-gcc.dg-struct-layout-1/t011 c_compat_x_tst.o-c_compat_y_tst.o link
UNRESOLVED: tmpdir-gcc.dg-struct-layout-1/t011 c_compat_x_tst.o-c_compat_y_tst.o execute
FAIL: tmpdir-gcc.dg-struct-layout-1/t012 c_compat_main_tst.o compile
FAIL: tmpdir-gcc.dg-struct-layout-1/t012 c_compat_x_tst.o compile
FAIL: tmpdir-gcc.dg-struct-layout-1/t012 c_compat_y_tst.o compile
UNRESOLVED: tmpdir-gcc.dg-struct-layout-1/t012 c_compat_x_tst.o-c_compat_y_tst.o link
UNRESOLVED: tmpdir-gcc.dg-struct-layout-1/t012 c_compat_x_tst.o-c_compat_y_tst.o execute
FAIL: tmpdir-gcc.dg-struct-layout-1/t013 c_compat_main_tst.o compile
FAIL: tmpdir-gcc.dg-struct-layout-1/t013 c_compat_x_tst.o compile
FAIL: tmpdir-gcc.dg-struct-layout-1/t013 c_compat_y_tst.o compile
UNRESOLVED: tmpdir-gcc.dg-struct-layout-1/t013 c_compat_x_tst.o-c_compat_y_tst.o link
UNRESOLVED: tmpdir-gcc.dg-struct-layout-1/t013 c_compat_x_tst.o-c_compat_y_tst.o execute
FAIL: tmpdir-gcc.dg-struct-layout-1/t014 c_compat_main_tst.o compile
FAIL: tmpdir-gcc.dg-struct-layout-1/t014 c_compat_x_tst.o compile
FAIL: tmpdir-gcc.dg-struct-layout-1/t014 c_compat_y_tst.o compile
UNRESOLVED: tmpdir-gcc.dg-struct-layout-1/t014 c_compat_x_tst.o-c_compat_y_tst.o link
UNRESOLVED: tmpdir-gcc.dg-struct-layout-1/t014 c_compat_x_tst.o-c_compat_y_tst.o execute
FAIL: tmpdir-gcc.dg-struct-layout-1/t015 c_compat_main_tst.o compile
FAIL: tmpdir-gcc.dg-struct-layout-1/t015 c_compat_x_tst.o compile
FAIL: tmpdir-gcc.dg-struct-layout-1/t015 c_compat_y_tst.o compile
UNRESOLVED: tmpdir-gcc.dg-struct-layout-1/t015 c_compat_x_tst.o-c_compat_y_tst.o link
UNRESOLVED: tmpdir-gcc.dg-struct-layout-1/t015 c_compat_x_tst.o-c_compat_y_tst.o execute
FAIL: tmpdir-gcc.dg-struct-layout-1/t016 c_compat_main_tst.o compile
FAIL: tmpdir-gcc.dg-struct-layout-1/t016 c_compat_x_tst.o compile
FAIL: tmpdir-gcc.dg-struct-layout-1/t016 c_compat_y_tst.o compile
UNRESOLVED: tmpdir-gcc.dg-struct-layout-1/t016 c_compat_x_tst.o-c_compat_y_tst.o link
UNRESOLVED: tmpdir-gcc.dg-struct-layout-1/t016 c_compat_x_tst.o-c_compat_y_tst.o execute
FAIL: tmpdir-gcc.dg-struct-layout-1/t017 c_compat_main_tst.o compile
FAIL: tmpdir-gcc.dg-struct-layout-1/t017 c_compat_x_tst.o compile
FAIL: tmpdir-gcc.dg-struct-layout-1/t017 c_compat_y_tst.o compile
UNRESOLVED: tmpdir-gcc.dg-struct-layout-1/t017 c_compat_x_tst.o-c_compat_y_tst.o link
UNRESOLVED: tmpdir-gcc.dg-struct-layout-1/t017 c_compat_x_tst.o-c_compat_y_tst.o execute
FAIL: tmpdir-gcc.dg-struct-layout-1/t018 c_compat_main_tst.o compile
FAIL: tmpdir-gcc.dg-struct-layout-1/t018 c_compat_x_tst.o compile
FAIL: tmpdir-gcc.dg-struct-layout-1/t018 c_compat_y_tst.o compile
UNRESOLVED: tmpdir-gcc.dg-struct-layout-1/t018 c_compat_x_tst.o-c_compat_y_tst.o link
UNRESOLVED: tmpdir-gcc.dg-struct-layout-1/t018 c_compat_x_tst.o-c_compat_y_tst.o execute
FAIL: tmpdir-gcc.dg-struct-layout-1/t019 c_compat_main_tst.o compile
FAIL: tmpdir-gcc.dg-struct-layout-1/t019 c_compat_x_tst.o compile
FAIL: tmpdir-gcc.dg-struct-layout-1/t019 c_compat_y_tst.o compile
UNRESOLVED: tmpdir-gcc.dg-struct-layout-1/t019 c_compat_x_tst.o-c_compat_y_tst.o link
UNRESOLVED: tmpdir-gcc.dg-struct-layout-1/t019 c_compat_x_tst.o-c_compat_y_tst.o execute
FAIL: tmpdir-gcc.dg-struct-layout-1/t020 c_compat_main_tst.o compile
FAIL: tmpdir-gcc.dg-struct-layout-1/t020 c_compat_x_tst.o compile
FAIL: tmpdir-gcc.dg-struct-layout-1/t020 c_compat_y_tst.o compile
UNRESOLVED: tmpdir-gcc.dg-struct-layout-1/t020 c_compat_x_tst.o-c_compat_y_tst.o link
UNRESOLVED: tmpdir-gcc.dg-struct-layout-1/t020 c_compat_x_tst.o-c_compat_y_tst.o execute
FAIL: tmpdir-gcc.dg-struct-layout-1/t021 c_compat_main_tst.o compile
FAIL: tmpdir-gcc.dg-struct-layout-1/t021 c_compat_x_tst.o compile
FAIL: tmpdir-gcc.dg-struct-layout-1/t021 c_compat_y_tst.o compile
UNRESOLVED: tmpdir-gcc.dg-struct-layout-1/t021 c_compat_x_tst.o-c_compat_y_tst.o link
UNRESOLVED: tmpdir-gcc.dg-struct-layout-1/t021 c_compat_x_tst.o-c_compat_y_tst.o execute
FAIL: tmpdir-gcc.dg-struct-layout-1/t022 c_compat_main_tst.o compile
FAIL: tmpdir-gcc.dg-struct-layout-1/t022 c_compat_x_tst.o compile
FAIL: tmpdir-gcc.dg-struct-layout-1/t022 c_compat_y_tst.o compile
UNRESOLVED: tmpdir-gcc.dg-struct-layout-1/t022 c_compat_x_tst.o-c_compat_y_tst.o link
UNRESOLVED: tmpdir-gcc.dg-struct-layout-1/t022 c_compat_x_tst.o-c_compat_y_tst.o execute
FAIL: tmpdir-gcc.dg-struct-layout-1/t023 c_compat_main_tst.o compile
FAIL: tmpdir-gcc.dg-struct-layout-1/t023 c_compat_x_tst.o compile
FAIL: tmpdir-gcc.dg-struct-layout-1/t023 c_compat_y_tst.o compile
UNRESOLVED: tmpdir-gcc.dg-struct-layout-1/t023 c_compat_x_tst.o-c_compat_y_tst.o link
UNRESOLVED: tmpdir-gcc.dg-struct-layout-1/t023 c_compat_x_tst.o-c_compat_y_tst.o execute
FAIL: tmpdir-gcc.dg-struct-layout-1/t024 c_compat_main_tst.o compile
FAIL: tmpdir-gcc.dg-struct-layout-1/t024 c_compat_x_tst.o compile
FAIL: tmpdir-gcc.dg-struct-layout-1/t024 c_compat_y_tst.o compile
UNRESOLVED: tmpdir-gcc.dg-struct-layout-1/t024 c_compat_x_tst.o-c_compat_y_tst.o link
UNRESOLVED: tmpdir-gcc.dg-struct-layout-1/t024 c_compat_x_tst.o-c_compat_y_tst.o execute
FAIL: tmpdir-gcc.dg-struct-layout-1/t025 c_compat_main_tst.o compile
FAIL: tmpdir-gcc.dg-struct-layout-1/t025 c_compat_x_tst.o compile
FAIL: tmpdir-gcc.dg-struct-layout-1/t025 c_compat_y_tst.o compile
UNRESOLVED: tmpdir-gcc.dg-struct-layout-1/t025 c_compat_x_tst.o-c_compat_y_tst.o link
UNRESOLVED: tmpdir-gcc.dg-struct-layout-1/t025 c_compat_x_tst.o-c_compat_y_tst.o execute
FAIL: tmpdir-gcc.dg-struct-layout-1/t026 c_compat_main_tst.o compile
FAIL: tmpdir-gcc.dg-struct-layout-1/t026 c_compat_x_tst.o compile
FAIL: tmpdir-gcc.dg-struct-layout-1/t026 c_compat_y_tst.o compile
UNRESOLVED: tmpdir-gcc.dg-struct-layout-1/t026 c_compat_x_tst.o-c_compat_y_tst.o link
UNRESOLVED: tmpdir-gcc.dg-struct-layout-1/t026 c_compat_x_tst.o-c_compat_y_tst.o execute
FAIL: tmpdir-gcc.dg-struct-layout-1/t027 c_compat_main_tst.o compile
FAIL: tmpdir-gcc.dg-struct-layout-1/t027 c_compat_x_tst.o compile
FAIL: tmpdir-gcc.dg-struct-layout-1/t027 c_compat_y_tst.o compile
UNRESOLVED: tmpdir-gcc.dg-struct-layout-1/t027 c_compat_x_tst.o-c_compat_y_tst.o link
UNRESOLVED: tmpdir-gcc.dg-struct-layout-1/t027 c_compat_x_tst.o-c_compat_y_tst.o execute
FAIL: tmpdir-gcc.dg-struct-layout-1/t028 c_compat_main_tst.o compile
FAIL: tmpdir-gcc.dg-struct-layout-1/t028 c_compat_x_tst.o compile
FAIL: tmpdir-gcc.dg-struct-layout-1/t028 c_compat_y_tst.o compile
UNRESOLVED: tmpdir-gcc.dg-struct-layout-1/t028 c_compat_x_tst.o-c_compat_y_tst.o link
UNRESOLVED: tmpdir-gcc.dg-struct-layout-1/t028 c_compat_x_tst.o-c_compat_y_tst.o execute
FAIL: gcc.dg/cpp/assert4.c (test for excess errors)
FAIL: gcc.dg/20050321-1.c (test for excess errors)
FAIL: gcc.dg/20050321-2.c (test for excess errors)
FAIL: gcc.dg/alias-7.c (test for excess errors)
WARNING: gcc.dg/alias-7.c compilation failed to produce executable
FAIL: gcc.dg/asm-1.c casts make rvalues (test for errors, line 10)
FAIL: gcc.dg/attr-warn-unused-result.c (test for excess errors)
FAIL: gcc.dg/builtin-apply2.c execution test
FAIL: gcc.dg/fold-cond-1.c scan-tree-dump-times \\(g \\| h\\) != 0 1
FAIL: gcc.dg/ftrapv-1.c (test for excess errors)
WARNING: gcc.dg/ftrapv-1.c compilation failed to produce executable
FAIL: gcc.dg/ftrapv-2.c (test for excess errors)
WARNING: gcc.dg/ftrapv-2.c compilation failed to produce executable
FAIL: gcc.dg/init-string-2.c (test for excess errors)
FAIL: gcc.dg/large-size-array-2.c (test for excess errors)
FAIL: gcc.dg/max-1.c (test for excess errors)
FAIL: gcc.dg/pr17112-1.c (test for excess errors)
WARNING: gcc.dg/pr17112-1.c compilation failed to produce executable
FAIL: gcc.dg/pr18241-1.c (test for excess errors)
FAIL: gcc.dg/pr18241-2.c (test for excess errors)
FAIL: gcc.dg/pr19340.c (test for excess errors)
FAIL: gcc.dg/pr19402-2.c execution test
FAIL: gcc.dg/wtr-conversion-1.c (test for excess errors)
FAIL: gcc.dg/format/bitfld-1.c (test for excess errors)
FAIL: gcc.dg/format/bitfld-1.c -DWIDE (test for excess errors)
FAIL: gcc.dg/pch/struct-1.c -O0 -g (test for excess errors)
FAIL: gcc.dg/pch/struct-1.c -O0 -g (test for excess errors)
FAIL: gcc.dg/pch/struct-1.c -O0 (test for excess errors)
FAIL: gcc.dg/pch/struct-1.c -O0 (test for excess errors)
FAIL: gcc.dg/pch/struct-1.c -O1 (test for excess errors)
FAIL: gcc.dg/pch/struct-1.c -O1 (test for excess errors)
FAIL: gcc.dg/pch/struct-1.c -O2 (test for excess errors)
FAIL: gcc.dg/pch/struct-1.c -O2 (test for excess errors)
FAIL: gcc.dg/pch/struct-1.c -O3 -fomit-frame-pointer (test for excess errors)
FAIL: gcc.dg/pch/struct-1.c -O3 -fomit-frame-pointer (test for excess errors)
FAIL: gcc.dg/pch/struct-1.c -O3 -g (test for excess errors)
FAIL: gcc.dg/pch/struct-1.c -O3 -g (test for excess errors)
FAIL: gcc.dg/pch/struct-1.c -Os (test for excess errors)
FAIL: gcc.dg/pch/struct-1.c -Os (test for excess errors)
XPASS: gcc.dg/tree-ssa/20040204-1.c scan-tree-dump-times link_error 0
FAIL: gcc.dg/tree-ssa/ifc-20040816-2.c (test for excess errors)
FAIL: gcc.dg/tree-ssa/ifc-20040816-2.c scan-tree-dump-times Applying if-conversion 1
FAIL: gcc.dg/tree-ssa/loop-2.c (test for excess errors)
ERROR: gcc.dg/tree-ssa/loop-2.c: error executing dg-final: no files matched glob pattern "loop-2.c.t[0-9][0-9].vars"
UNRESOLVED: gcc.dg/tree-ssa/loop-2.c: error executing dg-final: no files matched glob pattern "loop-2.c.t[0-9][0-9].vars"
FAIL: gcc.dg/tree-ssa/loop-4.c (test for excess errors)
ERROR: gcc.dg/tree-ssa/loop-4.c: error executing dg-final: no files matched glob pattern "loop-4.c.t[0-9][0-9].vars"
UNRESOLVED: gcc.dg/tree-ssa/loop-4.c: error executing dg-final: no files matched glob pattern "loop-4.c.t[0-9][0-9].vars"
FAIL: gcc.dg/tree-ssa/ltrans-1.c (test for excess errors)
ERROR: gcc.dg/tree-ssa/ltrans-1.c: error executing dg-final: no files matched glob pattern "ltrans-1.c.t[0-9][0-9].ltrans"
UNRESOLVED: gcc.dg/tree-ssa/ltrans-1.c: error executing dg-final: no files matched glob pattern "ltrans-1.c.t[0-9][0-9].ltrans"
FAIL: gcc.dg/tree-ssa/ltrans-2.c (test for excess errors)
FAIL: gcc.dg/tree-ssa/ltrans-3.c (test for excess errors)
ERROR: gcc.dg/tree-ssa/ltrans-3.c: error executing dg-final: no files matched glob pattern "ltrans-3.c.t[0-9][0-9].ltrans"
UNRESOLVED: gcc.dg/tree-ssa/ltrans-3.c: error executing dg-final: no files matched glob pattern "ltrans-3.c.t[0-9][0-9].ltrans"
FAIL: gcc.dg/tree-ssa/ltrans-4.c (test for excess errors)
ERROR: gcc.dg/tree-ssa/ltrans-4.c: error executing dg-final: no files matched glob pattern "ltrans-4.c.t[0-9][0-9].ltrans"
UNRESOLVED: gcc.dg/tree-ssa/ltrans-4.c: error executing dg-final: no files matched glob pattern "ltrans-4.c.t[0-9][0-9].ltrans"
=== gcc Summary ===
# of expected passes 33333
# of unexpected failures 272
# of unexpected successes 1
# of expected failures 74
# of unresolved testcases 111
# of untested testcases 28
# of unsupported tests 1223
/home/mstein/sim/h8300-elf/build/gcc/xgcc version 4.0.4 20060511 (prerelease)
Compiler version: 4.0.4 20060511 (prerelease) gcc
Platform: h8300-unknown-elf
configure flags: --target=h8300-elf --prefix=/n/07/mstein/cross-local --disable-nls --disable-build-warnings --with-ld=/n/07/mstein/cross-local/bin/h8300-elf-ld --with-as=/n/07/mstein/cross-local/bin/h8300-elf-as --enable-languages=c
More information about the Gcc-testresults
mailing list